INSERT INTO `cache_views` (`cid`, `data`, `expire`, `created`, `serialized`) VALUES
('views_data:field_data_field_image:en', 0x[encoded data, 21480 characters], 0, 1574941996, 1),
('views_data:field_data_field_locality:en', 0x[encoded data, 6360 characters], 0, 1575594957, 1),
('views_data:field_data_field_photo:en', 0x[encoded data, 21276 characters], 0, 1574942000, 1);
INSERT INTO `cache_views` (`cid`, `data`, `expire`, `created`, `serialized`) VALUES
('views_data:field_data_field_prop_name:en', 0x[encoded data, 9146 characters], 0, 1579685235, 1),
('views_data:field_data_field_service_image:en', 0x[encoded data, 18212 characters], 0, 1574941997, 1),
('views_data:field_data_field_summary:en', 0x[encoded data, 5924 characters], 0, 1574942724, 1),
('views_data:field_data_field_testimonial_summary:en', 0x[encoded data, 7010 characters], 0, 1574942585, 1),
('views_data:field_data_field_zone:en', 0x[encoded data, 6064 characters], 0, 1574942847, 1);
INSERT INTO `cache_views` (`cid`, `data`, `expire`, `created`, `serialized`) VALUES
('views_data:field_data_meta_description:en', 0x[encoded data, 8836 characters], 0, 1574942989, 1),
('views_data:node:en', 0x[encoded data, 35100 characters], 0, 1574941995, 1);
INSERT INTO `cache_views` (`cid`, `data`, `expire`, `created`, `serialized`) VALUES
('views_data:node_revision:en', 0x[encoded data, 9228 characters], 0, 1574942134, 1),
('views_data:users:en', 0x[encoded data, 21648 characters], 0, 1579685244, 1),
('views_data:views:en', 0x[encoded data, 7066 characters], 0, 1574941997, 1),
('views_data:views_entity_node:en', 0x613a353a7b733a31353a2272656e64657265645f656e74697479223b613a333a7b733a353a227469746c65223b733a31363a2252656e646572656420436f6e74656e74223b733a343a2268656c70223b733a36373a2254686520436f6e74656e74206f66207468652063757272656e742072656c6174696f6e736869702072656e6465726564207573696e6720612076696577206d6f64652e223b733a353a226669656c64223b613a333a7b733a373a2268616e646c6572223b733a33333a22656e746974795f76696577735f68616e646c65725f6669656c645f656e74697479223b733a343a2274797065223b733a343a226e6f6465223b733a31303a227265616c206669656c64223b733a31333a22656e74697479206f626a656374223b7d7d733a353a227461626c65223b613a333a7b733a353a2267726f7570223b733a373a22436f6e74656e74223b733a343a226a6f696e223b613a343a7b733a343a226e6f6465223b613a313a7b733a31303a226c6566745f7461626c65223b733a343a226e6f6465223b7d733a31333a226e6f64655f7265766973696f6e223b613a313a7b733a31303a226c6566745f7461626c65223b733a31333a226e6f64655f7265766973696f6e223b7d733a31313a22656e746974795f6e6f6465223b613a313a7b733a31303a226c6566745f7461626c65223b733a31313a22656e746974795f6e6f6465223b7d733a31373a2276696577735f656e746974795f6e6f6465223b613a313a7b733a31303a226c6566745f7461626c65223b733a31373a2276696577735f656e746974795f6e6f6465223b7d7d733a31313a22656e746974792074797065223b733a343a226e6f6465223b7d733a393a22766965775f6e6f6465223b613a313a7b733a353a226669656c64223b613a333a7b733a353a227469746c65223b733a343a224c696e6b223b733a343a2268656c70223b733a33373a2250726f7669646520612073696d706c65206c696e6b20746f2074686520636f6e74656e742e223b733a373a2268616e646c6572223b733a32393a2276696577735f68616e646c65725f6669656c645f6e6f64655f6c696e6b223b7d7d733a393a22656469745f6e6f6465223b613a313a7b733a353a226669656c64223b613a333a7b733a353a227469746c65223b733a393a2245646974206c696e6b223b733a343a2268656c70223b733a34323a2250726f7669646520612073696d706c65206c696e6b20746f20656469742074686520636f6e74656e742e223b733a373a2268616e646c6572223b733a33343a2276696577735f68616e646c65725f6669656c645f6e6f64655f6c696e6b5f65646974223b7d7d733a31313a2264656c6574655f6e6f6465223b613a313a7b733a353a226669656c64223b613a333a7b733a353a227469746c65223b733a31313a2244656c657465206c696e6b223b733a343a2268656c70223b733a34343a2250726f7669646520612073696d706c65206c696e6b20746f2064656c6574652074686520636f6e74656e742e223b733a373a2268616e646c6572223b733a33363a2276696577735f68616e646c65725f6669656c645f6e6f64655f6c696e6b5f64656c657465223b7d7d7d, 0, 1574942461, 1);

-- --------------------------------------------------------

--
-- Table structure for table `cache_views_data`
--

CREATE TABLE `cache_views_data` (
  `cid` varchar(255) NOT NULL DEFAULT '' COMMENT 'Primary Key: Unique cache ID.',
  `data` longblob COMMENT 'A collection of data to cache.',
  `expire` int(11) NOT NULL DEFAULT '0' COMMENT 'A Unix timestamp indicating when the cache entry should expire, or 0 for never.',
  `created` int(11) NOT NULL DEFAULT '0' COMMENT 'A Unix timestamp indicating when the cache entry was created.',
  `serialized` smallint(6) NOT NULL DEFAULT '1' COMMENT 'A flag to indicate whether content is serialized (1) or not (0).'
) ENGINE=InnoDB DEFAULT CHARSET=utf8 COMMENT='Cache table for views to store pre-rendered queries,...';

-- --------------------------------------------------------

--
-- Table structure for table `captcha_points`
--

CREATE TABLE `captcha_points` (
  `form_id` varchar(128) NOT NULL DEFAULT '' COMMENT 'The form_id of the form to add a CAPTCHA to.',
  `module` varchar(64) DEFAULT NULL COMMENT 'The module that provides the challenge.',
  `captcha_type` varchar(64) DEFAULT NULL COMMENT 'The challenge type to use.'
) ENGINE=InnoDB DEFAULT CHARSET=utf8 COMMENT='This table describes which challenges should be added to...';

--
-- Dumping data for table `captcha_points`
--

INSERT INTO `captcha_points` (`form_id`, `module`, `captcha_type`) VALUES
('comment_node_article_form', NULL, NULL),
('comment_node_page_form', NULL, NULL),
('comment_node_press_release_form', NULL, NULL),
('comment_node_webform_form', NULL, NULL),
('contact_personal_form', NULL, NULL),
('contact_site_form', NULL, NULL),
('forum_node_form', NULL, NULL),
('user_login', NULL, NULL),
('user_login_block', NULL, NULL),
('user_pass', NULL, NULL),
('user_register_form', 'image_captcha', 'Image'),
('webform_client_form_12', 'image_captcha', 'Image'),
('webform_client_form_142', 'image_captcha', 'Image'),
('webform_client_form_143', 'image_captcha', 'Image');

-- --------------------------------------------------------

--
-- Table structure for table `ckeditor_input_format`
--

CREATE TABLE `ckeditor_input_format` (
  `name` varchar(128) NOT NULL DEFAULT '' COMMENT 'Name of the CKEditor role',
  `format` varchar(128) NOT NULL DEFAULT '' COMMENT 'Drupal filter format ID'
) ENGINE=InnoDB DEFAULT CHARSET=utf8 COMMENT='Stores CKEditor input format assignments';

--
-- Dumping data for table `ckeditor_input_format`
--

INSERT INTO `ckeditor_input_format` (`name`, `format`) VALUES
('Advanced', 'filtered_html'),
('Full', 'full_html');

-- --------------------------------------------------------

--
-- Table structure for table `ckeditor_settings`
--

CREATE TABLE `ckeditor_settings` (
  `name` varchar(128) NOT NULL DEFAULT '' COMMENT 'Name of the CKEditor profile',
  `settings` text COMMENT 'Profile settings'
) ENGINE=InnoDB DEFAULT CHARSET=utf8 COMMENT='Stores CKEditor profile settings';

--
-- Dumping data for table `ckeditor_settings`
--

INSERT INTO `ckeditor_settings` (`name`, `settings`) VALUES
('Advanced', 'a:27:{s:11:\"filebrowser\";s:4:\"none\";s:11:\"quickupload\";s:1:\"f\";s:2:\"ss\";s:1:\"2\";s:7:\"filters\";a:1:{s:11:\"filter_html\";i:1;}s:7:\"default\";s:1:\"t\";s:11:\"show_toggle\";s:1:\"t\";s:5:\"popup\";s:1:\"f\";s:4:\"skin\";s:4:\"kama\";s:7:\"toolbar\";s:593:\"\n[\n    [\'Source\'],\n    [\'Cut\',\'Copy\',\'Paste\',\'PasteText\',\'PasteFromWord\',\'-\',\'SpellChecker\', \'Scayt\'],\n    [\'Undo\',\'Redo\',\'Find\',\'Replace\',\'-\',\'SelectAll\',\'RemoveFormat\'],\n    [\'Image\',\'Media\',\'Flash\',\'Table\',\'HorizontalRule\',\'Smiley\',\'SpecialChar\'],\n    [\'Maximize\', \'ShowBlocks\'],\n    \'/\',\n    [\'Format\'],\n    [\'Bold\',\'Italic\',\'Underline\',\'Strike\',\'-\',\'Subscript\',\'Superscript\'],\n    [\'NumberedList\',\'BulletedList\',\'-\',\'Outdent\',\'Indent\',\'Blockquote\'],\n    [\'JustifyLeft\',\'JustifyCenter\',\'JustifyRight\',\'JustifyBlock\',\'-\',\'BidiLtr\',\'BidiRtl\'],\n    [\'Link\',\'Unlink\',\'Anchor\', \'Linkit\']\n]\n    \";s:6:\"expand\";s:1:\"t\";s:5:\"width\";s:4:\"100%\";s:4:\"lang\";s:2:\"en\";s:9:\"auto_lang\";s:1:\"t\";s:18:\"language_direction\";s:7:\"default\";s:10:\"enter_mode\";s:1:\"p\";s:16:\"shift_enter_mode\";s:2:\"br\";s:11:\"font_format\";s:35:\"p;div;pre;address;h1;h2;h3;h4;h5;h6\";s:13:\"format_source\";s:1:\"t\";s:13:\"format_output\";s:1:\"t\";s:17:\"custom_formatting\";s:1:\"f\";s:10:\"formatting\";a:1:{s:25:\"custom_formatting_options\";a:4:{s:6:\"indent\";s:6:\"indent\";s:15:\"breakBeforeOpen\";s:15:\"breakBeforeOpen\";s:14:\"breakAfterOpen\";s:14:\"breakAfterOpen\";s:15:\"breakAfterClose\";s:15:\"breakAfterClose\";}}s:8:\"css_mode\";s:4:\"none\";s:8:\"css_path\";s:0:\"\";s:11:\"user_choose\";s:1:\"f\";s:20:\"ckeditor_load_method\";s:11:\"ckeditor.js\";s:22:\"ckeditor_load_time_out\";i:0;s:17:\"scayt_autoStartup\";s:1:\"f\";}'),
('CKEditor Global Profile', 'a:1:{s:13:\"ckeditor_path\";s:11:\"%l/ckeditor\";}'),
('Full', 'a:36:{s:7:\"filters\";a:1:{s:11:\"filter_html\";i:0;}s:2:\"ss\";s:1:\"2\";s:7:\"default\";s:1:\"t\";s:11:\"show_toggle\";s:1:\"t\";s:4:\"skin\";s:4:\"kama\";s:7:\"uicolor\";s:7:\"default\";s:16:\"uicolor_textarea\";s:92:\"<p>\r\n	Click the <strong>UI Color Picker</strong> button to set your color preferences.</p>\r\n\";s:12:\"uicolor_user\";s:7:\"default\";s:7:\"toolbar\";s:701:\"[\r\n    [\'Source\'],\r\n    [\'Cut\',\'Copy\',\'Paste\',\'PasteText\',\'PasteFromWord\',\'-\',\'SpellChecker\',\'Scayt\'],\r\n    [\'Undo\',\'Redo\',\'Find\',\'Replace\',\'-\',\'SelectAll\',\'RemoveFormat\'],\r\n    [\'Image\',\'Flash\',\'Table\',\'HorizontalRule\',\'Smiley\',\'SpecialChar\',\'Iframe\'],\r\n    \'/\',\r\n    [\'Bold\',\'Italic\',\'Underline\',\'Strike\',\'-\',\'Subscript\',\'Superscript\'],\r\n    [\'NumberedList\',\'BulletedList\',\'-\',\'Outdent\',\'Indent\',\'Blockquote\',\'CreateDiv\'],\r\n    [\'JustifyLeft\',\'JustifyCenter\',\'JustifyRight\',\'JustifyBlock\',\'-\',\'BidiRtl\',\'BidiLtr\'],\r\n    [\'Link\',\'Unlink\',\'Anchor\'],\r\n    \'/\',\r\n    [\'Format\',\'Font\',\'FontSize\'],\r\n    [\'TextColor\',\'BGColor\'],\r\n    [\'Maximize\',\'ShowBlocks\'],\r\n    [\'DrupalBreak\',\'MediaEmbed\',\'Media\']\r\n]\";s:6:\"expand\";s:1:\"t\";s:5:\"width\";s:4:\"100%\";s:4:\"lang\";s:2:\"en\";s:9:\"auto_lang\";s:1:\"t\";s:18:\"language_direction\";s:7:\"default\";s:10:\"enter_mode\";s:1:\"p\";s:16:\"shift_enter_mode\";s:2:\"br\";s:11:\"font_format\";s:35:\"p;div;pre;address;h1;h2;h3;h4;h5;h6\";s:17:\"custom_formatting\";s:1:\"f\";s:10:\"formatting\";a:1:{s:25:\"custom_formatting_options\";a:6:{s:6:\"indent\";s:6:\"indent\";s:15:\"breakBeforeOpen\";s:15:\"breakBeforeOpen\";s:14:\"breakAfterOpen\";s:14:\"breakAfterOpen\";s:15:\"breakAfterClose\";s:15:\"breakAfterClose\";s:16:\"breakBeforeClose\";i:0;s:10:\"pre_indent\";i:0;}}s:8:\"css_mode\";s:4:\"none\";s:8:\"css_path\";s:0:\"\";s:9:\"css_style\";s:5:\"theme\";s:11:\"styles_path\";s:0:\"\";s:11:\"filebrowser\";s:4:\"imce\";s:17:\"filebrowser_image\";s:4:\"imce\";s:17:\"filebrowser_flash\";s:4:\"imce\";s:13:\"UserFilesPath\";s:5:\"%b%f/\";s:21:\"UserFilesAbsolutePath\";s:7:\"%d%b%f/\";s:20:\"ckeditor_load_method\";s:11:\"ckeditor.js\";s:22:\"ckeditor_load_time_out\";s:1:\"0\";s:21:\"forcePasteAsPlainText\";s:1:\"f\";s:13:\"html_entities\";s:1:\"t\";s:17:\"scayt_autoStartup\";s:1:\"f\";s:15:\"theme_config_js\";s:1:\"f\";s:7:\"js_conf\";s:0:\"\";s:11:\"loadPlugins\";a:5:{s:12:\"drupalbreaks\";a:5:{s:4:\"name\";s:12:\"drupalbreaks\";s:4:\"desc\";s:51:\"Plugin for inserting Drupal teaser and page breaks.\";s:4:\"path\";s:25:\"%plugin_dir%drupalbreaks/\";s:7:\"buttons\";a:1:{s:11:\"DrupalBreak\";a:2:{s:5:\"label\";s:11:\"DrupalBreak\";s:4:\"icon\";s:22:\"images/drupalbreak.png\";}}s:7:\"default\";s:1:\"t\";}s:4:\"imce\";a:5:{s:4:\"name\";s:4:\"imce\";s:4:\"desc\";s:57:\"Plugin for inserting files from imce without image dialog\";s:4:\"path\";s:17:\"%plugin_dir%imce/\";s:7:\"buttons\";a:1:{s:4:\"IMCE\";a:2:{s:5:\"label\";s:4:\"IMCE\";s:4:\"icon\";s:15:\"images/icon.png\";}}s:7:\"default\";s:1:\"f\";}s:5:\"media\";a:5:{s:4:\"name\";s:5:\"media\";s:4:\"desc\";s:52:\"Plugin for inserting images from Drupal media module\";s:4:\"path\";s:18:\"%plugin_dir%media/\";s:7:\"buttons\";a:1:{s:5:\"Media\";a:2:{s:5:\"label\";s:5:\"Media\";s:4:\"icon\";s:15:\"images/icon.gif\";}}s:7:\"default\";s:1:\"f\";}s:10:\"mediaembed\";a:5:{s:4:\"name\";s:10:\"mediaembed\";s:4:\"desc\";s:41:\"Plugin for inserting Drupal embeded media\";s:4:\"path\";s:23:\"%plugin_dir%mediaembed/\";s:7:\"buttons\";a:1:{s:10:\"MediaEmbed\";a:2:{s:5:\"label\";s:10:\"MediaEmbed\";s:4:\"icon\";s:15:\"images/icon.png\";}}s:7:\"default\";s:1:\"f\";}s:11:\"tableresize\";a:5:{s:4:\"name\";s:11:\"tableresize\";s:4:\"desc\";s:19:\"Table Resize plugin\";s:4:\"path\";s:33:\"%editor_path%plugins/tableresize/\";s:7:\"buttons\";b:0;s:7:\"default\";s:1:\"t\";}}}');

-- --------------------------------------------------------

--
-- Table structure for table `comment`
--

CREATE TABLE `comment` (
  `cid` int(11) NOT NULL COMMENT 'Primary Key: Unique comment ID.',
  `pid` int(11) NOT NULL DEFAULT '0' COMMENT 'The comment.cid to which this comment is a reply. If set to 0, this comment is not a reply to an existing comment.',
  `nid` int(11) NOT NULL DEFAULT '0' COMMENT 'The node.nid to which this comment is a reply.',
  `uid` int(11) NOT NULL DEFAULT '0' COMMENT 'The users.uid who authored the comment. If set to 0, this comment was created by an anonymous user.',
  `subject` varchar(64) NOT NULL DEFAULT '' COMMENT 'The comment title.',
  `hostname` varchar(128) NOT NULL DEFAULT '' COMMENT 'The author’s host name.',
  `created` int(11) NOT NULL DEFAULT '0' COMMENT 'The time that the comment was created, as a Unix timestamp.',
  `changed` int(11) NOT NULL DEFAULT '0' COMMENT 'The time that the comment was last edited, as a Unix timestamp.',
  `status` tinyint(3) UNSIGNED NOT NULL DEFAULT '1' COMMENT 'The published status of a comment. (0 = Not Published, 1 = Published)',
  `thread` varchar(255) NOT NULL COMMENT 'The vancode representation of the comment’s place in a thread.',
  `name` varchar(60) DEFAULT NULL COMMENT 'The comment author’s name. Uses users.name if the user is logged in, otherwise uses the value typed into the comment form.',
  `mail` varchar(64) DEFAULT NULL COMMENT 'The comment author’s e-mail address from the comment form, if user is anonymous, and the ’Anonymous users may/must leave their contact information’ setting is turned on.',
  `homepage` varchar(255) DEFAULT NULL COMMENT 'The comment author’s home page address from the comment form, if user is anonymous, and the ’Anonymous users may/must leave their contact information’ setting is turned on.',
  `language` varchar(12) NOT NULL DEFAULT '' COMMENT 'The languages.language of this comment.',
  `uuid` char(36) NOT NULL DEFAULT '' COMMENT 'The Universally Unique Identifier.'
) ENGINE=InnoDB DEFAULT CHARSET=utf8 COMMENT='Stores comments and associated data.';

--
-- Dumping data for table `comment`
--

INSERT INTO `comment` (`cid`, `pid`, `nid`, `uid`, `subject`, `hostname`, `created`, `changed`, `status`, `thread`, `name`, `mail`, `homepage`, `language`, `uuid`) VALUES
(3, 0, 762, 1, 'Very Nice!!!', '14.141.85.130', 1455861215, 1455861214, 1, '01/', 'admin', '', '', 'und', 'b191978a-80cc-4909-8fcf-b39d5323f644');

-- --------------------------------------------------------

--
-- Table structure for table `conditional_fields`
--

CREATE TABLE `conditional_fields` (
  `id` int(11) NOT NULL COMMENT 'The primary identifier for a dependency.',
  `dependee` int(11) NOT NULL COMMENT 'The id of the dependee field instance.',
  `dependent` int(11) NOT NULL COMMENT 'The id of the dependent field instance.',
  `options` longblob NOT NULL COMMENT 'Serialized data containing the options for the dependency.'
) ENGINE=InnoDB DEFAULT CHARSET=utf8 COMMENT='Stores dependencies between fields.';

--
-- Dumping data for table `conditional_fields`
--

INSERT INTO `conditional_fields` (`id`, `dependee`, `dependent`, `options`) VALUES
(28, 77, 72, 0x613a31343a7b733a353a227374617465223b733a373a2276697369626c65223b733a393a22636f6e646974696f6e223b733a353a2276616c7565223b733a363a22656666656374223b733a343a2273686f77223b733a31343a226566666563745f6f7074696f6e73223b613a303a7b7d733a31323a22656c656d656e745f76696577223b613a353a7b693a313b733a313a2231223b693a323b733a313a2232223b693a353b693a303b693a333b693a303b693a343b693a303b7d733a32313a22656c656d656e745f766965775f7065725f726f6c65223b693a303b733a31383a22656c656d656e745f766965775f726f6c6573223b613a363a7b693a313b613a353a7b693a313b733a313a2231223b693a323b733a313a2232223b693a353b693a303b693a333b693a303b693a343b693a303b7d693a323b613a353a7b693a313b733a313a2231223b693a323b733a313a2232223b693a353b693a303b693a333b693a303b693a343b693a303b7d693a333b613a353a7b693a313b733a313a2231223b693a323b733a313a2232223b693a353b693a303b693a333b693a303b693a343b693a303b7d693a343b613a353a7b693a313b733a313a2231223b693a323b733a313a2232223b693a353b693a303b693a333b693a303b693a343b693a303b7d693a32313b613a353a7b693a313b733a313a2231223b693a323b733a313a2232223b693a353b693a303b693a333b693a303b693a343b693a303b7d693a32323b613a353a7b693a313b733a313a2231223b693a323b733a313a2232223b693a353b693a303b693a333b693a303b693a343b693a303b7d7d733a31323a22656c656d656e745f65646974223b613a333a7b693a313b733a313a2231223b693a333b693a303b693a323b693a303b7d733a32313a22656c656d656e745f656469745f7065725f726f6c65223b693a303b733a31383a22656c656d656e745f656469745f726f6c6573223b613a363a7b693a313b613a333a7b693a313b733a313a2231223b693a333b693a303b693a323b693a303b7d693a323b613a333a7b693a313b733a313a2231223b693a333b693a303b693a323b693a303b7d693a333b613a333a7b693a313b733a313a2231223b693a333b693a303b693a323b693a303b7d693a343b613a333a7b693a313b733a313a2231223b693a333b693a303b693a323b693a303b7d693a32313b613a333a7b693a313b733a313a2231223b693a333b693a303b693a323b693a303b7d693a32323b613a333a7b693a313b733a313a2231223b693a333b693a303b693a323b693a303b7d7d733a383a2273656c6563746f72223b733a303a22223b733a31303a2276616c7565735f736574223b733a313a2233223b733a31303a2276616c75655f666f726d223b733a353a225f6e6f6e65223b733a363a2276616c756573223b613a333a7b693a303b733a32313a22506c756720416e6420506c6179204f666669636573223b693a313b733a31303a225761726d205368656c6c223b693a323b733a31303a2242617265205368656c6c223b7d7d),
(29, 77, 32, 0x613a31343a7b733a353a227374617465223b733a373a2276697369626c65223b733a393a22636f6e646974696f6e223b733a353a2276616c7565223b733a363a22656666656374223b733a343a2273686f77223b733a31343a226566666563745f6f7074696f6e73223b613a303a7b7d733a31323a22656c656d656e745f76696577223b613a353a7b693a313b733a313a2231223b693a323b733a313a2232223b693a353b693a303b693a333b693a303b693a343b693a303b7d733a32313a22656c656d656e745f766965775f7065725f726f6c65223b693a303b733a31383a22656c656d656e745f766965775f726f6c6573223b613a363a7b693a313b613a353a7b693a313b733a313a2231223b693a323b733a313a2232223b693a353b693a303b693a333b693a303b693a343b693a303b7d693a323b613a353a7b693a313b733a313a2231223b693a323b733a313a2232223b693a353b693a303b693a333b693a303b693a343b693a303b7d693a333b613a353a7b693a313b733a313a2231223b693a323b733a313a2232223b693a353b693a303b693a333b693a303b693a343b693a303b7d693a343b613a353a7b693a313b733a313a2231223b693a323b733a313a2232223b693a353b693a303b693a333b693a303b693a343b693a303b7d693a32313b613a353a7b693a313b733a313a2231223b693a323b733a313a2232223b693a353b693a303b693a333b693a303b693a343b693a303b7d693a32323b613a353a7b693a313b733a313a2231223b693a323b733a313a2232223b693a353b693a303b693a333b693a303b693a343b693a303b7d7d733a31323a22656c656d656e745f65646974223b613a333a7b693a313b733a313a2231223b693a333b693a303b693a323b693a303b7d733a32313a22656c656d656e745f656469745f7065725f726f6c65223b693a303b733a31383a22656c656d656e745f656469745f726f6c6573223b613a363a7b693a313b613a333a7b693a313b733a313a2231223b693a333b693a303b693a323b693a303b7d693a323b613a333a7b693a313b733a313a2231223b693a333b693a303b693a323b693a303b7d693a333b613a333a7b693a313b733a313a2231223b693a333b693a303b693a323b693a303b7d693a343b613a333a7b693a313b733a313a2231223b693a333b693a303b693a323b693a303b7d693a32313b613a333a7b693a313b733a313a2231223b693a333b693a303b693a323b693a303b7d693a32323b613a333a7b693a313b733a313a2231223b693a333b693a303b693a323b693a303b7d7d733a383a2273656c6563746f72223b733a303a22223b733a31303a2276616c7565735f736574223b733a313a2233223b733a31303a2276616c75655f666f726d223b733a353a225f6e6f6e65223b733a363a2276616c756573223b613a333a7b693a303b733a32313a22506c756720416e6420506c6179204f666669636573223b693a313b733a31303a225761726d205368656c6c223b693a323b733a31303a2242617265205368656c6c223b7d7d),
(30, 77, 33, 0x613a31343a7b733a353a227374617465223b733a373a2276697369626c65223b733a393a22636f6e646974696f6e223b733a353a2276616c7565223b733a363a22656666656374223b733a343a2273686f77223b733a31343a226566666563745f6f7074696f6e73223b613a303a7b7d733a31323a22656c656d656e745f76696577223b613a353a7b693a313b733a313a2231223b693a323b733a313a2232223b693a353b693a303b693a333b693a303b693a343b693a303b7d733a32313a22656c656d656e745f766965775f7065725f726f6c65223b693a303b733a31383a22656c656d656e745f766965775f726f6c6573223b613a363a7b693a313b613a353a7b693a313b733a313a2231223b693a323b733a313a2232223b693a353b693a303b693a333b693a303b693a343b693a303b7d693a323b613a353a7b693a313b733a313a2231223b693a323b733a313a2232223b693a353b693a303b693a333b693a303b693a343b693a303b7d693a333b613a353a7b693a313b733a313a2231223b693a323b733a313a2232223b693a353b693a303b693a333b693a303b693a343b693a303b7d693a343b613a353a7b693a313b733a313a2231223b693a323b733a313a2232223b693a353b693a303b693a333b693a303b693a343b693a303b7d693a32313b613a353a7b693a313b733a313a2231223b693a323b733a313a2232223b693a353b693a303b693a333b693a303b693a343b693a303b7d693a32323b613a353a7b693a313b733a313a2231223b693a323b733a313a2232223b693a353b693a303b693a333b693a303b693a343b693a303b7d7d733a31323a22656c656d656e745f65646974223b613a333a7b693a313b733a313a2231223b693a333b693a303b693a323b693a303b7d733a32313a22656c656d656e745f656469745f7065725f726f6c65223b693a303b733a31383a22656c656d656e745f656469745f726f6c6573223b613a363a7b693a313b613a333a7b693a313b733a313a2231223b693a333b693a303b693a323b693a303b7d693a323b613a333a7b693a313b733a313a2231223b693a333b693a303b693a323b693a303b7d693a333b613a333a7b693a313b733a313a2231223b693a333b693a303b693a323b693a303b7d693a343b613a333a7b693a313b733a313a2231223b693a333b693a303b693a323b693a303b7d693a32313b613a333a7b693a313b733a313a2231223b693a333b693a303b693a323b693a303b7d693a32323b613a333a7b693a313b733a313a2231223b693a333b693a303b693a323b693a303b7d7d733a383a2273656c6563746f72223b733a303a22223b733a31303a2276616c7565735f736574223b733a313a2233223b733a31303a2276616c75655f666f726d223b733a353a225f6e6f6e65223b733a363a2276616c756573223b613a313a7b693a303b733a32313a22506c756720416e6420506c6179204f666669636573223b7d7d),
(31, 77, 34, 0x613a31343a7b733a353a227374617465223b733a373a2276697369626c65223b733a393a22636f6e646974696f6e223b733a353a2276616c7565223b733a363a22656666656374223b733a343a2273686f77223b733a31343a226566666563745f6f7074696f6e73223b613a303a7b7d733a31323a22656c656d656e745f76696577223b613a353a7b693a313b733a313a2231223b693a323b733a313a2232223b693a353b693a303b693a333b693a303b693a343b693a303b7d733a32313a22656c656d656e745f766965775f7065725f726f6c65223b693a303b733a31383a22656c656d656e745f766965775f726f6c6573223b613a363a7b693a313b613a353a7b693a313b733a313a2231223b693a323b733a313a2232223b693a353b693a303b693a333b693a303b693a343b693a303b7d693a323b613a353a7b693a313b733a313a2231223b693a323b733a313a2232223b693a353b693a303b693a333b693a303b693a343b693a303b7d693a333b613a353a7b693a313b733a313a2231223b693a323b733a313a2232223b693a353b693a303b693a333b693a303b693a343b693a303b7d693a343b613a353a7b693a313b733a313a2231223b693a323b733a313a2232223b693a353b693a303b693a333b693a303b693a343b693a303b7d693a32313b613a353a7b693a313b733a313a2231223b693a323b733a313a2232223b693a353b693a303b693a333b693a303b693a343b693a303b7d693a32323b613a353a7b693a313b733a313a2231223b693a323b733a313a2232223b693a353b693a303b693a333b693a303b693a343b693a303b7d7d733a31323a22656c656d656e745f65646974223b613a333a7b693a313b733a313a2231223b693a333b693a303b693a323b693a303b7d733a32313a22656c656d656e745f656469745f7065725f726f6c65223b693a303b733a31383a22656c656d656e745f656469745f726f6c6573223b613a363a7b693a313b613a333a7b693a313b733a313a2231223b693a333b693a303b693a323b693a303b7d693a323b613a333a7b693a313b733a313a2231223b693a333b693a303b693a323b693a303b7d693a333b613a333a7b693a313b733a313a2231223b693a333b693a303b693a323b693a303b7d693a343b613a333a7b693a313b733a313a2231223b693a333b693a303b693a323b693a303b7d693a32313b613a333a7b693a313b733a313a2231223b693a333b693a303b693a323b693a303b7d693a32323b613a333a7b693a313b733a313a2231223b693a333b693a303b693a323b693a303b7d7d733a383a2273656c6563746f72223b733a303a22223b733a31303a2276616c7565735f736574223b733a313a2233223b733a31303a2276616c75655f666f726d223b733a353a225f6e6f6e65223b733a363a2276616c756573223b613a313a7b693a303b733a32313a22506c756720416e6420506c6179204f666669636573223b7d7d),
(32, 77, 35, 0x613a31343a7b733a353a227374617465223b733a373a2276697369626c65223b733a393a22636f6e646974696f6e223b733a353a2276616c7565223b733a363a22656666656374223b733a343a2273686f77223b733a31343a226566666563745f6f7074696f6e73223b613a303a7b7d733a31323a22656c656d656e745f76696577223b613a353a7b693a313b733a313a2231223b693a323b733a313a2232223b693a353b693a303b693a333b693a303b693a343b693a303b7d733a32313a22656c656d656e745f766965775f7065725f726f6c65223b693a303b733a31383a22656c656d656e745f766965775f726f6c6573223b613a363a7b693a313b613a353a7b693a313b733a313a2231223b693a323b733a313a2232223b693a353b693a303b693a333b693a303b693a343b693a303b7d693a323b613a353a7b693a313b733a313a2231223b693a323b733a313a2232223b693a353b693a303b693a333b693a303b693a343b693a303b7d693a333b613a353a7b693a313b733a313a2231223b693a323b733a313a2232223b693a353b693a303b693a333b693a303b693a343b693a303b7d693a343b613a353a7b693a313b733a313a2231223b693a323b733a313a2232223b693a353b693a303b693a333b693a303b693a343b693a303b7d693a32313b613a353a7b693a313b733a313a2231223b693a323b733a313a2232223b693a353b693a303b693a333b693a303b693a343b693a303b7d693a32323b613a353a7b693a313b733a313a2231223b693a323b733a313a2232223b693a353b693a303b693a333b693a303b693a343b693a303b7d7d733a31323a22656c656d656e745f65646974223b613a333a7b693a313b733a313a2231223b693a333b693a303b693a323b693a303b7d733a32313a22656c656d656e745f656469745f7065725f726f6c65223b693a303b733a31383a22656c656d656e745f656469745f726f6c6573223b613a363a7b693a313b613a333a7b693a313b733a313a2231223b693a333b693a303b693a323b693a303b7d693a323b613a333a7b693a313b733a313a2231223b693a333b693a303b693a323b693a303b7d693a333b613a333a7b693a313b733a313a2231223b693a333b693a303b693a323b693a303b7d693a343b613a333a7b693a313b733a313a2231223b693a333b693a303b693a323b693a303b7d693a32313b613a333a7b693a313b733a313a2231223b693a333b693a303b693a323b693a303b7d693a32323b613a333a7b693a313b733a313a2231223b693a333b693a303b693a323b693a303b7d7d733a383a2273656c6563746f72223b733a303a22223b733a31303a2276616c7565735f736574223b733a313a2233223b733a31303a2276616c75655f666f726d223b733a353a225f6e6f6e65223b733a363a2276616c756573223b613a313a7b693a303b733a32313a22506c756720416e6420506c6179204f666669636573223b7d7d),
(33, 77, 36, 0x613a31343a7b733a353a227374617465223b733a373a2276697369626c65223b733a393a22636f6e646974696f6e223b733a353a2276616c7565223b733a363a22656666656374223b733a343a2273686f77223b733a31343a226566666563745f6f7074696f6e73223b613a303a7b7d733a31323a22656c656d656e745f76696577223b613a353a7b693a313b733a313a2231223b693a323b733a313a2232223b693a353b693a303b693a333b693a303b693a343b693a303b7d733a32313a22656c656d656e745f766965775f7065725f726f6c65223b693a303b733a31383a22656c656d656e745f766965775f726f6c6573223b613a363a7b693a313b613a353a7b693a313b733a313a2231223b693a323b733a313a2232223b693a353b693a303b693a333b693a303b693a343b693a303b7d693a323b613a353a7b693a313b733a313a2231223b693a323b733a313a2232223b693a353b693a303b693a333b693a303b693a343b693a303b7d693a333b613a353a7b693a313b733a313a2231223b693a323b733a313a2232223b693a353b693a303b693a333b693a303b693a343b693a303b7d693a343b613a353a7b693a313b733a313a2231223b693a323b733a313a2232223b693a353b693a303b693a333b693a303b693a343b693a303b7d693a32313b613a353a7b693a313b733a313a2231223b693a323b733a313a2232223b693a353b693a303b693a333b693a303b693a343b693a303b7d693a32323b613a353a7b693a313b733a313a2231223b693a323b733a313a2232223b693a353b693a303b693a333b693a303b693a343b693a303b7d7d733a31323a22656c656d656e745f65646974223b613a333a7b693a313b733a313a2231223b693a333b693a303b693a323b693a303b7d733a32313a22656c656d656e745f656469745f7065725f726f6c65223b693a303b733a31383a22656c656d656e745f656469745f726f6c6573223b613a363a7b693a313b613a333a7b693a313b733a313a2231223b693a333b693a303b693a323b693a303b7d693a323b613a333a7b693a313b733a313a2231223b693a333b693a303b693a323b693a303b7d693a333b613a333a7b693a313b733a313a2231223b693a333b693a303b693a323b693a303b7d693a343b613a333a7b693a313b733a313a2231223b693a333b693a303b693a323b693a303b7d693a32313b613a333a7b693a313b733a313a2231223b693a333b693a303b693a323b693a303b7d693a32323b613a333a7b693a313b733a313a2231223b693a333b693a303b693a323b693a303b7d7d733a383a2273656c6563746f72223b733a303a22223b733a31303a2276616c7565735f736574223b733a313a2233223b733a31303a2276616c75655f666f726d223b733a353a225f6e6f6e65223b733a363a2276616c756573223b613a313a7b693a303b733a32313a22506c756720416e6420506c6179204f666669636573223b7d7d),
(34, 77, 63, 0x613a31343a7b733a353a227374617465223b733a373a2276697369626c65223b733a393a22636f6e646974696f6e223b733a353a2276616c7565223b733a363a22656666656374223b733a343a2273686f77223b733a31343a226566666563745f6f7074696f6e73223b613a303a7b7d733a31323a22656c656d656e745f76696577223b613a353a7b693a313b733a313a2231223b693a323b733a313a2232223b693a353b693a303b693a333b693a303b693a343b693a303b7d733a32313a22656c656d656e745f766965775f7065725f726f6c65223b693a303b733a31383a22656c656d656e745f766965775f726f6c6573223b613a343a7b693a313b613a353a7b693a313b733a313a2231223b693a323b733a313a2232223b693a353b693a303b693a333b693a303b693a343b693a303b7d693a323b613a353a7b693a313b733a313a2231223b693a323b733a313a2232223b693a353b693a303b693a333b693a303b693a343b693a303b7d693a333b613a353a7b693a313b733a313a2231223b693a323b733a313a2232223b693a353b693a303b693a333b693a303b693a343b693a303b7d693a343b613a353a7b693a313b733a313a2231223b693a323b733a313a2232223b693a353b693a303b693a333b693a303b693a343b693a303b7d7d733a31323a22656c656d656e745f65646974223b613a333a7b693a313b733a313a2231223b693a333b693a303b693a323b693a303b7d733a32313a22656c656d656e745f656469745f7065725f726f6c65223b693a303b733a31383a22656c656d656e745f656469745f726f6c6573223b613a343a7b693a313b613a333a7b693a313b733a313a2231223b693a333b693a303b693a323b693a303b7d693a323b613a333a7b693a313b733a313a2231223b693a333b693a303b693a323b693a303b7d693a333b613a333a7b693a313b733a313a2231223b693a333b693a303b693a323b693a303b7d693a343b613a333a7b693a313b733a313a2231223b693a333b693a303b693a323b693a303b7d7d733a383a2273656c6563746f72223b733a303a22223b733a31303a2276616c7565735f736574223b733a313a2233223b733a31303a2276616c75655f666f726d223b733a353a225f6e6f6e65223b733a363a2276616c756573223b613a333a7b693a303b733a32313a22506c756720416e6420506c6179204f666669636573223b693a313b733a31303a225761726d205368656c6c223b693a323b733a31303a2242617265205368656c6c223b7d7d),
(38, 77, 41, 0x613a31343a7b733a353a227374617465223b733a373a2276697369626c65223b733a393a22636f6e646974696f6e223b733a353a2276616c7565223b733a363a22656666656374223b733a343a2273686f77223b733a31343a226566666563745f6f7074696f6e73223b613a303a7b7d733a31323a22656c656d656e745f76696577223b613a353a7b693a313b733a313a2231223b693a323b733a313a2232223b693a353b693a303b693a333b693a303b693a343b693a303b7d733a32313a22656c656d656e745f766965775f7065725f726f6c65223b693a303b733a31383a22656c656d656e745f766965775f726f6c6573223b613a363a7b693a313b613a353a7b693a313b733a313a2231223b693a323b733a313a2232223b693a353b693a303b693a333b693a303b693a343b693a303b7d693a323b613a353a7b693a313b733a313a2231223b693a323b733a313a2232223b693a353b693a303b693a333b693a303b693a343b693a303b7d693a333b613a353a7b693a313b733a313a2231223b693a323b733a313a2232223b693a353b693a303b693a333b693a303b693a343b693a303b7d693a343b613a353a7b693a313b733a313a2231223b693a323b733a313a2232223b693a353b693a303b693a333b693a303b693a343b693a303b7d693a32313b613a353a7b693a313b733a313a2231223b693a323b733a313a2232223b693a353b693a303b693a333b693a303b693a343b693a303b7d693a32323b613a353a7b693a313b733a313a2231223b693a323b733a313a2232223b693a353b693a303b693a333b693a303b693a343b693a303b7d7d733a31323a22656c656d656e745f65646974223b613a333a7b693a313b733a313a2231223b693a333b693a303b693a323b693a303b7d733a32313a22656c656d656e745f656469745f7065725f726f6c65223b693a303b733a31383a22656c656d656e745f656469745f726f6c6573223b613a363a7b693a313b613a333a7b693a313b733a313a2231223b693a333b693a303b693a323b693a303b7d693a323b613a333a7b693a313b733a313a2231223b693a333b693a303b693a323b693a303b7d693a333b613a333a7b693a313b733a313a2231223b693a333b693a303b693a323b693a303b7d693a343b613a333a7b693a313b733a313a2231223b693a333b693a303b693a323b693a303b7d693a32313b613a333a7b693a313b733a313a2231223b693a333b693a303b693a323b693a303b7d693a32323b613a333a7b693a313b733a313a2231223b693a333b693a303b693a323b693a303b7d7d733a383a2273656c6563746f72223b733a303a22223b733a31303a2276616c7565735f736574223b733a313a2233223b733a31303a2276616c75655f666f726d223b733a353a225f6e6f6e65223b733a363a2276616c756573223b613a333a7b693a303b733a32313a22506c756720416e6420506c6179204f666669636573223b693a313b733a31303a225761726d205368656c6c223b693a323b733a31303a2242617265205368656c6c223b7d7d),
(40, 77, 80, 0x613a31343a7b733a353a227374617465223b733a373a2276697369626c65223b733a393a22636f6e646974696f6e223b733a353a2276616c7565223b733a363a22656666656374223b733a343a2273686f77223b733a31343a226566666563745f6f7074696f6e73223b613a303a7b7d733a31323a22656c656d656e745f76696577223b613a353a7b693a313b733a313a2231223b693a323b733a313a2232223b693a353b693a303b693a333b693a303b693a343b693a303b7d733a32313a22656c656d656e745f766965775f7065725f726f6c65223b693a303b733a31383a22656c656d656e745f766965775f726f6c6573223b613a343a7b693a313b613a353a7b693a313b733a313a2231223b693a323b733a313a2232223b693a353b693a303b693a333b693a303b693a343b693a303b7d693a323b613a353a7b693a313b733a313a2231223b693a323b733a313a2232223b693a353b693a303b693a333b693a303b693a343b693a303b7d693a343b613a353a7b693a313b733a313a2231223b693a323b733a313a2232223b693a353b693a303b693a333b693a303b693a343b693a303b7d693a333b613a353a7b693a313b733a313a2231223b693a323b733a313a2232223b693a353b693a303b693a333b693a303b693a343b693a303b7d7d733a31323a22656c656d656e745f65646974223b613a333a7b693a313b733a313a2231223b693a333b693a303b693a323b693a303b7d733a32313a22656c656d656e745f656469745f7065725f726f6c65223b693a303b733a31383a22656c656d656e745f656469745f726f6c6573223b613a343a7b693a313b613a333a7b693a313b733a313a2231223b693a333b693a303b693a323b693a303b7d693a323b613a333a7b693a313b733a313a2231223b693a333b693a303b693a323b693a303b7d693a343b613a333a7b693a313b733a313a2231223b693a333b693a303b693a323b693a303b7d693a333b613a333a7b693a313b733a313a2231223b693a333b693a303b693a323b693a303b7d7d733a383a2273656c6563746f72223b733a303a22223b733a31303a2276616c7565735f736574223b733a313a2233223b733a31303a2276616c75655f666f726d223b733a353a225f6e6f6e65223b733a363a2276616c756573223b613a313a7b693a303b733a32313a22506c756720416e6420506c6179204f666669636573223b7d7d);

-- --------------------------------------------------------

--
-- Table structure for table `ctools_css_cache`
--

CREATE TABLE `ctools_css_cache` (
  `cid` varchar(128) NOT NULL COMMENT 'The CSS ID this cache object belongs to.',
  `filename` varchar(255) DEFAULT NULL COMMENT 'The filename this CSS is stored in.',
  `css` longtext COMMENT 'CSS being stored.',
  `filter` tinyint(4) DEFAULT NULL COMMENT 'Whether or not this CSS needs to be filtered.'
) ENGINE=InnoDB DEFAULT CHARSET=utf8 COMMENT='A special cache used to store CSS that must be non-volatile.';

-- --------------------------------------------------------

--
-- Table structure for table `ctools_object_cache`
--

CREATE TABLE `ctools_object_cache` (
  `sid` varchar(64) NOT NULL COMMENT 'The session ID this cache object belongs to.',
  `name` varchar(128) NOT NULL COMMENT 'The name of the object this cache is attached to.',
  `obj` varchar(128) NOT NULL COMMENT 'The type of the object this cache is attached to; this essentially represents the owner so that several sub-systems can use this cache.',
  `updated` int(10) UNSIGNED NOT NULL DEFAULT '0' COMMENT 'The time this cache was created or updated.',
  `data` longblob COMMENT 'Serialized data being stored.'
) ENGINE=InnoDB DEFAULT CHARSET=utf8 COMMENT='A special cache used to store objects that are being...';

-- --------------------------------------------------------

--
-- Table structure for table `date_formats`
--

CREATE TABLE `date_formats` (
  `dfid` int(10) UNSIGNED NOT NULL COMMENT 'The date format identifier.',
  `format` varchar(100) CHARACTER SET utf8 COLLATE utf8_bin NOT NULL COMMENT 'The date format string.',
  `type` varchar(64) NOT NULL COMMENT 'The date format type, e.g. medium.',
  `locked` tinyint(4) NOT NULL DEFAULT '0' COMMENT 'Whether or not this format can be modified.'
) ENGINE=InnoDB DEFAULT CHARSET=utf8 COMMENT='Stores configured date formats.';

--
-- Dumping data for table `date_formats`
--

INSERT INTO `date_formats` (`dfid`, `format`, `type`, `locked`) VALUES
(1, 'Y-m-d H:i', 'short', 1),
(2, 'm/d/Y - H:i', 'short', 1),
(3, 'd/m/Y - H:i', 'short', 1),
(4, 'Y/m/d - H:i', 'short', 1),
(5, 'd.m.Y - H:i', 'short', 1),
(6, 'm/d/Y - g:ia', 'short', 1),
(7, 'd/m/Y - g:ia', 'short', 1),
(8, 'Y/m/d - g:ia', 'short', 1),
(9, 'M j Y - H:i', 'short', 1),
(10, 'j M Y - H:i', 'short', 1),
(11, 'Y M j - H:i', 'short', 1),
(12, 'M j Y - g:ia', 'short', 1),
(13, 'j M Y - g:ia', 'short', 1),
(14, 'Y M j - g:ia', 'short', 1),
(15, 'D, Y-m-d H:i', 'medium', 1),
(16, 'D, m/d/Y - H:i', 'medium', 1),
(17, 'D, d/m/Y - H:i', 'medium', 1),
(18, 'D, Y/m/d - H:i', 'medium', 1),
(19, 'F j, Y - H:i', 'medium', 1),
(20, 'j F, Y - H:i', 'medium', 1),
(21, 'Y, F j - H:i', 'medium', 1),
(22, 'D, m/d/Y - g:ia', 'medium', 1),
(23, 'D, d/m/Y - g:ia', 'medium', 1),
(24, 'D, Y/m/d - g:ia', 'medium', 1),
(25, 'F j, Y - g:ia', 'medium', 1),
(26, 'j F Y - g:ia', 'medium', 1),
(27, 'Y, F j - g:ia', 'medium', 1),
(28, 'j. F Y - G:i', 'medium', 1),
(29, 'l, F j, Y - H:i', 'long', 1),
(30, 'l, j F, Y - H:i', 'long', 1),
(31, 'l, Y,  F j - H:i', 'long', 1),
(32, 'l, F j, Y - g:ia', 'long', 1),
(33, 'l, j F Y - g:ia', 'long', 1),
(34, 'l, Y,  F j - g:ia', 'long', 1),
(35, 'l, j. F Y - G:i', 'long', 1),
(40, 'd-M-Y', 'custom', 0);

-- --------------------------------------------------------

--
-- Table structure for table `date_format_locale`
--

CREATE TABLE `date_format_locale` (
  `format` varchar(100) CHARACTER SET utf8 COLLATE utf8_bin NOT NULL COMMENT 'The date format string.',
  `type` varchar(64) NOT NULL COMMENT 'The date format type, e.g. medium.',
  `language` varchar(12) NOT NULL COMMENT 'A languages.language for this format to be used with.'
) ENGINE=InnoDB DEFAULT CHARSET=utf8 COMMENT='Stores configured date formats for each locale.';

-- --------------------------------------------------------

--
-- Table structure for table `date_format_type`
--

CREATE TABLE `date_format_type` (
  `type` varchar(64) NOT NULL COMMENT 'The date format type, e.g. medium.',
  `title` varchar(255) NOT NULL COMMENT 'The human readable name of the format type.',
  `locked` tinyint(4) NOT NULL DEFAULT '0' COMMENT 'Whether or not this is a system provided format.'
) ENGINE=InnoDB DEFAULT CHARSET=utf8 COMMENT='Stores configured date format types.';

--
-- Dumping data for table `date_format_type`
--

INSERT INTO `date_format_type` (`type`, `title`, `locked`) VALUES
('custom_date', 'Custom Date', 0),
('ddmmyyyy', 'DDMMYYYY', 0),
('long', 'Long', 1),
('medium', 'Medium', 1),
('short', 'Short', 1);

-- --------------------------------------------------------

--
-- Table structure for table `ddblock_block`
--

CREATE TABLE `ddblock_block` (
  `delta` int(10) UNSIGNED NOT NULL COMMENT 'Number of the block.',
  `title` varchar(64) NOT NULL DEFAULT '' COMMENT 'Title of the block.',
  `module` varchar(64) NOT NULL DEFAULT '' COMMENT 'The name of the module that provided the original block.',
  `delta_original` varchar(32) NOT NULL DEFAULT '0' COMMENT 'The delta of the original block.',
  `enabled` tinyint(3) UNSIGNED NOT NULL DEFAULT '0' COMMENT 'Support for dynamic display block enabled.'
) ENGINE=InnoDB DEFAULT CHARSET=utf8 COMMENT='The base tables for ddblocks.';

--
-- Dumping data for table `ddblock_block`
--

INSERT INTO `ddblock_block` (`delta`, `title`, `module`, `delta_original`, `enabled`) VALUES
(1, 'slideshow', 'ddblock', '0', 0);

-- --------------------------------------------------------

--
-- Table structure for table `disqus`
--

CREATE TABLE `disqus` (
  `did` int(11) NOT NULL,
  `nid` int(11) NOT NULL DEFAULT '0',
  `status` tinyint(3) UNSIGNED NOT NULL DEFAULT '0'
) ENGINE=InnoDB DEFAULT CHARSET=utf8;

-- --------------------------------------------------------

--
-- Table structure for table `field_config`
--

CREATE TABLE `field_config` (
  `id` int(11) NOT NULL COMMENT 'The primary identifier for a field',
  `field_name` varchar(32) NOT NULL COMMENT 'The name of this field. Non-deleted field names are unique, but multiple deleted fields can have the same name.',
  `type` varchar(128) NOT NULL COMMENT 'The type of this field.',
  `module` varchar(128) NOT NULL DEFAULT '' COMMENT 'The module that implements the field type.',
  `active` tinyint(4) NOT NULL DEFAULT '0' COMMENT 'Boolean indicating whether the module that implements the field type is enabled.',
  `storage_type` varchar(128) NOT NULL COMMENT 'The storage backend for the field.',
  `storage_module` varchar(128) NOT NULL DEFAULT '' COMMENT 'The module that implements the storage backend.',
  `storage_active` tinyint(4) NOT NULL DEFAULT '0' COMMENT 'Boolean indicating whether the module that implements the storage backend is enabled.',
  `locked` tinyint(4) NOT NULL DEFAULT '0' COMMENT '@TODO',
  `data` longblob NOT NULL COMMENT 'Serialized data containing the field properties that do not warrant a dedicated column.',
  `cardinality` tinyint(4) NOT NULL DEFAULT '0',
  `translatable` tinyint(4) NOT NULL DEFAULT '0',
  `deleted` tinyint(4) NOT NULL DEFAULT '0'
) ENGINE=InnoDB DEFAULT CHARSET=utf8;

--
-- Dumping data for table `field_config`
--

INSERT INTO `field_config` (`id`, `field_name`, `type`, `module`, `active`, `storage_type`, `storage_module`, `storage_active`, `locked`, `data`, `cardinality`, `translatable`, `deleted`) VALUES
(1, 'comment_body', 'text_long', 'text', 1, 'field_sql_storage', 'field_sql_storage', 1, 0, 0x613a363a7b733a31323a22656e746974795f7479706573223b613a313a7b693a303b733a373a22636f6d6d656e74223b7d733a31323a227472616e736c617461626c65223b623a303b733a383a2273657474696e6773223b613a303a7b7d733a373a2273746f72616765223b613a343a7b733a343a2274797065223b733a31373a226669656c645f73716c5f73746f72616765223b733a383a2273657474696e6773223b613a303a7b7d733a363a226d6f64756c65223b733a31373a226669656c645f73716c5f73746f72616765223b733a363a22616374697665223b693a313b7d733a31323a22666f726569676e206b657973223b613a313a7b733a363a22666f726d6174223b613a323a7b733a353a227461626c65223b733a31333a2266696c7465725f666f726d6174223b733a373a22636f6c756d6e73223b613a313a7b733a363a22666f726d6174223b733a363a22666f726d6174223b7d7d7d733a373a22696e6465786573223b613a313a7b733a363a22666f726d6174223b613a313a7b693a303b733a363a22666f726d6174223b7d7d7d, 1, 0, 0),
(2, 'body', 'text_with_summary', 'text', 1, 'field_sql_storage', 'field_sql_storage', 1, 0, 0x613a363a7b733a31323a22656e746974795f7479706573223b613a313a7b693a303b733a343a226e6f6465223b7d733a31323a227472616e736c617461626c65223b623a313b733a383a2273657474696e6773223b613a303a7b7d733a373a2273746f72616765223b613a343a7b733a343a2274797065223b733a31373a226669656c645f73716c5f73746f72616765223b733a383a2273657474696e6773223b613a303a7b7d733a363a226d6f64756c65223b733a31373a226669656c645f73716c5f73746f72616765223b733a363a22616374697665223b693a313b7d733a31323a22666f726569676e206b657973223b613a313a7b733a363a22666f726d6174223b613a323a7b733a353a227461626c65223b733a31333a2266696c7465725f666f726d6174223b733a373a22636f6c756d6e73223b613a313a7b733a363a22666f726d6174223b733a363a22666f726d6174223b7d7d7d733a373a22696e6465786573223b613a313a7b733a363a22666f726d6174223b613a313a7b693a303b733a363a22666f726d6174223b7d7d7d, 1, 1, 0),
(3, 'field_tags', 'taxonomy_term_reference', 'taxonomy', 1, 'field_sql_storage', 'field_sql_storage', 1, 0, 0x613a363a7b733a383a2273657474696e6773223b613a313a7b733a31343a22616c6c6f7765645f76616c756573223b613a313a7b693a303b613a323a7b733a31303a22766f636162756c617279223b733a343a2274616773223b733a363a22706172656e74223b693a303b7d7d7d733a31323a22656e746974795f7479706573223b613a303a7b7d733a31323a227472616e736c617461626c65223b623a303b733a373a2273746f72616765223b613a343a7b733a343a2274797065223b733a31373a226669656c645f73716c5f73746f72616765223b733a383a2273657474696e6773223b613a303a7b7d733a363a226d6f64756c65223b733a31373a226669656c645f73716c5f73746f72616765223b733a363a22616374697665223b693a313b7d733a31323a22666f726569676e206b657973223b613a313a7b733a333a22746964223b613a323a7b733a353a227461626c65223b733a31383a227461786f6e6f6d795f7465726d5f64617461223b733a373a22636f6c756d6e73223b613a313a7b733a333a22746964223b733a333a22746964223b7d7d7d733a373a22696e6465786573223b613a313a7b733a333a22746964223b613a313a7b693a303b733a333a22746964223b7d7d7d, -1, 0, 0),
(4, 'field_image', 'image', 'image', 1, 'field_sql_storage', 'field_sql_storage', 1, 0, 0x613a373a7b733a31323a227472616e736c617461626c65223b733a313a2231223b733a373a22696e6465786573223b613a313a7b733a333a22666964223b613a313a7b693a303b733a333a22666964223b7d7d733a383a2273657474696e6773223b613a323a7b733a31303a227572695f736368656d65223b733a363a227075626c6963223b733a31333a2264656661756c745f696d616765223b693a303b7d733a373a2273746f72616765223b613a353a7b733a343a2274797065223b733a31373a226669656c645f73716c5f73746f72616765223b733a383a2273657474696e6773223b613a303a7b7d733a363a226d6f64756c65223b733a31373a226669656c645f73716c5f73746f72616765223b733a363a22616374697665223b733a313a2231223b733a373a2264657461696c73223b613a313a7b733a333a2273716c223b613a323a7b733a31383a224649454c445f4c4f41445f43555252454e54223b613a313a7b733a32323a226669656c645f646174615f6669656c645f696d616765223b613a353a7b733a333a22666964223b733a31353a226669656c645f696d6167655f666964223b733a333a22616c74223b733a31353a226669656c645f696d6167655f616c74223b733a353a227469746c65223b733a31373a226669656c645f696d6167655f7469746c65223b733a353a227769647468223b733a31373a226669656c645f696d6167655f7769647468223b733a363a22686569676874223b733a31383a226669656c645f696d6167655f686569676874223b7d7d733a31393a224649454c445f4c4f41445f5245564953494f4e223b613a313a7b733a32363a226669656c645f7265766973696f6e5f6669656c645f696d616765223b613a353a7b733a333a22666964223b733a31353a226669656c645f696d6167655f666964223b733a333a22616c74223b733a31353a226669656c645f696d6167655f616c74223b733a353a227469746c65223b733a31373a226669656c645f696d6167655f7469746c65223b733a353a227769647468223b733a31373a226669656c645f696d6167655f7769647468223b733a363a22686569676874223b733a31383a226669656c645f696d6167655f686569676874223b7d7d7d7d7d733a31323a22656e746974795f7479706573223b613a303a7b7d733a31323a22666f726569676e206b657973223b613a313a7b733a333a22666964223b613a323a7b733a353a227461626c65223b733a31323a2266696c655f6d616e61676564223b733a373a22636f6c756d6e73223b613a313a7b733a333a22666964223b733a333a22666964223b7d7d7d733a323a226964223b733a313a2234223b7d, 3, 1, 0),
(11, 'field_image_testimonial', 'image', 'image', 1, 'field_sql_storage', 'field_sql_storage', 1, 0, 0x613a373a7b733a31323a227472616e736c617461626c65223b733a313a2231223b733a31323a22656e746974795f7479706573223b613a303a7b7d733a383a2273657474696e6773223b613a323a7b733a31303a227572695f736368656d65223b733a363a227075626c6963223b733a31333a2264656661756c745f696d616765223b693a303b7d733a373a2273746f72616765223b613a353a7b733a343a2274797065223b733a31373a226669656c645f73716c5f73746f72616765223b733a383a2273657474696e6773223b613a303a7b7d733a363a226d6f64756c65223b733a31373a226669656c645f73716c5f73746f72616765223b733a363a22616374697665223b733a313a2231223b733a373a2264657461696c73223b613a313a7b733a333a2273716c223b613a323a7b733a31383a224649454c445f4c4f41445f43555252454e54223b613a313a7b733a33343a226669656c645f646174615f6669656c645f696d6167655f74657374696d6f6e69616c223b613a333a7b733a333a22666964223b733a32373a226669656c645f696d6167655f74657374696d6f6e69616c5f666964223b733a333a22616c74223b733a32373a226669656c645f696d6167655f74657374696d6f6e69616c5f616c74223b733a353a227469746c65223b733a32393a226669656c645f696d6167655f74657374696d6f6e69616c5f7469746c65223b7d7d733a31393a224649454c445f4c4f41445f5245564953494f4e223b613a313a7b733a33383a226669656c645f7265766973696f6e5f6669656c645f696d6167655f74657374696d6f6e69616c223b613a333a7b733a333a22666964223b733a32373a226669656c645f696d6167655f74657374696d6f6e69616c5f666964223b733a333a22616c74223b733a32373a226669656c645f696d6167655f74657374696d6f6e69616c5f616c74223b733a353a227469746c65223b733a32393a226669656c645f696d6167655f74657374696d6f6e69616c5f7469746c65223b7d7d7d7d7d733a31323a22666f726569676e206b657973223b613a313a7b733a333a22666964223b613a323a7b733a353a227461626c65223b733a31323a2266696c655f6d616e61676564223b733a373a22636f6c756d6e73223b613a313a7b733a333a22666964223b733a333a22666964223b7d7d7d733a373a22696e6465786573223b613a313a7b733a333a22666964223b613a313a7b693a303b733a333a22666964223b7d7d733a323a226964223b733a323a223131223b7d, 1, 1, 0),
(20, 'field_locality', 'list_text', 'list', 1, 'field_sql_storage', 'field_sql_storage', 1, 0, 0x613a373a7b733a31323a227472616e736c617461626c65223b733a313a2231223b733a31323a22656e746974795f7479706573223b613a303a7b7d733a383a2273657474696e6773223b613a323a7b733a31343a22616c6c6f7765645f76616c756573223b613a303a7b7d733a32333a22616c6c6f7765645f76616c7565735f66756e6374696f6e223b733a303a22223b7d733a373a2273746f72616765223b613a353a7b733a343a2274797065223b733a31373a226669656c645f73716c5f73746f72616765223b733a383a2273657474696e6773223b613a303a7b7d733a363a226d6f64756c65223b733a31373a226669656c645f73716c5f73746f72616765223b733a363a22616374697665223b733a313a2231223b733a373a2264657461696c73223b613a313a7b733a333a2273716c223b613a323a7b733a31383a224649454c445f4c4f41445f43555252454e54223b613a313a7b733a32353a226669656c645f646174615f6669656c645f6c6f63616c697479223b613a313a7b733a353a2276616c7565223b733a32303a226669656c645f6c6f63616c6974795f76616c7565223b7d7d733a31393a224649454c445f4c4f41445f5245564953494f4e223b613a313a7b733a32393a226669656c645f7265766973696f6e5f6669656c645f6c6f63616c697479223b613a313a7b733a353a2276616c7565223b733a32303a226669656c645f6c6f63616c6974795f76616c7565223b7d7d7d7d7d733a31323a22666f726569676e206b657973223b613a303a7b7d733a373a22696e6465786573223b613a313a7b733a353a2276616c7565223b613a313a7b693a303b733a353a2276616c7565223b7d7d733a323a226964223b733a323a223230223b7d, 1, 1, 0),
(21, 'field_address', 'text_long', 'text', 1, 'field_sql_storage', 'field_sql_storage', 1, 0, 0x613a373a7b733a31323a227472616e736c617461626c65223b733a313a2231223b733a31323a22656e746974795f7479706573223b613a303a7b7d733a383a2273657474696e6773223b613a303a7b7d733a373a2273746f72616765223b613a353a7b733a343a2274797065223b733a31373a226669656c645f73716c5f73746f72616765223b733a383a2273657474696e6773223b613a303a7b7d733a363a226d6f64756c65223b733a31373a226669656c645f73716c5f73746f72616765223b733a363a22616374697665223b733a313a2231223b733a373a2264657461696c73223b613a313a7b733a333a2273716c223b613a323a7b733a31383a224649454c445f4c4f41445f43555252454e54223b613a313a7b733a32343a226669656c645f646174615f6669656c645f61646472657373223b613a323a7b733a353a2276616c7565223b733a31393a226669656c645f616464726573735f76616c7565223b733a363a22666f726d6174223b733a32303a226669656c645f616464726573735f666f726d6174223b7d7d733a31393a224649454c445f4c4f41445f5245564953494f4e223b613a313a7b733a32383a226669656c645f7265766973696f6e5f6669656c645f61646472657373223b613a323a7b733a353a2276616c7565223b733a31393a226669656c645f616464726573735f76616c7565223b733a363a22666f726d6174223b733a32303a226669656c645f616464726573735f666f726d6174223b7d7d7d7d7d733a31323a22666f726569676e206b657973223b613a313a7b733a363a22666f726d6174223b613a323a7b733a353a227461626c65223b733a31333a2266696c7465725f666f726d6174223b733a373a22636f6c756d6e73223b613a313a7b733a363a22666f726d6174223b733a363a22666f726d6174223b7d7d7d733a373a22696e6465786573223b613a313a7b733a363a22666f726d6174223b613a313a7b693a303b733a363a22666f726d6174223b7d7d733a323a226964223b733a323a223231223b7d, 1, 1, 0),
(22, 'field_prop_id', 'text', 'text', 1, 'field_sql_storage', 'field_sql_storage', 1, 0, 0x613a373a7b733a31323a227472616e736c617461626c65223b733a313a2231223b733a31323a22656e746974795f7479706573223b613a303a7b7d733a383a2273657474696e6773223b613a313a7b733a31303a226d61785f6c656e677468223b733a333a22323535223b7d733a373a2273746f72616765223b613a353a7b733a343a2274797065223b733a31373a226669656c645f73716c5f73746f72616765223b733a383a2273657474696e6773223b613a303a7b7d733a363a226d6f64756c65223b733a31373a226669656c645f73716c5f73746f72616765223b733a363a22616374697665223b733a313a2231223b733a373a2264657461696c73223b613a313a7b733a333a2273716c223b613a323a7b733a31383a224649454c445f4c4f41445f43555252454e54223b613a313a7b733a32343a226669656c645f646174615f6669656c645f70726f705f6964223b613a323a7b733a353a2276616c7565223b733a31393a226669656c645f70726f705f69645f76616c7565223b733a363a22666f726d6174223b733a32303a226669656c645f70726f705f69645f666f726d6174223b7d7d733a31393a224649454c445f4c4f41445f5245564953494f4e223b613a313a7b733a32383a226669656c645f7265766973696f6e5f6669656c645f70726f705f6964223b613a323a7b733a353a2276616c7565223b733a31393a226669656c645f70726f705f69645f76616c7565223b733a363a22666f726d6174223b733a32303a226669656c645f70726f705f69645f666f726d6174223b7d7d7d7d7d733a31323a22666f726569676e206b657973223b613a313a7b733a363a22666f726d6174223b613a323a7b733a353a227461626c65223b733a31333a2266696c7465725f666f726d6174223b733a373a22636f6c756d6e73223b613a313a7b733a363a22666f726d6174223b733a363a22666f726d6174223b7d7d7d733a373a22696e6465786573223b613a313a7b733a363a22666f726d6174223b613a313a7b693a303b733a363a22666f726d6174223b7d7d733a323a226964223b733a323a223232223b7d, 1, 1, 0),
(23, 'field_prop_name', 'text', 'text', 1, 'field_sql_storage', 'field_sql_storage', 1, 0, 0x613a373a7b733a31323a227472616e736c617461626c65223b733a313a2231223b733a31323a22656e746974795f7479706573223b613a303a7b7d733a383a2273657474696e6773223b613a313a7b733a31303a226d61785f6c656e677468223b733a333a22323535223b7d733a373a2273746f72616765223b613a353a7b733a343a2274797065223b733a31373a226669656c645f73716c5f73746f72616765223b733a383a2273657474696e6773223b613a303a7b7d733a363a226d6f64756c65223b733a31373a226669656c645f73716c5f73746f72616765223b733a363a22616374697665223b733a313a2231223b733a373a2264657461696c73223b613a313a7b733a333a2273716c223b613a323a7b733a31383a224649454c445f4c4f41445f43555252454e54223b613a313a7b733a32363a226669656c645f646174615f6669656c645f70726f705f6e616d65223b613a323a7b733a353a2276616c7565223b733a32313a226669656c645f70726f705f6e616d655f76616c7565223b733a363a22666f726d6174223b733a32323a226669656c645f70726f705f6e616d655f666f726d6174223b7d7d733a31393a224649454c445f4c4f41445f5245564953494f4e223b613a313a7b733a33303a226669656c645f7265766973696f6e5f6669656c645f70726f705f6e616d65223b613a323a7b733a353a2276616c7565223b733a32313a226669656c645f70726f705f6e616d655f76616c7565223b733a363a22666f726d6174223b733a32323a226669656c645f70726f705f6e616d655f666f726d6174223b7d7d7d7d7d733a31323a22666f726569676e206b657973223b613a313a7b733a363a22666f726d6174223b613a323a7b733a353a227461626c65223b733a31333a2266696c7465725f666f726d6174223b733a373a22636f6c756d6e73223b613a313a7b733a363a22666f726d6174223b733a363a22666f726d6174223b7d7d7d733a373a22696e6465786573223b613a313a7b733a363a22666f726d6174223b613a313a7b693a303b733a363a22666f726d6174223b7d7d733a323a226964223b733a323a223233223b7d, 1, 1, 0),
(24, 'field_unit', 'text', 'text', 1, 'field_sql_storage', 'field_sql_storage', 1, 0, 0x613a373a7b733a31323a227472616e736c617461626c65223b733a313a2231223b733a31323a22656e746974795f7479706573223b613a303a7b7d733a383a2273657474696e6773223b613a313a7b733a31303a226d61785f6c656e677468223b733a333a22323535223b7d733a373a2273746f72616765223b613a353a7b733a343a2274797065223b733a31373a226669656c645f73716c5f73746f72616765223b733a383a2273657474696e6773223b613a303a7b7d733a363a226d6f64756c65223b733a31373a226669656c645f73716c5f73746f72616765223b733a363a22616374697665223b733a313a2231223b733a373a2264657461696c73223b613a313a7b733a333a2273716c223b613a323a7b733a31383a224649454c445f4c4f41445f43555252454e54223b613a313a7b733a32313a226669656c645f646174615f6669656c645f756e6974223b613a323a7b733a353a2276616c7565223b733a31363a226669656c645f756e69745f76616c7565223b733a363a22666f726d6174223b733a31373a226669656c645f756e69745f666f726d6174223b7d7d733a31393a224649454c445f4c4f41445f5245564953494f4e223b613a313a7b733a32353a226669656c645f7265766973696f6e5f6669656c645f756e6974223b613a323a7b733a353a2276616c7565223b733a31363a226669656c645f756e69745f76616c7565223b733a363a22666f726d6174223b733a31373a226669656c645f756e69745f666f726d6174223b7d7d7d7d7d733a31323a22666f726569676e206b657973223b613a313a7b733a363a22666f726d6174223b613a323a7b733a353a227461626c65223b733a31333a2266696c7465725f666f726d6174223b733a373a22636f6c756d6e73223b613a313a7b733a363a22666f726d6174223b733a363a22666f726d6174223b7d7d7d733a373a22696e6465786573223b613a313a7b733a363a22666f726d6174223b613a313a7b693a303b733a363a22666f726d6174223b7d7d733a323a226964223b733a323a223234223b7d, 1, 1, 0),
(29, 'field_amenities', 'list_text', 'list', 1, 'field_sql_storage', 'field_sql_storage', 1, 0, 0x613a373a7b733a31323a227472616e736c617461626c65223b733a313a2231223b733a31323a22656e746974795f7479706573223b613a303a7b7d733a383a2273657474696e6773223b613a323a7b733a31343a22616c6c6f7765645f76616c756573223b613a373a7b733a31303a224447204261636b2d7570223b733a31303a224447204261636b2d7570223b733a32303a225365637572697479202f4669726520416c61726d223b733a32303a225365637572697479202f4669726520416c61726d223b733a31363a225265736572766564205061726b696e67223b733a31363a225265736572766564205061726b696e67223b733a31313a22555053204261636b205550223b733a31313a22555053204261636b205550223b733a32303a224669746e6573732043656e747265202f2047594d223b733a32303a224669746e6573732043656e747265202f2047594d223b733a31303a22466f6f6420436f757274223b733a31303a22466f6f6420436f757274223b733a31373a224275696c64696e67205365637572697479223b733a31373a224275696c64696e67205365637572697479223b7d733a32333a22616c6c6f7765645f76616c7565735f66756e6374696f6e223b733a303a22223b7d733a373a2273746f72616765223b613a353a7b733a343a2274797065223b733a31373a226669656c645f73716c5f73746f72616765223b733a383a2273657474696e6773223b613a303a7b7d733a363a226d6f64756c65223b733a31373a226669656c645f73716c5f73746f72616765223b733a363a22616374697665223b733a313a2231223b733a373a2264657461696c73223b613a313a7b733a333a2273716c223b613a323a7b733a31383a224649454c445f4c4f41445f43555252454e54223b613a313a7b733a32363a226669656c645f646174615f6669656c645f616d656e6974696573223b613a313a7b733a353a2276616c7565223b733a32313a226669656c645f616d656e69746965735f76616c7565223b7d7d733a31393a224649454c445f4c4f41445f5245564953494f4e223b613a313a7b733a33303a226669656c645f7265766973696f6e5f6669656c645f616d656e6974696573223b613a313a7b733a353a2276616c7565223b733a32313a226669656c645f616d656e69746965735f76616c7565223b7d7d7d7d7d733a31323a22666f726569676e206b657973223b613a303a7b7d733a373a22696e6465786573223b613a313a7b733a353a2276616c7565223b613a313a7b693a303b733a353a2276616c7565223b7d7d733a323a226964223b733a323a223239223b7d, -1, 1, 0),
(31, 'field_bus_km', 'number_float', 'number', 1, 'field_sql_storage', 'field_sql_storage', 1, 0, 0x613a373a7b733a31323a227472616e736c617461626c65223b733a313a2231223b733a31323a22656e746974795f7479706573223b613a303a7b7d733a383a2273657474696e6773223b613a313a7b733a31373a22646563696d616c5f736570617261746f72223b733a313a222e223b7d733a373a2273746f72616765223b613a353a7b733a343a2274797065223b733a31373a226669656c645f73716c5f73746f72616765223b733a383a2273657474696e6773223b613a303a7b7d733a363a226d6f64756c65223b733a31373a226669656c645f73716c5f73746f72616765223b733a363a22616374697665223b733a313a2231223b733a373a2264657461696c73223b613a313a7b733a333a2273716c223b613a323a7b733a31383a224649454c445f4c4f41445f43555252454e54223b613a313a7b733a32333a226669656c645f646174615f6669656c645f6275735f6b6d223b613a313a7b733a353a2276616c7565223b733a31383a226669656c645f6275735f6b6d5f76616c7565223b7d7d733a31393a224649454c445f4c4f41445f5245564953494f4e223b613a313a7b733a32373a226669656c645f7265766973696f6e5f6669656c645f6275735f6b6d223b613a313a7b733a353a2276616c7565223b733a31383a226669656c645f6275735f6b6d5f76616c7565223b7d7d7d7d7d733a31323a22666f726569676e206b657973223b613a303a7b7d733a373a22696e6465786573223b613a303a7b7d733a323a226964223b733a323a223331223b7d, 1, 1, 0),
(32, 'field_hospital_km', 'number_float', 'number', 1, 'field_sql_storage', 'field_sql_storage', 1, 0, 0x613a373a7b733a31323a227472616e736c617461626c65223b733a313a2231223b733a31323a22656e746974795f7479706573223b613a303a7b7d733a383a2273657474696e6773223b613a313a7b733a31373a22646563696d616c5f736570617261746f72223b733a313a222e223b7d733a373a2273746f72616765223b613a353a7b733a343a2274797065223b733a31373a226669656c645f73716c5f73746f72616765223b733a383a2273657474696e6773223b613a303a7b7d733a363a226d6f64756c65223b733a31373a226669656c645f73716c5f73746f72616765223b733a363a22616374697665223b733a313a2231223b733a373a2264657461696c73223b613a313a7b733a333a2273716c223b613a323a7b733a31383a224649454c445f4c4f41445f43555252454e54223b613a313a7b733a32383a226669656c645f646174615f6669656c645f686f73706974616c5f6b6d223b613a313a7b733a353a2276616c7565223b733a32333a226669656c645f686f73706974616c5f6b6d5f76616c7565223b7d7d733a31393a224649454c445f4c4f41445f5245564953494f4e223b613a313a7b733a33323a226669656c645f7265766973696f6e5f6669656c645f686f73706974616c5f6b6d223b613a313a7b733a353a2276616c7565223b733a32333a226669656c645f686f73706974616c5f6b6d5f76616c7565223b7d7d7d7d7d733a31323a22666f726569676e206b657973223b613a303a7b7d733a373a22696e6465786573223b613a303a7b7d733a323a226964223b733a323a223332223b7d, 1, 1, 0),
(33, 'field_airport_km', 'number_float', 'number', 1, 'field_sql_storage', 'field_sql_storage', 1, 0, 0x613a373a7b733a31323a227472616e736c617461626c65223b733a313a2231223b733a31323a22656e746974795f7479706573223b613a303a7b7d733a383a2273657474696e6773223b613a313a7b733a31373a22646563696d616c5f736570617261746f72223b733a313a222e223b7d733a373a2273746f72616765223b613a353a7b733a343a2274797065223b733a31373a226669656c645f73716c5f73746f72616765223b733a383a2273657474696e6773223b613a303a7b7d733a363a226d6f64756c65223b733a31373a226669656c645f73716c5f73746f72616765223b733a363a22616374697665223b733a313a2231223b733a373a2264657461696c73223b613a313a7b733a333a2273716c223b613a323a7b733a31383a224649454c445f4c4f41445f43555252454e54223b613a313a7b733a32373a226669656c645f646174615f6669656c645f616972706f72745f6b6d223b613a313a7b733a353a2276616c7565223b733a32323a226669656c645f616972706f72745f6b6d5f76616c7565223b7d7d733a31393a224649454c445f4c4f41445f5245564953494f4e223b613a313a7b733a33313a226669656c645f7265766973696f6e5f6669656c645f616972706f72745f6b6d223b613a313a7b733a353a2276616c7565223b733a32323a226669656c645f616972706f72745f6b6d5f76616c7565223b7d7d7d7d7d733a31323a22666f726569676e206b657973223b613a303a7b7d733a373a22696e6465786573223b613a303a7b7d733a323a226964223b733a323a223333223b7d, 1, 1, 0),
(34, 'field_city_center_km', 'number_float', 'number', 1, 'field_sql_storage', 'field_sql_storage', 1, 0, 0x613a373a7b733a31323a227472616e736c617461626c65223b733a313a2231223b733a31323a22656e746974795f7479706573223b613a303a7b7d733a383a2273657474696e6773223b613a313a7b733a31373a22646563696d616c5f736570617261746f72223b733a313a222e223b7d733a373a2273746f72616765223b613a353a7b733a343a2274797065223b733a31373a226669656c645f73716c5f73746f72616765223b733a383a2273657474696e6773223b613a303a7b7d733a363a226d6f64756c65223b733a31373a226669656c645f73716c5f73746f72616765223b733a363a22616374697665223b733a313a2231223b733a373a2264657461696c73223b613a313a7b733a333a2273716c223b613a323a7b733a31383a224649454c445f4c4f41445f43555252454e54223b613a313a7b733a33313a226669656c645f646174615f6669656c645f636974795f63656e7465725f6b6d223b613a313a7b733a353a2276616c7565223b733a32363a226669656c645f636974795f63656e7465725f6b6d5f76616c7565223b7d7d733a31393a224649454c445f4c4f41445f5245564953494f4e223b613a313a7b733a33353a226669656c645f7265766973696f6e5f6669656c645f636974795f63656e7465725f6b6d223b613a313a7b733a353a2276616c7565223b733a32363a226669656c645f636974795f63656e7465725f6b6d5f76616c7565223b7d7d7d7d7d733a31323a22666f726569676e206b657973223b613a303a7b7d733a373a22696e6465786573223b613a303a7b7d733a323a226964223b733a323a223334223b7d, 1, 1, 0),
(35, 'field_school_km', 'number_float', 'number', 1, 'field_sql_storage', 'field_sql_storage', 1, 0, 0x613a373a7b733a31323a227472616e736c617461626c65223b733a313a2231223b733a31323a22656e746974795f7479706573223b613a303a7b7d733a383a2273657474696e6773223b613a313a7b733a31373a22646563696d616c5f736570617261746f72223b733a313a222e223b7d733a373a2273746f72616765223b613a353a7b733a343a2274797065223b733a31373a226669656c645f73716c5f73746f72616765223b733a383a2273657474696e6773223b613a303a7b7d733a363a226d6f64756c65223b733a31373a226669656c645f73716c5f73746f72616765223b733a363a22616374697665223b733a313a2231223b733a373a2264657461696c73223b613a313a7b733a333a2273716c223b613a323a7b733a31383a224649454c445f4c4f41445f43555252454e54223b613a313a7b733a32363a226669656c645f646174615f6669656c645f7363686f6f6c5f6b6d223b613a313a7b733a353a2276616c7565223b733a32313a226669656c645f7363686f6f6c5f6b6d5f76616c7565223b7d7d733a31393a224649454c445f4c4f41445f5245564953494f4e223b613a313a7b733a33303a226669656c645f7265766973696f6e5f6669656c645f7363686f6f6c5f6b6d223b613a313a7b733a353a2276616c7565223b733a32313a226669656c645f7363686f6f6c5f6b6d5f76616c7565223b7d7d7d7d7d733a31323a22666f726569676e206b657973223b613a303a7b7d733a373a22696e6465786573223b613a303a7b7d733a323a226964223b733a323a223335223b7d, 1, 1, 0),
(38, 'field_date', 'date', 'date', 1, 'field_sql_storage', 'field_sql_storage', 1, 0, 0x613a363a7b733a383a2273657474696e6773223b613a353a7b733a31313a226772616e756c6172697479223b613a353a7b733a343a2279656172223b733a343a2279656172223b733a353a226d6f6e7468223b733a353a226d6f6e7468223b733a333a22646179223b733a333a22646179223b733a343a22686f7572223b733a343a22686f7572223b733a363a226d696e757465223b733a363a226d696e757465223b7d733a31313a22747a5f68616e646c696e67223b733a343a2273697465223b733a31313a2274696d657a6f6e655f6462223b733a333a22555443223b733a363a22726570656174223b733a313a2230223b733a363a22746f64617465223b733a383a226f7074696f6e616c223b7d733a31323a22656e746974795f7479706573223b613a303a7b7d733a31323a227472616e736c617461626c65223b623a303b733a373a2273746f72616765223b613a343a7b733a343a2274797065223b733a31373a226669656c645f73716c5f73746f72616765223b733a383a2273657474696e6773223b613a303a7b7d733a363a226d6f64756c65223b733a31373a226669656c645f73716c5f73746f72616765223b733a363a22616374697665223b693a313b7d733a31323a22666f726569676e206b657973223b613a303a7b7d733a373a22696e6465786573223b613a303a7b7d7d, 1, 0, 0),
(47, 'field_photo', 'image', 'image', 1, 'field_sql_storage', 'field_sql_storage', 1, 0, 0x613a373a7b733a31323a227472616e736c617461626c65223b733a313a2231223b733a31323a22656e746974795f7479706573223b613a303a7b7d733a383a2273657474696e6773223b613a323a7b733a31303a227572695f736368656d65223b733a363a227075626c6963223b733a31333a2264656661756c745f696d616765223b693a303b7d733a373a2273746f72616765223b613a353a7b733a343a2274797065223b733a31373a226669656c645f73716c5f73746f72616765223b733a383a2273657474696e6773223b613a303a7b7d733a363a226d6f64756c65223b733a31373a226669656c645f73716c5f73746f72616765223b733a363a22616374697665223b733a313a2231223b733a373a2264657461696c73223b613a313a7b733a333a2273716c223b613a323a7b733a31383a224649454c445f4c4f41445f43555252454e54223b613a313a7b733a32323a226669656c645f646174615f6669656c645f70686f746f223b613a333a7b733a333a22666964223b733a31353a226669656c645f70686f746f5f666964223b733a333a22616c74223b733a31353a226669656c645f70686f746f5f616c74223b733a353a227469746c65223b733a31373a226669656c645f70686f746f5f7469746c65223b7d7d733a31393a224649454c445f4c4f41445f5245564953494f4e223b613a313a7b733a32363a226669656c645f7265766973696f6e5f6669656c645f70686f746f223b613a333a7b733a333a22666964223b733a31353a226669656c645f70686f746f5f666964223b733a333a22616c74223b733a31353a226669656c645f70686f746f5f616c74223b733a353a227469746c65223b733a31373a226669656c645f70686f746f5f7469746c65223b7d7d7d7d7d733a31323a22666f726569676e206b657973223b613a313a7b733a333a22666964223b613a323a7b733a353a227461626c65223b733a31323a2266696c655f6d616e61676564223b733a373a22636f6c756d6e73223b613a313a7b733a333a22666964223b733a333a22666964223b7d7d7d733a373a22696e6465786573223b613a313a7b733a333a22666964223b613a313a7b693a303b733a333a22666964223b7d7d733a323a226964223b733a323a223437223b7d, 3, 1, 0),
(50, 'field_zone_name', 'node_reference', 'node_reference', 1, 'field_sql_storage', 'field_sql_storage', 1, 0, 0x613a373a7b733a31323a227472616e736c617461626c65223b733a313a2231223b733a31323a22656e746974795f7479706573223b613a303a7b7d733a383a2273657474696e6773223b613a323a7b733a31393a227265666572656e636561626c655f7479706573223b613a393a7b733a373a2261727469636c65223b693a303b733a343a2270616765223b693a303b733a343a2264617465223b693a303b733a383a226c6f63616c697479223b693a303b733a31333a2270726573735f72656c65617365223b693a303b733a383a2270726f7065727479223b693a303b733a31313a2274657374696d6f6e69616c223b693a303b733a373a22776562666f726d223b693a303b733a353a227a6f6e6573223b693a303b7d733a343a2276696577223b613a333a7b733a393a22766965775f6e616d65223b733a353a227a6f6e6573223b733a31323a22646973706c61795f6e616d65223b733a31323a227265666572656e6365735f31223b733a343a2261726773223b613a303a7b7d7d7d733a373a2273746f72616765223b613a353a7b733a343a2274797065223b733a31373a226669656c645f73716c5f73746f72616765223b733a383a2273657474696e6773223b613a303a7b7d733a363a226d6f64756c65223b733a31373a226669656c645f73716c5f73746f72616765223b733a363a22616374697665223b733a313a2231223b733a373a2264657461696c73223b613a313a7b733a333a2273716c223b613a323a7b733a31383a224649454c445f4c4f41445f43555252454e54223b613a313a7b733a32363a226669656c645f646174615f6669656c645f7a6f6e655f6e616d65223b613a313a7b733a333a226e6964223b733a31393a226669656c645f7a6f6e655f6e616d655f6e6964223b7d7d733a31393a224649454c445f4c4f41445f5245564953494f4e223b613a313a7b733a33303a226669656c645f7265766973696f6e5f6669656c645f7a6f6e655f6e616d65223b613a313a7b733a333a226e6964223b733a31393a226669656c645f7a6f6e655f6e616d655f6e6964223b7d7d7d7d7d733a31323a22666f726569676e206b657973223b613a313a7b733a333a226e6964223b613a323a7b733a353a227461626c65223b733a343a226e6f6465223b733a373a22636f6c756d6e73223b613a313a7b733a333a226e6964223b733a333a226e6964223b7d7d7d733a373a22696e6465786573223b613a313a7b733a333a226e6964223b613a313a7b693a303b733a333a226e6964223b7d7d733a323a226964223b733a323a223530223b7d, 1, 1, 0),
(52, 'field_zone', 'list_text', 'list', 1, 'field_sql_storage', 'field_sql_storage', 1, 0, 0x613a373a7b733a31323a227472616e736c617461626c65223b733a313a2231223b733a31323a22656e746974795f7479706573223b613a303a7b7d733a383a2273657474696e6773223b613a323a7b733a31343a22616c6c6f7765645f76616c756573223b613a303a7b7d733a32333a22616c6c6f7765645f76616c7565735f66756e6374696f6e223b733a303a22223b7d733a373a2273746f72616765223b613a353a7b733a343a2274797065223b733a31373a226669656c645f73716c5f73746f72616765223b733a383a2273657474696e6773223b613a303a7b7d733a363a226d6f64756c65223b733a31373a226669656c645f73716c5f73746f72616765223b733a363a22616374697665223b733a313a2231223b733a373a2264657461696c73223b613a313a7b733a333a2273716c223b613a323a7b733a31383a224649454c445f4c4f41445f43555252454e54223b613a313a7b733a32313a226669656c645f646174615f6669656c645f7a6f6e65223b613a313a7b733a353a2276616c7565223b733a31363a226669656c645f7a6f6e655f76616c7565223b7d7d733a31393a224649454c445f4c4f41445f5245564953494f4e223b613a313a7b733a32353a226669656c645f7265766973696f6e5f6669656c645f7a6f6e65223b613a313a7b733a353a2276616c7565223b733a31363a226669656c645f7a6f6e655f76616c7565223b7d7d7d7d7d733a31323a22666f726569676e206b657973223b613a303a7b7d733a373a22696e6465786573223b613a313a7b733a353a2276616c7565223b613a313a7b693a303b733a353a2276616c7565223b7d7d733a323a226964223b733a323a223532223b7d, 1, 1, 0),
(57, 'field_property_type', 'list_text', 'list', 1, 'field_sql_storage', 'field_sql_storage', 1, 0, 0x613a373a7b733a31323a227472616e736c617461626c65223b733a313a2231223b733a31323a22656e746974795f7479706573223b613a303a7b7d733a383a2273657474696e6773223b613a323a7b733a31343a22616c6c6f7765645f76616c756573223b613a303a7b7d733a32333a22616c6c6f7765645f76616c7565735f66756e6374696f6e223b733a303a22223b7d733a373a2273746f72616765223b613a353a7b733a343a2274797065223b733a31373a226669656c645f73716c5f73746f72616765223b733a383a2273657474696e6773223b613a303a7b7d733a363a226d6f64756c65223b733a31373a226669656c645f73716c5f73746f72616765223b733a363a22616374697665223b733a313a2231223b733a373a2264657461696c73223b613a313a7b733a333a2273716c223b613a323a7b733a31383a224649454c445f4c4f41445f43555252454e54223b613a313a7b733a33303a226669656c645f646174615f6669656c645f70726f70657274795f74797065223b613a313a7b733a353a2276616c7565223b733a32353a226669656c645f70726f70657274795f747970655f76616c7565223b7d7d733a31393a224649454c445f4c4f41445f5245564953494f4e223b613a313a7b733a33343a226669656c645f7265766973696f6e5f6669656c645f70726f70657274795f74797065223b613a313a7b733a353a2276616c7565223b733a32353a226669656c645f70726f70657274795f747970655f76616c7565223b7d7d7d7d7d733a31323a22666f726569676e206b657973223b613a303a7b7d733a373a22696e6465786573223b613a313a7b733a353a2276616c7565223b613a313a7b693a303b733a353a2276616c7565223b7d7d733a323a226964223b733a323a223537223b7d, 1, 1, 0),
(58, 'field_testimonial_date', 'datetime', 'date', 1, 'field_sql_storage', 'field_sql_storage', 1, 0, 0x613a373a7b733a31323a227472616e736c617461626c65223b733a313a2231223b733a31323a22656e746974795f7479706573223b613a303a7b7d733a383a2273657474696e6773223b613a353a7b733a363a22726570656174223b693a303b733a31313a226772616e756c6172697479223b613a363a7b733a353a226d6f6e7468223b733a353a226d6f6e7468223b733a333a22646179223b733a333a22646179223b733a343a2279656172223b733a343a2279656172223b733a343a22686f7572223b693a303b733a363a226d696e757465223b693a303b733a363a227365636f6e64223b693a303b7d733a31313a22747a5f68616e646c696e67223b733a343a226e6f6e65223b733a31313a2274696d657a6f6e655f6462223b733a303a22223b733a363a22746f64617465223b733a383a227265717569726564223b7d733a373a2273746f72616765223b613a353a7b733a343a2274797065223b733a31373a226669656c645f73716c5f73746f72616765223b733a383a2273657474696e6773223b613a303a7b7d733a363a226d6f64756c65223b733a31373a226669656c645f73716c5f73746f72616765223b733a363a22616374697665223b733a313a2231223b733a373a2264657461696c73223b613a313a7b733a333a2273716c223b613a323a7b733a31383a224649454c445f4c4f41445f43555252454e54223b613a313a7b733a33333a226669656c645f646174615f6669656c645f74657374696d6f6e69616c5f64617465223b613a323a7b733a353a2276616c7565223b733a32383a226669656c645f74657374696d6f6e69616c5f646174655f76616c7565223b733a363a2276616c756532223b733a32393a226669656c645f74657374696d6f6e69616c5f646174655f76616c756532223b7d7d733a31393a224649454c445f4c4f41445f5245564953494f4e223b613a313a7b733a33373a226669656c645f7265766973696f6e5f6669656c645f74657374696d6f6e69616c5f64617465223b613a323a7b733a353a2276616c7565223b733a32383a226669656c645f74657374696d6f6e69616c5f646174655f76616c7565223b733a363a2276616c756532223b733a32393a226669656c645f74657374696d6f6e69616c5f646174655f76616c756532223b7d7d7d7d7d733a31323a22666f726569676e206b657973223b613a303a7b7d733a373a22696e6465786573223b613a303a7b7d733a323a226964223b733a323a223538223b7d, 1, 1, 0),
(59, 'field_area', 'number_integer', 'number', 1, 'field_sql_storage', 'field_sql_storage', 1, 0, 0x613a373a7b733a31323a227472616e736c617461626c65223b733a313a2231223b733a31323a22656e746974795f7479706573223b613a303a7b7d733a383a2273657474696e6773223b613a303a7b7d733a373a2273746f72616765223b613a353a7b733a343a2274797065223b733a31373a226669656c645f73716c5f73746f72616765223b733a383a2273657474696e6773223b613a303a7b7d733a363a226d6f64756c65223b733a31373a226669656c645f73716c5f73746f72616765223b733a363a22616374697665223b733a313a2231223b733a373a2264657461696c73223b613a313a7b733a333a2273716c223b613a323a7b733a31383a224649454c445f4c4f41445f43555252454e54223b613a313a7b733a32313a226669656c645f646174615f6669656c645f61726561223b613a313a7b733a353a2276616c7565223b733a31363a226669656c645f617265615f76616c7565223b7d7d733a31393a224649454c445f4c4f41445f5245564953494f4e223b613a313a7b733a32353a226669656c645f7265766973696f6e5f6669656c645f61726561223b613a313a7b733a353a2276616c7565223b733a31363a226669656c645f617265615f76616c7565223b7d7d7d7d7d733a31323a22666f726569676e206b657973223b613a303a7b7d733a373a22696e6465786573223b613a303a7b7d733a323a226964223b733a323a223539223b7d, 1, 1, 0),
(60, 'meta_description', 'metatags_quick', 'metatags_quick', 1, 'field_sql_storage', 'field_sql_storage', 1, 0, 0x613a373a7b733a383a2273657474696e6773223b613a323a7b733a393a226d6574615f6e616d65223b733a31313a226465736372697074696f6e223b733a31303a226d61785f6c656e677468223b733a333a22313630223b7d733a31323a22656e746974795f7479706573223b613a303a7b7d733a31323a227472616e736c617461626c65223b733a313a2230223b733a373a2273746f72616765223b613a353a7b733a343a2274797065223b733a31373a226669656c645f73716c5f73746f72616765223b733a383a2273657474696e6773223b613a303a7b7d733a363a226d6f64756c65223b733a31373a226669656c645f73716c5f73746f72616765223b733a363a22616374697665223b733a313a2231223b733a373a2264657461696c73223b613a313a7b733a333a2273716c223b613a323a7b733a31383a224649454c445f4c4f41445f43555252454e54223b613a313a7b733a32373a226669656c645f646174615f6d6574615f6465736372697074696f6e223b613a313a7b733a31343a226d657461746167735f717569636b223b733a33313a226d6574615f6465736372697074696f6e5f6d657461746167735f717569636b223b7d7d733a31393a224649454c445f4c4f41445f5245564953494f4e223b613a313a7b733a33313a226669656c645f7265766973696f6e5f6d6574615f6465736372697074696f6e223b613a313a7b733a31343a226d657461746167735f717569636b223b733a33313a226d6574615f6465736372697074696f6e5f6d657461746167735f717569636b223b7d7d7d7d7d733a31323a22666f726569676e206b657973223b613a303a7b7d733a373a22696e6465786573223b613a303a7b7d733a323a226964223b733a323a223630223b7d, 1, 0, 0),
(61, 'meta_keywords', 'metatags_quick', 'metatags_quick', 1, 'field_sql_storage', 'field_sql_storage', 1, 0, 0x613a363a7b733a383a2273657474696e6773223b613a323a7b733a393a226d6574615f6e616d65223b733a383a226b6579776f726473223b733a31303a226d61785f6c656e677468223b733a333a22313630223b7d733a31323a22656e746974795f7479706573223b613a303a7b7d733a31323a227472616e736c617461626c65223b623a303b733a373a2273746f72616765223b613a343a7b733a343a2274797065223b733a31373a226669656c645f73716c5f73746f72616765223b733a383a2273657474696e6773223b613a303a7b7d733a363a226d6f64756c65223b733a31373a226669656c645f73716c5f73746f72616765223b733a363a22616374697665223b693a313b7d733a31323a22666f726569676e206b657973223b613a303a7b7d733a373a22696e6465786573223b613a303a7b7d7d, 1, 0, 0),
(62, 'field_keywords', 'metatags_quick', 'metatags_quick', 1, 'field_sql_storage', 'field_sql_storage', 1, 0, 0x613a373a7b733a31323a227472616e736c617461626c65223b733a313a2231223b733a31323a22656e746974795f7479706573223b613a303a7b7d733a383a2273657474696e6773223b613a323a7b733a393a226d6574615f6e616d65223b733a383a226b6579776f726473223b733a31303a226d61785f6c656e677468223b733a333a22353030223b7d733a373a2273746f72616765223b613a353a7b733a343a2274797065223b733a31373a226669656c645f73716c5f73746f72616765223b733a383a2273657474696e6773223b613a303a7b7d733a363a226d6f64756c65223b733a31373a226669656c645f73716c5f73746f72616765223b733a363a22616374697665223b733a313a2231223b733a373a2264657461696c73223b613a313a7b733a333a2273716c223b613a323a7b733a31383a224649454c445f4c4f41445f43555252454e54223b613a313a7b733a32353a226669656c645f646174615f6669656c645f6b6579776f726473223b613a313a7b733a31343a226d657461746167735f717569636b223b733a32393a226669656c645f6b6579776f7264735f6d657461746167735f717569636b223b7d7d733a31393a224649454c445f4c4f41445f5245564953494f4e223b613a313a7b733a32393a226669656c645f7265766973696f6e5f6669656c645f6b6579776f726473223b613a313a7b733a31343a226d657461746167735f717569636b223b733a32393a226669656c645f6b6579776f7264735f6d657461746167735f717569636b223b7d7d7d7d7d733a31323a22666f726569676e206b657973223b613a303a7b7d733a373a22696e6465786573223b613a303a7b7d733a323a226964223b733a323a223632223b7d, 1, 1, 0),
(63, 'field_description', 'metatags_quick', 'metatags_quick', 1, 'field_sql_storage', 'field_sql_storage', 1, 0, 0x613a373a7b733a31323a227472616e736c617461626c65223b733a313a2231223b733a31323a22656e746974795f7479706573223b613a303a7b7d733a383a2273657474696e6773223b613a323a7b733a393a226d6574615f6e616d65223b733a31313a226465736372697074696f6e223b733a31303a226d61785f6c656e677468223b733a333a22353030223b7d733a373a2273746f72616765223b613a353a7b733a343a2274797065223b733a31373a226669656c645f73716c5f73746f72616765223b733a383a2273657474696e6773223b613a303a7b7d733a363a226d6f64756c65223b733a31373a226669656c645f73716c5f73746f72616765223b733a363a22616374697665223b733a313a2231223b733a373a2264657461696c73223b613a313a7b733a333a2273716c223b613a323a7b733a31383a224649454c445f4c4f41445f43555252454e54223b613a313a7b733a32383a226669656c645f646174615f6669656c645f6465736372697074696f6e223b613a313a7b733a31343a226d657461746167735f717569636b223b733a33323a226669656c645f6465736372697074696f6e5f6d657461746167735f717569636b223b7d7d733a31393a224649454c445f4c4f41445f5245564953494f4e223b613a313a7b733a33323a226669656c645f7265766973696f6e5f6669656c645f6465736372697074696f6e223b613a313a7b733a31343a226d657461746167735f717569636b223b733a33323a226669656c645f6465736372697074696f6e5f6d657461746167735f717569636b223b7d7d7d7d7d733a31323a22666f726569676e206b657973223b613a303a7b7d733a373a22696e6465786573223b613a303a7b7d733a323a226964223b733a323a223633223b7d, 1, 1, 0),
(64, 'field_are_max', 'text', 'text', 1, 'field_sql_storage', 'field_sql_storage', 1, 0, 0x613a363a7b733a31323a22656e746974795f7479706573223b613a303a7b7d733a31323a22666f726569676e206b657973223b613a313a7b733a363a22666f726d6174223b613a323a7b733a353a227461626c65223b733a31333a2266696c7465725f666f726d6174223b733a373a22636f6c756d6e73223b613a313a7b733a363a22666f726d6174223b733a363a22666f726d6174223b7d7d7d733a373a22696e6465786573223b613a313a7b733a363a22666f726d6174223b613a313a7b693a303b733a363a22666f726d6174223b7d7d733a383a2273657474696e6773223b613a313a7b733a31303a226d61785f6c656e677468223b733a333a22323535223b7d733a31323a227472616e736c617461626c65223b733a313a2231223b733a373a2273746f72616765223b613a343a7b733a343a2274797065223b733a31373a226669656c645f73716c5f73746f72616765223b733a383a2273657474696e6773223b613a303a7b7d733a363a226d6f64756c65223b733a31373a226669656c645f73716c5f73746f72616765223b733a363a22616374697665223b693a313b7d7d, 1, 1, 0),
(65, 'field_area_min', 'text', 'text', 1, 'field_sql_storage', 'field_sql_storage', 1, 0, 0x613a363a7b733a31323a22656e746974795f7479706573223b613a303a7b7d733a31323a22666f726569676e206b657973223b613a313a7b733a363a22666f726d6174223b613a323a7b733a353a227461626c65223b733a31333a2266696c7465725f666f726d6174223b733a373a22636f6c756d6e73223b613a313a7b733a363a22666f726d6174223b733a363a22666f726d6174223b7d7d7d733a373a22696e6465786573223b613a313a7b733a363a22666f726d6174223b613a313a7b693a303b733a363a22666f726d6174223b7d7d733a383a2273657474696e6773223b613a313a7b733a31303a226d61785f6c656e677468223b733a333a22323535223b7d733a31323a227472616e736c617461626c65223b733a313a2231223b733a373a2273746f72616765223b613a343a7b733a343a2274797065223b733a31373a226669656c645f73716c5f73746f72616765223b733a383a2273657474696e6773223b613a303a7b7d733a363a226d6f64756c65223b733a31373a226669656c645f73716c5f73746f72616765223b733a363a22616374697665223b693a313b7d7d, 1, 1, 0),
(66, 'field_rating', 'fivestar', 'fivestar', 1, 'field_sql_storage', 'field_sql_storage', 1, 0, 0x613a363a7b733a31323a22656e746974795f7479706573223b613a303a7b7d733a31323a22666f726569676e206b657973223b613a303a7b7d733a373a22696e6465786573223b613a303a7b7d733a383a2273657474696e6773223b613a313a7b733a343a2261786973223b733a343a22766f7465223b7d733a31323a227472616e736c617461626c65223b733a313a2231223b733a373a2273746f72616765223b613a343a7b733a343a2274797065223b733a31373a226669656c645f73716c5f73746f72616765223b733a383a2273657474696e6773223b613a303a7b7d733a363a226d6f64756c65223b733a31373a226669656c645f73716c5f73746f72616765223b733a363a22616374697665223b693a313b7d7d, 1, 1, 0),
(67, 'field_featured', 'list_boolean', 'list', 1, 'field_sql_storage', 'field_sql_storage', 1, 0, 0x613a373a7b733a31323a227472616e736c617461626c65223b733a313a2231223b733a31323a22656e746974795f7479706573223b613a303a7b7d733a383a2273657474696e6773223b613a323a7b733a31343a22616c6c6f7765645f76616c756573223b613a323a7b693a303b733a313a2230223b693a313b733a313a2231223b7d733a32333a22616c6c6f7765645f76616c7565735f66756e6374696f6e223b733a303a22223b7d733a373a2273746f72616765223b613a353a7b733a343a2274797065223b733a31373a226669656c645f73716c5f73746f72616765223b733a383a2273657474696e6773223b613a303a7b7d733a363a226d6f64756c65223b733a31373a226669656c645f73716c5f73746f72616765223b733a363a22616374697665223b733a313a2231223b733a373a2264657461696c73223b613a313a7b733a333a2273716c223b613a323a7b733a31383a224649454c445f4c4f41445f43555252454e54223b613a313a7b733a32353a226669656c645f646174615f6669656c645f6665617475726564223b613a313a7b733a353a2276616c7565223b733a32303a226669656c645f66656174757265645f76616c7565223b7d7d733a31393a224649454c445f4c4f41445f5245564953494f4e223b613a313a7b733a32393a226669656c645f7265766973696f6e5f6669656c645f6665617475726564223b613a313a7b733a353a2276616c7565223b733a32303a226669656c645f66656174757265645f76616c7565223b7d7d7d7d7d733a31323a22666f726569676e206b657973223b613a303a7b7d733a373a22696e6465786573223b613a313a7b733a353a2276616c7565223b613a313a7b693a303b733a353a2276616c7565223b7d7d733a323a226964223b733a323a223637223b7d, 1, 1, 0),
(68, 'field_author_name', 'text', 'text', 1, 'field_sql_storage', 'field_sql_storage', 1, 0, 0x613a373a7b733a31323a227472616e736c617461626c65223b733a313a2230223b733a31323a22656e746974795f7479706573223b613a303a7b7d733a383a2273657474696e6773223b613a313a7b733a31303a226d61785f6c656e677468223b733a333a22323535223b7d733a373a2273746f72616765223b613a353a7b733a343a2274797065223b733a31373a226669656c645f73716c5f73746f72616765223b733a383a2273657474696e6773223b613a303a7b7d733a363a226d6f64756c65223b733a31373a226669656c645f73716c5f73746f72616765223b733a363a22616374697665223b733a313a2231223b733a373a2264657461696c73223b613a313a7b733a333a2273716c223b613a323a7b733a31383a224649454c445f4c4f41445f43555252454e54223b613a313a7b733a32383a226669656c645f646174615f6669656c645f617574686f725f6e616d65223b613a323a7b733a353a2276616c7565223b733a32333a226669656c645f617574686f725f6e616d655f76616c7565223b733a363a22666f726d6174223b733a32343a226669656c645f617574686f725f6e616d655f666f726d6174223b7d7d733a31393a224649454c445f4c4f41445f5245564953494f4e223b613a313a7b733a33323a226669656c645f7265766973696f6e5f6669656c645f617574686f725f6e616d65223b613a323a7b733a353a2276616c7565223b733a32333a226669656c645f617574686f725f6e616d655f76616c7565223b733a363a22666f726d6174223b733a32343a226669656c645f617574686f725f6e616d655f666f726d6174223b7d7d7d7d7d733a31323a22666f726569676e206b657973223b613a313a7b733a363a22666f726d6174223b613a323a7b733a353a227461626c65223b733a31333a2266696c7465725f666f726d6174223b733a373a22636f6c756d6e73223b613a313a7b733a363a22666f726d6174223b733a363a22666f726d6174223b7d7d7d733a373a22696e6465786573223b613a313a7b733a363a22666f726d6174223b613a313a7b693a303b733a363a22666f726d6174223b7d7d733a323a226964223b733a323a223638223b7d, 1, 0, 0),
(69, 'field_author_image', 'image', 'image', 1, 'field_sql_storage', 'field_sql_storage', 1, 0, 0x613a373a7b733a31323a227472616e736c617461626c65223b733a313a2230223b733a31323a22656e746974795f7479706573223b613a303a7b7d733a383a2273657474696e6773223b613a323a7b733a31303a227572695f736368656d65223b733a363a227075626c6963223b733a31333a2264656661756c745f696d616765223b693a303b7d733a373a2273746f72616765223b613a353a7b733a343a2274797065223b733a31373a226669656c645f73716c5f73746f72616765223b733a383a2273657474696e6773223b613a303a7b7d733a363a226d6f64756c65223b733a31373a226669656c645f73716c5f73746f72616765223b733a363a22616374697665223b733a313a2231223b733a373a2264657461696c73223b613a313a7b733a333a2273716c223b613a323a7b733a31383a224649454c445f4c4f41445f43555252454e54223b613a313a7b733a32393a226669656c645f646174615f6669656c645f617574686f725f696d616765223b613a353a7b733a333a22666964223b733a32323a226669656c645f617574686f725f696d6167655f666964223b733a333a22616c74223b733a32323a226669656c645f617574686f725f696d6167655f616c74223b733a353a227469746c65223b733a32343a226669656c645f617574686f725f696d6167655f7469746c65223b733a353a227769647468223b733a32343a226669656c645f617574686f725f696d6167655f7769647468223b733a363a22686569676874223b733a32353a226669656c645f617574686f725f696d6167655f686569676874223b7d7d733a31393a224649454c445f4c4f41445f5245564953494f4e223b613a313a7b733a33333a226669656c645f7265766973696f6e5f6669656c645f617574686f725f696d616765223b613a353a7b733a333a22666964223b733a32323a226669656c645f617574686f725f696d6167655f666964223b733a333a22616c74223b733a32323a226669656c645f617574686f725f696d6167655f616c74223b733a353a227469746c65223b733a32343a226669656c645f617574686f725f696d6167655f7469746c65223b733a353a227769647468223b733a32343a226669656c645f617574686f725f696d6167655f7769647468223b733a363a22686569676874223b733a32353a226669656c645f617574686f725f696d6167655f686569676874223b7d7d7d7d7d733a31323a22666f726569676e206b657973223b613a313a7b733a333a22666964223b613a323a7b733a353a227461626c65223b733a31323a2266696c655f6d616e61676564223b733a373a22636f6c756d6e73223b613a313a7b733a333a22666964223b733a333a22666964223b7d7d7d733a373a22696e6465786573223b613a313a7b733a333a22666964223b613a313a7b693a303b733a333a22666964223b7d7d733a323a226964223b733a323a223639223b7d, 1, 0, 0),
(70, 'field_service_image', 'image', 'image', 1, 'field_sql_storage', 'field_sql_storage', 1, 0, 0x613a373a7b733a31323a227472616e736c617461626c65223b733a313a2230223b733a31323a22656e746974795f7479706573223b613a303a7b7d733a383a2273657474696e6773223b613a323a7b733a31303a227572695f736368656d65223b733a363a227075626c6963223b733a31333a2264656661756c745f696d616765223b693a303b7d733a373a2273746f72616765223b613a353a7b733a343a2274797065223b733a31373a226669656c645f73716c5f73746f72616765223b733a383a2273657474696e6773223b613a303a7b7d733a363a226d6f64756c65223b733a31373a226669656c645f73716c5f73746f72616765223b733a363a22616374697665223b733a313a2231223b733a373a2264657461696c73223b613a313a7b733a333a2273716c223b613a323a7b733a31383a224649454c445f4c4f41445f43555252454e54223b613a313a7b733a33303a226669656c645f646174615f6669656c645f736572766963655f696d616765223b613a353a7b733a333a22666964223b733a32333a226669656c645f736572766963655f696d6167655f666964223b733a333a22616c74223b733a32333a226669656c645f736572766963655f696d6167655f616c74223b733a353a227469746c65223b733a32353a226669656c645f736572766963655f696d6167655f7469746c65223b733a353a227769647468223b733a32353a226669656c645f736572766963655f696d6167655f7769647468223b733a363a22686569676874223b733a32363a226669656c645f736572766963655f696d6167655f686569676874223b7d7d733a31393a224649454c445f4c4f41445f5245564953494f4e223b613a313a7b733a33343a226669656c645f7265766973696f6e5f6669656c645f736572766963655f696d616765223b613a353a7b733a333a22666964223b733a32333a226669656c645f736572766963655f696d6167655f666964223b733a333a22616c74223b733a32333a226669656c645f736572766963655f696d6167655f616c74223b733a353a227469746c65223b733a32353a226669656c645f736572766963655f696d6167655f7469746c65223b733a353a227769647468223b733a32353a226669656c645f736572766963655f696d6167655f7769647468223b733a363a22686569676874223b733a32363a226669656c645f736572766963655f696d6167655f686569676874223b7d7d7d7d7d733a31323a22666f726569676e206b657973223b613a313a7b733a333a22666964223b613a323a7b733a353a227461626c65223b733a31323a2266696c655f6d616e61676564223b733a373a22636f6c756d6e73223b613a313a7b733a333a22666964223b733a333a22666964223b7d7d7d733a373a22696e6465786573223b613a313a7b733a333a22666964223b613a313a7b693a303b733a333a22666964223b7d7d733a323a226964223b733a323a223730223b7d, 1, 0, 0);
INSERT INTO `field_config` (`id`, `field_name`, `type`, `module`, `active`, `storage_type`, `storage_module`, `storage_active`, `locked`, `data`, `cardinality`, `translatable`, `deleted`) VALUES
(71, 'field_summary', 'text_long', 'text', 1, 'field_sql_storage', 'field_sql_storage', 1, 0, 0x613a373a7b733a31323a227472616e736c617461626c65223b733a313a2230223b733a31323a22656e746974795f7479706573223b613a303a7b7d733a383a2273657474696e6773223b613a303a7b7d733a373a2273746f72616765223b613a353a7b733a343a2274797065223b733a31373a226669656c645f73716c5f73746f72616765223b733a383a2273657474696e6773223b613a303a7b7d733a363a226d6f64756c65223b733a31373a226669656c645f73716c5f73746f72616765223b733a363a22616374697665223b733a313a2231223b733a373a2264657461696c73223b613a313a7b733a333a2273716c223b613a323a7b733a31383a224649454c445f4c4f41445f43555252454e54223b613a313a7b733a32343a226669656c645f646174615f6669656c645f73756d6d617279223b613a323a7b733a353a2276616c7565223b733a31393a226669656c645f73756d6d6172795f76616c7565223b733a363a22666f726d6174223b733a32303a226669656c645f73756d6d6172795f666f726d6174223b7d7d733a31393a224649454c445f4c4f41445f5245564953494f4e223b613a313a7b733a32383a226669656c645f7265766973696f6e5f6669656c645f73756d6d617279223b613a323a7b733a353a2276616c7565223b733a31393a226669656c645f73756d6d6172795f76616c7565223b733a363a22666f726d6174223b733a32303a226669656c645f73756d6d6172795f666f726d6174223b7d7d7d7d7d733a31323a22666f726569676e206b657973223b613a313a7b733a363a22666f726d6174223b613a323a7b733a353a227461626c65223b733a31333a2266696c7465725f666f726d6174223b733a373a22636f6c756d6e73223b613a313a7b733a363a22666f726d6174223b733a363a22666f726d6174223b7d7d7d733a373a22696e6465786573223b613a313a7b733a363a22666f726d6174223b613a313a7b693a303b733a363a22666f726d6174223b7d7d733a323a226964223b733a323a223731223b7d, 1, 0, 0),
(72, 'field_testimonial_summary', 'text_long', 'text', 1, 'field_sql_storage', 'field_sql_storage', 1, 0, 0x613a373a7b733a31323a227472616e736c617461626c65223b733a313a2230223b733a31323a22656e746974795f7479706573223b613a303a7b7d733a383a2273657474696e6773223b613a303a7b7d733a373a2273746f72616765223b613a353a7b733a343a2274797065223b733a31373a226669656c645f73716c5f73746f72616765223b733a383a2273657474696e6773223b613a303a7b7d733a363a226d6f64756c65223b733a31373a226669656c645f73716c5f73746f72616765223b733a363a22616374697665223b733a313a2231223b733a373a2264657461696c73223b613a313a7b733a333a2273716c223b613a323a7b733a31383a224649454c445f4c4f41445f43555252454e54223b613a313a7b733a33363a226669656c645f646174615f6669656c645f74657374696d6f6e69616c5f73756d6d617279223b613a323a7b733a353a2276616c7565223b733a33313a226669656c645f74657374696d6f6e69616c5f73756d6d6172795f76616c7565223b733a363a22666f726d6174223b733a33323a226669656c645f74657374696d6f6e69616c5f73756d6d6172795f666f726d6174223b7d7d733a31393a224649454c445f4c4f41445f5245564953494f4e223b613a313a7b733a34303a226669656c645f7265766973696f6e5f6669656c645f74657374696d6f6e69616c5f73756d6d617279223b613a323a7b733a353a2276616c7565223b733a33313a226669656c645f74657374696d6f6e69616c5f73756d6d6172795f76616c7565223b733a363a22666f726d6174223b733a33323a226669656c645f74657374696d6f6e69616c5f73756d6d6172795f666f726d6174223b7d7d7d7d7d733a31323a22666f726569676e206b657973223b613a313a7b733a363a22666f726d6174223b613a323a7b733a353a227461626c65223b733a31333a2266696c7465725f666f726d6174223b733a373a22636f6c756d6e73223b613a313a7b733a363a22666f726d6174223b733a363a22666f726d6174223b7d7d7d733a373a22696e6465786573223b613a313a7b733a363a22666f726d6174223b613a313a7b693a303b733a363a22666f726d6174223b7d7d733a323a226964223b733a323a223732223b7d, 1, 0, 0),
(73, 'field_event_date', 'datetime', 'date', 1, 'field_sql_storage', 'field_sql_storage', 1, 0, 0x613a373a7b733a31323a227472616e736c617461626c65223b733a313a2230223b733a31323a22656e746974795f7479706573223b613a303a7b7d733a383a2273657474696e6773223b613a353a7b733a363a22726570656174223b693a303b733a31313a226772616e756c6172697479223b613a363a7b733a353a226d6f6e7468223b733a353a226d6f6e7468223b733a333a22646179223b733a333a22646179223b733a343a2279656172223b733a343a2279656172223b733a343a22686f7572223b693a303b733a363a226d696e757465223b693a303b733a363a227365636f6e64223b693a303b7d733a31313a22747a5f68616e646c696e67223b733a343a226e6f6e65223b733a31313a2274696d657a6f6e655f6462223b733a303a22223b733a363a22746f64617465223b733a303a22223b7d733a373a2273746f72616765223b613a353a7b733a343a2274797065223b733a31373a226669656c645f73716c5f73746f72616765223b733a383a2273657474696e6773223b613a303a7b7d733a363a226d6f64756c65223b733a31373a226669656c645f73716c5f73746f72616765223b733a363a22616374697665223b733a313a2231223b733a373a2264657461696c73223b613a313a7b733a333a2273716c223b613a323a7b733a31383a224649454c445f4c4f41445f43555252454e54223b613a313a7b733a32373a226669656c645f646174615f6669656c645f6576656e745f64617465223b613a313a7b733a353a2276616c7565223b733a32323a226669656c645f6576656e745f646174655f76616c7565223b7d7d733a31393a224649454c445f4c4f41445f5245564953494f4e223b613a313a7b733a33313a226669656c645f7265766973696f6e5f6669656c645f6576656e745f64617465223b613a313a7b733a353a2276616c7565223b733a32323a226669656c645f6576656e745f646174655f76616c7565223b7d7d7d7d7d733a31323a22666f726569676e206b657973223b613a303a7b7d733a373a22696e6465786573223b613a303a7b7d733a323a226964223b733a323a223733223b7d, 1, 0, 0),
(74, 'field_meta_description', 'metatags_quick', 'metatags_quick', 1, 'field_sql_storage', 'field_sql_storage', 1, 0, 0x613a373a7b733a31323a227472616e736c617461626c65223b733a313a2230223b733a31323a22656e746974795f7479706573223b613a303a7b7d733a383a2273657474696e6773223b613a323a7b733a393a226d6574615f6e616d65223b733a31363a226d6574615f6465736372697074696f6e223b733a31303a226d61785f6c656e677468223b733a333a22323535223b7d733a373a2273746f72616765223b613a353a7b733a343a2274797065223b733a31373a226669656c645f73716c5f73746f72616765223b733a383a2273657474696e6773223b613a303a7b7d733a363a226d6f64756c65223b733a31373a226669656c645f73716c5f73746f72616765223b733a363a22616374697665223b733a313a2231223b733a373a2264657461696c73223b613a313a7b733a333a2273716c223b613a323a7b733a31383a224649454c445f4c4f41445f43555252454e54223b613a313a7b733a33333a226669656c645f646174615f6669656c645f6d6574615f6465736372697074696f6e223b613a313a7b733a31343a226d657461746167735f717569636b223b733a33373a226669656c645f6d6574615f6465736372697074696f6e5f6d657461746167735f717569636b223b7d7d733a31393a224649454c445f4c4f41445f5245564953494f4e223b613a313a7b733a33373a226669656c645f7265766973696f6e5f6669656c645f6d6574615f6465736372697074696f6e223b613a313a7b733a31343a226d657461746167735f717569636b223b733a33373a226669656c645f6d6574615f6465736372697074696f6e5f6d657461746167735f717569636b223b7d7d7d7d7d733a31323a22666f726569676e206b657973223b613a303a7b7d733a373a22696e6465786573223b613a303a7b7d733a323a226964223b733a323a223734223b7d, 1, 0, 0),
(75, 'field_meta_keywords', 'metatags_quick', 'metatags_quick', 1, 'field_sql_storage', 'field_sql_storage', 1, 0, 0x613a373a7b733a31323a227472616e736c617461626c65223b733a313a2230223b733a31323a22656e746974795f7479706573223b613a303a7b7d733a383a2273657474696e6773223b613a323a7b733a393a226d6574615f6e616d65223b733a31333a226d6574615f6b6579776f726473223b733a31303a226d61785f6c656e677468223b733a333a22363030223b7d733a373a2273746f72616765223b613a353a7b733a343a2274797065223b733a31373a226669656c645f73716c5f73746f72616765223b733a383a2273657474696e6773223b613a303a7b7d733a363a226d6f64756c65223b733a31373a226669656c645f73716c5f73746f72616765223b733a363a22616374697665223b733a313a2231223b733a373a2264657461696c73223b613a313a7b733a333a2273716c223b613a323a7b733a31383a224649454c445f4c4f41445f43555252454e54223b613a313a7b733a33303a226669656c645f646174615f6669656c645f6d6574615f6b6579776f726473223b613a313a7b733a31343a226d657461746167735f717569636b223b733a33343a226669656c645f6d6574615f6b6579776f7264735f6d657461746167735f717569636b223b7d7d733a31393a224649454c445f4c4f41445f5245564953494f4e223b613a313a7b733a33343a226669656c645f7265766973696f6e5f6669656c645f6d6574615f6b6579776f726473223b613a313a7b733a31343a226d657461746167735f717569636b223b733a33343a226669656c645f6d6574615f6b6579776f7264735f6d657461746167735f717569636b223b7d7d7d7d7d733a31323a22666f726569676e206b657973223b613a303a7b7d733a373a22696e6465786573223b613a303a7b7d733a323a226964223b733a323a223735223b7d, 1, 0, 0),
(76, 'field_metadescription', 'metatags_quick', 'metatags_quick', 1, 'field_sql_storage', 'field_sql_storage', 1, 0, 0x613a373a7b733a31323a227472616e736c617461626c65223b733a313a2230223b733a31323a22656e746974795f7479706573223b613a303a7b7d733a383a2273657474696e6773223b613a323a7b733a393a226d6574615f6e616d65223b733a31353a226d6574616465736372697074696f6e223b733a31303a226d61785f6c656e677468223b733a333a22333030223b7d733a373a2273746f72616765223b613a353a7b733a343a2274797065223b733a31373a226669656c645f73716c5f73746f72616765223b733a383a2273657474696e6773223b613a303a7b7d733a363a226d6f64756c65223b733a31373a226669656c645f73716c5f73746f72616765223b733a363a22616374697665223b733a313a2231223b733a373a2264657461696c73223b613a313a7b733a333a2273716c223b613a323a7b733a31383a224649454c445f4c4f41445f43555252454e54223b613a313a7b733a33323a226669656c645f646174615f6669656c645f6d6574616465736372697074696f6e223b613a313a7b733a31343a226d657461746167735f717569636b223b733a33363a226669656c645f6d6574616465736372697074696f6e5f6d657461746167735f717569636b223b7d7d733a31393a224649454c445f4c4f41445f5245564953494f4e223b613a313a7b733a33363a226669656c645f7265766973696f6e5f6669656c645f6d6574616465736372697074696f6e223b613a313a7b733a31343a226d657461746167735f717569636b223b733a33363a226669656c645f6d6574616465736372697074696f6e5f6d657461746167735f717569636b223b7d7d7d7d7d733a31323a22666f726569676e206b657973223b613a303a7b7d733a373a22696e6465786573223b613a303a7b7d733a323a226964223b733a323a223736223b7d, 1, 0, 0),
(77, 'field_blog_image', 'image', 'image', 1, 'field_sql_storage', 'field_sql_storage', 1, 0, 0x613a373a7b733a31323a227472616e736c617461626c65223b733a313a2230223b733a31323a22656e746974795f7479706573223b613a303a7b7d733a383a2273657474696e6773223b613a323a7b733a31303a227572695f736368656d65223b733a363a227075626c6963223b733a31333a2264656661756c745f696d616765223b693a303b7d733a373a2273746f72616765223b613a353a7b733a343a2274797065223b733a31373a226669656c645f73716c5f73746f72616765223b733a383a2273657474696e6773223b613a303a7b7d733a363a226d6f64756c65223b733a31373a226669656c645f73716c5f73746f72616765223b733a363a22616374697665223b733a313a2231223b733a373a2264657461696c73223b613a313a7b733a333a2273716c223b613a323a7b733a31383a224649454c445f4c4f41445f43555252454e54223b613a313a7b733a32373a226669656c645f646174615f6669656c645f626c6f675f696d616765223b613a353a7b733a333a22666964223b733a32303a226669656c645f626c6f675f696d6167655f666964223b733a333a22616c74223b733a32303a226669656c645f626c6f675f696d6167655f616c74223b733a353a227469746c65223b733a32323a226669656c645f626c6f675f696d6167655f7469746c65223b733a353a227769647468223b733a32323a226669656c645f626c6f675f696d6167655f7769647468223b733a363a22686569676874223b733a32333a226669656c645f626c6f675f696d6167655f686569676874223b7d7d733a31393a224649454c445f4c4f41445f5245564953494f4e223b613a313a7b733a33313a226669656c645f7265766973696f6e5f6669656c645f626c6f675f696d616765223b613a353a7b733a333a22666964223b733a32303a226669656c645f626c6f675f696d6167655f666964223b733a333a22616c74223b733a32303a226669656c645f626c6f675f696d6167655f616c74223b733a353a227469746c65223b733a32323a226669656c645f626c6f675f696d6167655f7469746c65223b733a353a227769647468223b733a32323a226669656c645f626c6f675f696d6167655f7769647468223b733a363a22686569676874223b733a32333a226669656c645f626c6f675f696d6167655f686569676874223b7d7d7d7d7d733a31323a22666f726569676e206b657973223b613a313a7b733a333a22666964223b613a323a7b733a353a227461626c65223b733a31323a2266696c655f6d616e61676564223b733a373a22636f6c756d6e73223b613a313a7b733a333a22666964223b733a333a22666964223b7d7d7d733a373a22696e6465786573223b613a313a7b733a333a22666964223b613a313a7b693a303b733a333a22666964223b7d7d733a323a226964223b733a323a223737223b7d, 1, 0, 0);

-- --------------------------------------------------------

--
