-- Table structure for table `file_display`
--

CREATE TABLE `file_display` (
  `name` varchar(255) NOT NULL COMMENT 'A combined string (FILE_TYPE__VIEW_MODE__FILE_FORMATTER) identifying a file display configuration. For integration with CTools Exportables, stored as a single string rather than as a compound primary key.',
  `weight` int(11) NOT NULL DEFAULT '0' COMMENT 'Weight of formatter within the display chain for the associated file type and view mode. A file is rendered using the lowest weighted enabled display configuration that matches the file type and view mode and that is capable of displaying the file.',
  `status` tinyint(3) UNSIGNED NOT NULL DEFAULT '0' COMMENT 'The status of the display. (1 = enabled, 0 = disabled)',
  `settings` longblob COMMENT 'A serialized array of name value pairs that store the formatter settings for the display.'
) ENGINE=InnoDB DEFAULT CHARSET=utf8 COMMENT='Stores configuration options for file displays.';

-- --------------------------------------------------------

--
-- Table structure for table `file_managed`
--

CREATE TABLE `file_managed` (
  `fid` int(10) UNSIGNED NOT NULL COMMENT 'File ID.',
  `uid` int(10) UNSIGNED NOT NULL DEFAULT '0' COMMENT 'The users.uid of the user who is associated with the file.',
  `filename` varchar(255) NOT NULL DEFAULT '' COMMENT 'Name of the file with no path components. This may differ from the basename of the URI if the file is renamed to avoid overwriting an existing file.',
  `uri` varchar(255) CHARACTER SET utf8 COLLATE utf8_bin NOT NULL DEFAULT '' COMMENT 'The URI to access the file (either local or remote).',
  `filemime` varchar(255) NOT NULL DEFAULT '' COMMENT 'The file’s MIME type.',
  `filesize` bigint(20) UNSIGNED NOT NULL DEFAULT '0' COMMENT 'The size of the file in bytes.',
  `status` tinyint(4) NOT NULL DEFAULT '0' COMMENT 'A field indicating the status of the file. Two status are defined in core: temporary (0) and permanent (1). Temporary files older than DRUPAL_MAXIMUM_TEMP_FILE_AGE will be removed during a cron run.',
  `timestamp` int(10) UNSIGNED NOT NULL DEFAULT '0' COMMENT 'UNIX timestamp for when the file was added.',
  `type` varchar(50) NOT NULL DEFAULT 'undefined' COMMENT 'The type of this file.',
  `uuid` char(36) NOT NULL DEFAULT '' COMMENT 'The Universally Unique Identifier.'
) ENGINE=InnoDB DEFAULT CHARSET=utf8 COMMENT='Stores information for uploaded files.';

--
-- Dumping data for table `file_managed`
--

INSERT INTO `file_managed` (`fid`, `uid`, `filename`, `uri`, `filemime`, `filesize`, `status`, `timestamp`, `type`, `uuid`) VALUES
(4, 1, 'Fri20May2011055020.jpg', 'public://Fri20May2011055020.jpg', 'image/jpeg', 0, 1, 1450853472, 'image', 'd7ffaac1-ec8b-49ff-8914-7fc72264d907'),
(19, 1, 'Fri23Jul2010035656.jpg', 'public://Fri23Jul2010035656_0.jpg', 'image/jpeg', 0, 1, 1450853472, 'image', '2dc250bc-0004-42d9-bb92-7c40c6f77ea4'),
(21, 1, 'Mon02Aug2010051302.jpg', 'public://Mon02Aug2010051302_0.jpg', 'image/jpeg', 0, 1, 1450853472, 'image', '7c241366-1813-4eff-bff0-9821c63a4930'),
(26, 1, 'Wed21Jul2010045440.jpg', 'public://Wed21Jul2010045440.jpg', 'image/jpeg', 12788, 1, 1450853472, 'image', '34fe500a-3f63-4e1e-ac93-58ba66806294'),
(27, 1, 'Fri23Jul2010030621.jpg', 'public://Fri23Jul2010030621.jpg', 'image/jpeg', 0, 1, 1450853472, 'image', '154819cd-0672-4eee-b768-59dccb636ba0'),
(28, 1, 'Thu22Jul2010034033.jpg', 'public://Thu22Jul2010034033.jpg', 'image/jpeg', 19534, 1, 1450853472, 'image', 'bb80aaf2-e242-475f-bbd0-8cfdb92d4cdb'),
(29, 1, 'Wed19Oct2011061701.jpg', 'public://Wed19Oct2011061701.jpg', 'image/jpeg', 43728, 1, 1450853472, 'image', '33b133c4-3f7e-453b-91fe-893259b62656'),
(30, 1, 'Tue13Jul2010093139.jpg', 'public://Tue13Jul2010093139.jpg', 'image/jpeg', 0, 1, 1450853472, 'image', '8a893f9e-2f78-4654-95db-47ff51f5571e'),
(32, 1, 'Mon02Aug2010063043.jpg', 'public://Mon02Aug2010063043.jpg', 'image/jpeg', 0, 1, 1450853472, 'image', '3cc16ada-1691-4bca-9949-dc28909812a2'),
(33, 1, 'Wed21Jul2010024743.jpg', 'public://Wed21Jul2010024743.jpg', 'image/jpeg', 0, 1, 1450853472, 'image', 'eea88506-8082-49cc-ac09-edf2a33a0927'),
(38, 1, 'client-1.jpg', 'public://client-1.jpg', 'image/jpeg', 19169, 1, 1450853472, 'image', '6df8bc09-1c75-4e3d-acdd-ff8fdd92b653'),
(44, 1, 'Wed21Jul2010041843.jpg', 'public://Wed21Jul2010041843_0.jpg', 'image/jpeg', 0, 1, 1450853472, 'image', '5c6869a1-ba48-4795-89ab-db37f9491af1'),
(47, 1, 'Innovative-New-Office-Spaces-Heenan-Blaikie-01.jpg', 'public://Innovative-New-Office-Spaces-Heenan-Blaikie-01.jpg', 'image/jpeg', 0, 1, 1450853472, 'image', '46b9e760-927f-4116-8a92-35f21e9f2a59'),
(48, 1, 'Ways to Save Electricity in Your Office.jpg', 'public://Ways to Save Electricity in Your Office.jpg', 'image/jpeg', 0, 1, 1450853472, 'image', '23bfa4c6-1e19-4e91-be35-807f2af21ced'),
(53, 2, '7k.jpg', 'public://7k.jpg', 'image/jpeg', 0, 1, 1450853472, 'image', 'aae7b7f8-72eb-4323-a601-4ab676c153f4'),
(54, 2, 'Wed21Jul2010045440.jpg', 'public://Wed21Jul2010045440_0.jpg', 'image/jpeg', 12788, 1, 1450853472, 'image', '7f984e59-7d5e-467c-a89d-d73b51412ff8'),
(55, 2, 'IMG_5970.jpg', 'public://IMG_5970.jpg', 'image/jpeg', 47811, 1, 1450853472, 'image', 'e7881ef7-8c41-42e9-a5d3-8dd9e10764d4'),
(56, 2, 'IMG_5960.jpg', 'public://IMG_5960.jpg', 'image/jpeg', 43320, 1, 1450853472, 'image', 'c49c2a95-680e-4061-9789-f96d41101256'),
(57, 2, 'IMG_7393.jpg', 'public://IMG_7393.jpg', 'image/jpeg', 39326, 1, 1450853472, 'image', 'd5fdc2d1-118e-4e8d-8c6b-3a34c7950218'),
(58, 2, 'IMG_7377.jpg', 'public://IMG_7377.jpg', 'image/jpeg', 53020, 1, 1450853472, 'image', '633743a5-1b04-4211-898e-25a5cb9edd3f'),
(59, 2, 'IMG_7163.jpg', 'public://IMG_7163.jpg', 'image/jpeg', 19729, 1, 1450853472, 'image', '90dcfe7b-71f6-46a9-a87a-4dc188446c65'),
(60, 2, 'IMG_6786.jpg', 'public://IMG_6786.jpg', 'image/jpeg', 51808, 1, 1450853472, 'image', '9614bd71-ba2c-415e-9db0-9d12beefb99d'),
(61, 2, 'IMG_6734.jpg', 'public://IMG_6734.jpg', 'image/jpeg', 43113, 1, 1450853472, 'image', '93baf6da-3397-4821-a1b0-83ccf7905cd7'),
(62, 2, 'IMG_6679.jpg', 'public://IMG_6679.jpg', 'image/jpeg', 41905, 1, 1450853472, 'image', '355b9169-d168-4ede-8ade-be8975efa5d2'),
(63, 2, 'IMG_5982.jpg', 'public://IMG_5982.jpg', 'image/jpeg', 43941, 1, 1450853472, 'image', '6fe80b69-0d67-4f9e-af7f-606a8932b81b'),
(64, 2, 'IMG_5970.jpg', 'public://IMG_5970_0.jpg', 'image/jpeg', 47811, 1, 1450853472, 'image', 'cfed357d-7084-4661-8e5a-05b5824338e6'),
(65, 2, 'IMG_5965.jpg', 'public://IMG_5965.jpg', 'image/jpeg', 38412, 1, 1450853472, 'image', 'df5e0276-b9fd-4fd4-9bf1-6b89d1bf5223'),
(66, 2, '3u.jpg', 'public://3u.jpg', 'image/jpeg', 40198, 1, 1450853472, 'image', 'f743519a-0995-479b-bcc0-e203c05e0bc9'),
(67, 2, 'DSC02453.JPG', 'public://DSC02453.JPG', 'image/jpeg', 131039, 1, 1450853472, 'image', '5f81eddb-47e1-4a6b-99b2-331cb577aeee'),
(68, 2, 'DSC00989.JPG', 'public://DSC00989.JPG', 'image/jpeg', 130807, 1, 1450853472, 'image', '2395d771-2d69-4302-b958-001f963e7721'),
(69, 2, 'IMAGE_161.jpg', 'public://IMAGE_161.jpg', 'image/jpeg', 50042, 1, 1450853472, 'image', '612c9aa8-7ad7-4dec-a8c2-c378a17351a8'),
(70, 2, 'IMG_9066.jpg', 'public://IMG_9066.jpg', 'image/jpeg', 27571, 1, 1450853472, 'image', '923a67ab-9fba-462e-a836-de3069f7939c'),
(71, 2, 'IMAG0897.jpg', 'public://IMAG0897.jpg', 'image/jpeg', 129665, 1, 1450853472, 'image', '9007961e-9baf-4287-8485-6a58cebcb0f4'),
(72, 2, 'DSC01965.JPG', 'public://DSC01965.JPG', 'image/jpeg', 136505, 1, 1450853472, 'image', 'fd66c185-3b48-4f7e-819d-21f386b64c89'),
(73, 2, 'DSC02454.JPG', 'public://DSC02454.JPG', 'image/jpeg', 136011, 1, 1450853472, 'image', 'b6f79e0f-36ce-45a9-8094-d4e4e2c0a16c'),
(77, 1, 'im1.jpg', 'public://im1.jpg', 'image/jpeg', 31381, 1, 1450853472, 'image', '34caf3b2-0c00-4d8e-8408-3e1af7d2fd86'),
(79, 1, 'im2.jpg', 'public://im2.jpg', 'image/jpeg', 7698, 1, 1450853472, 'image', 'a7f5c051-9adb-4cca-9e66-684dc49cc3e3'),
(80, 1, 'im1.jpg', 'public://im1_0.jpg', 'image/jpeg', 31381, 1, 1450853472, 'image', '929df563-6291-42dd-9141-ba4b6ab329f2'),
(82, 1, 'Wed21Jul2010045440.jpg', 'public://Wed21Jul2010045440_1.jpg', 'image/jpeg', 12788, 1, 1450853472, 'image', 'fca7b7b2-5cc8-4d5f-86e1-1bcc65f8afa6'),
(83, 2, '7i.jpg', 'public://7i.jpg', 'image/jpeg', 38897, 1, 1450853472, 'image', '31ce98e1-a918-42e6-a96e-008d15ec3b56'),
(84, 2, '4.JPG', 'public://4.JPG', 'image/jpeg', 35854, 1, 1450853472, 'image', 'e23b69ba-a336-4f3e-9451-ebbe436bfd5c'),
(85, 2, '09-03-09_1339.JPG', 'public://09-03-09_1339.JPG', 'image/jpeg', 63665, 1, 1450853472, 'image', '166b2a38-9d22-4273-a9b3-6b368d27facf'),
(86, 2, 'DSC01728.JPG', 'public://DSC01728.JPG', 'image/jpeg', 142067, 1, 1450853472, 'image', 'd4f2f096-7f08-4d70-bd65-b9cab8391867'),
(87, 2, 'DSC01779.JPG', 'public://DSC01779.JPG', 'image/jpeg', 146866, 1, 1450853472, 'image', '2aa1399b-d0a6-43e7-988d-e064dfd8b981'),
(88, 2, 'DSC02534.JPG', 'public://DSC02534.JPG', 'image/jpeg', 136605, 1, 1450853472, 'image', '90c9c956-7729-4321-a1c5-f4e9a52f1972'),
(89, 2, 'DSC04917.jpg', 'public://DSC04917.jpg', 'image/jpeg', 51836, 1, 1450853472, 'image', '73efe760-eb64-46ad-a3bc-fd8f9a6e5aef'),
(90, 2, 'IMAG0545.jpg', 'public://IMAG0545.jpg', 'image/jpeg', 12667, 1, 1450853472, 'image', '387e05b2-d546-408f-9e8c-4238ec1677b7'),
(91, 2, 'IMG_6800.jpg', 'public://IMG_6800.jpg', 'image/jpeg', 40643, 1, 1450853472, 'image', '41ed12c8-3b8c-4cff-a68e-d6a549ffd0c8'),
(92, 2, 'P3010113.JPG', 'public://P3010113.JPG', 'image/jpeg', 37612, 1, 1450853472, 'image', '92adc6f8-f19a-418f-a29a-d61785b0f15d'),
(93, 2, 'Hebbal.jpg', 'public://Hebbal.jpg', 'image/jpeg', 16031, 1, 1450853472, 'image', '6ce58510-58f9-4f4f-8e2c-a38cb280adae'),
(94, 2, 'IMAG0492.jpg', 'public://IMAG0492.jpg', 'image/jpeg', 10572, 1, 1450853472, 'image', '589aa943-d4c2-442e-8541-8833753e914b'),
(95, 2, 'IMAG0494.jpg', 'public://IMAG0494.jpg', 'image/jpeg', 29104, 1, 1450853472, 'image', 'b49aa7de-1665-4f5d-a732-6b0393bdd514'),
(96, 2, 'IMAG0532.jpg', 'public://IMAG0532.jpg', 'image/jpeg', 34482, 1, 1450853472, 'image', '3daf2b6e-b5ce-4cb6-8ed5-dfa655dbf150'),
(97, 2, 'IMAG0535.jpg', 'public://IMAG0535.jpg', 'image/jpeg', 45152, 1, 1450853472, 'image', '8789b345-562b-4bf7-a3c1-d9fdb8b14702'),
(98, 2, 'IMG_5451.jpg', 'public://IMG_5451.jpg', 'image/jpeg', 41891, 1, 1450853472, 'image', '02016ef4-faae-42fa-bbcd-95f526f6176e'),
(99, 2, 'DSC02546.JPG', 'public://DSC02546.JPG', 'image/jpeg', 134565, 1, 1450853472, 'image', 'a4d40875-5b1c-47f8-b5e7-4d035faaf9bd'),
(100, 2, 'P9110092.JPG', 'public://P9110092.JPG', 'image/jpeg', 34939, 1, 1450853472, 'image', 'b48a3a19-d39b-439c-98ea-3e5ce82e78b6'),
(101, 2, 'DSC00599.JPG', 'public://DSC00599.JPG', 'image/jpeg', 132887, 1, 1450853472, 'image', '7bcc38d7-b0a8-4b94-8743-284d46bddccb'),
(102, 2, 'DSC00603.JPG', 'public://DSC00603.JPG', 'image/jpeg', 125463, 1, 1450853472, 'image', 'd73d7ac3-9e23-43bb-967b-833dcc0c8dac'),
(103, 2, 'IMAG0559.jpg', 'public://IMAG0559.jpg', 'image/jpeg', 36527, 1, 1450853472, 'image', '75a67c0e-aadd-415d-8b49-8fef3b279679'),
(104, 2, 'IMAGE_567.jpg', 'public://IMAGE_567.jpg', 'image/jpeg', 33187, 1, 1450853472, 'image', '4808a47e-b1ec-4f9b-9d13-4322d8166c6e'),
(105, 2, 'IMAGE_572.jpg', 'public://IMAGE_572.jpg', 'image/jpeg', 31823, 1, 1450853472, 'image', '232a7502-cdb3-4149-951a-799719439dbb'),
(106, 2, 'IMAGE_575.jpg', 'public://IMAGE_575.jpg', 'image/jpeg', 36941, 1, 1450853472, 'image', '3e9755a4-02a1-45ac-baa2-1f13785250ab'),
(107, 2, 'P2090134.JPG', 'public://P2090134.JPG', 'image/jpeg', 32015, 1, 1450853472, 'image', '3059d9b4-beb4-4ed5-81db-d68704a00132'),
(108, 2, 'DSC01537.JPG', 'public://DSC01537.JPG', 'image/jpeg', 43313, 1, 1450853472, 'image', '02f3dcf2-1a10-41da-80d4-d5bb724f40b1'),
(109, 2, 'IMG_6741.jpg', 'public://IMG_6741.jpg', 'image/jpeg', 33137, 1, 1450853472, 'image', '482b2015-b0ce-4080-ab1e-51a8f4efa01f'),
(110, 2, 'IMG00298-20100811-1514.jpg', 'public://IMG00298-20100811-1514.jpg', 'image/jpeg', 47405, 1, 1450853472, 'image', '94522255-4885-46d5-97f1-519eee559831'),
(111, 2, 'IMG00300-20100811-1515.jpg', 'public://IMG00300-20100811-1515.jpg', 'image/jpeg', 44612, 1, 1450853472, 'image', 'bfa58ffc-a0ba-412f-ad8d-f1b45f8986bf'),
(112, 2, 'IMG_5970.jpg', 'public://IMG_5970_1.jpg', 'image/jpeg', 38240, 1, 1450853472, 'image', '1049d975-0779-485e-9371-488a3d35d5b4'),
(113, 2, 'DSC02551.JPG', 'public://DSC02551.JPG', 'image/jpeg', 138163, 1, 1450853472, 'image', 'bfc31814-d4ac-45eb-8885-b0d6f11d4587'),
(114, 2, 'IMG00212-20100406-1206.jpg', 'public://IMG00212-20100406-1206.jpg', 'image/jpeg', 46179, 1, 1450853472, 'image', '23bfc0e6-8ab9-4c65-9e6d-2c10b21bd49d'),
(115, 2, 'DSC02019.JPG', 'public://DSC02019.JPG', 'image/jpeg', 138575, 1, 1450853472, 'image', '762d6cc6-c7f9-4a73-9a15-e3355409b30e'),
(116, 2, 'P3050135.JPG', 'public://P3050135.JPG', 'image/jpeg', 38573, 1, 1450853472, 'image', '14789de4-9caa-4115-bfdf-048a9e48a144'),
(117, 2, 'P3050141.JPG', 'public://P3050141.JPG', 'image/jpeg', 38670, 1, 1450853472, 'image', 'a2372ad5-7b1a-487e-b067-3f6a41e01be9'),
(118, 2, 'P3050149.JPG', 'public://P3050149.JPG', 'image/jpeg', 32981, 1, 1450853472, 'image', 'c99f1ad8-e176-470e-b267-6cc579b5fd2a'),
(119, 2, 'indr 021.jpg', 'public://indr 021.jpg', 'image/jpeg', 47105, 1, 1450853472, 'image', '1aa160b6-1499-4a90-85d9-b55846fb4cde'),
(120, 2, 'IMG_6678.jpg', 'public://IMG_6678.jpg', 'image/jpeg', 42311, 1, 1450853472, 'image', 'dab9cf62-7626-4e16-8dd1-0f86dc29a99e'),
(121, 2, 'IMG00103-20100517-1238.jpg', 'public://IMG00103-20100517-1238.jpg', 'image/jpeg', 37265, 1, 1450853472, 'image', '21522521-1955-403a-a05c-62f16b6ac55f'),
(122, 2, 'DSC03230.JPG', 'public://DSC03230.JPG', 'image/jpeg', 144680, 1, 1450853472, 'image', '55af7a31-300b-46b9-a50d-f19c74d47c94'),
(123, 2, 'DSC00714.JPG', 'public://DSC00714.JPG', 'image/jpeg', 135714, 1, 1450853472, 'image', '6a31c7ba-9668-45f1-a2a6-762ce2f05500'),
(124, 2, 'DSC03236.JPG', 'public://DSC03236.JPG', 'image/jpeg', 128282, 1, 1450853472, 'image', '8bafb4ae-be1b-461f-93cb-cbcd1d26f4f0'),
(125, 2, 'DSC03237.JPG', 'public://DSC03237.JPG', 'image/jpeg', 137844, 1, 1450853472, 'image', '53ceecc1-e648-4e47-971d-1638b01ccc8a'),
(126, 2, 'DSC00826.JPG', 'public://DSC00826.JPG', 'image/jpeg', 43595, 1, 1450853472, 'image', '7d70b0e4-2b18-4ba7-8562-1e70131620e9'),
(127, 2, 'IMAGE_159.jpg', 'public://IMAGE_159.jpg', 'image/jpeg', 40379, 1, 1450853472, 'image', '73a6f328-4c56-4595-8314-eed0e7b5eab5'),
(128, 2, 'IMG_5825.jpg', 'public://IMG_5825.jpg', 'image/jpeg', 53752, 1, 1450853472, 'image', 'a5e56e8e-d52a-4393-b81f-130427536dd4'),
(129, 2, 'IMG_5826.jpg', 'public://IMG_5826.jpg', 'image/jpeg', 34566, 1, 1450853472, 'image', '942b2830-a524-480b-bc00-350e0b0007ca'),
(130, 2, 'DSC03465.JPG', 'public://DSC03465.JPG', 'image/jpeg', 24151, 1, 1450853472, 'image', '781b61ce-d913-4791-b5f0-03cf2cfcc18a'),
(131, 2, 'DSC01787.JPG', 'public://DSC01787.JPG', 'image/jpeg', 139531, 1, 1450853472, 'image', '9c06ff12-7921-4059-8344-5f4e0d8cf97a'),
(132, 2, 'DSC01788.JPG', 'public://DSC01788.JPG', 'image/jpeg', 142664, 1, 1450853472, 'image', 'b6b8ff2a-f49c-41c3-9f70-d76d202cbde5'),
(133, 2, 'IMG_7150.jpg', 'public://IMG_7150.jpg', 'image/jpeg', 39759, 1, 1450853472, 'image', '96aac117-15a0-45af-906e-8fcda34cfc16'),
(136, 2, 'DSC02521.JPG', 'public://DSC02521.JPG', 'image/jpeg', 135916, 1, 1450853472, 'image', 'a63d1101-015c-4ee0-834b-38453eec62ce'),
(137, 2, 'DSC02529.JPG', 'public://DSC02529.JPG', 'image/jpeg', 141187, 1, 1450853472, 'image', '96ec93ee-a54e-4840-b6aa-3452971c95c6'),
(138, 2, 'DSC02531.JPG', 'public://DSC02531.JPG', 'image/jpeg', 135350, 1, 1450853472, 'image', '6661a51c-730b-43a5-9d15-4cf5351c352c'),
(139, 2, 'IMG00057-20100409-1819.jpg', 'public://IMG00057-20100409-1819.jpg', 'image/jpeg', 44392, 1, 1450853472, 'image', '1f2cd43f-2888-4ea7-8644-8f2ae3f98b12'),
(140, 2, 'P9280118.JPG', 'public://P9280118.JPG', 'image/jpeg', 34332, 1, 1450853472, 'image', '6508bbc4-788b-4c0e-972c-c16545c15b86'),
(141, 2, 'P9280125.JPG', 'public://P9280125.JPG', 'image/jpeg', 33843, 1, 1450853472, 'image', '4db96640-df09-4c30-905e-a101cd6aca80'),
(142, 2, 'P9280129.JPG', 'public://P9280129.JPG', 'image/jpeg', 32563, 1, 1450853472, 'image', 'a73286c3-6ed7-4be4-afc5-53a71641d76b'),
(143, 2, 'DSC00852.JPG', 'public://DSC00852.JPG', 'image/jpeg', 145236, 1, 1450853472, 'image', '0a7cd744-42d9-482b-bb27-749aeb81206d'),
(144, 2, 'IMG00157-20100714-1314.jpg', 'public://IMG00157-20100714-1314.jpg', 'image/jpeg', 49549, 1, 1450853472, 'image', '1778a4b1-51e6-4bce-94c3-1d097840184d'),
(145, 2, 'IMG_7418.jpg', 'public://IMG_7418.jpg', 'image/jpeg', 35286, 1, 1450853472, 'image', 'd72b78c0-679e-4157-8819-6a6147b5b3d8'),
(146, 2, 'IMG_6748.jpg', 'public://IMG_6748.jpg', 'image/jpeg', 34902, 1, 1450853475, 'image', '94f6c20a-dc5e-4061-8a44-4fbc0af1556f'),
(147, 2, 'DSC01734.JPG', 'public://DSC01734.JPG', 'image/jpeg', 135576, 1, 1450853475, 'image', 'db52792c-9d7c-46ca-8dca-168fb9ec59df'),
(148, 2, 'IMG_5943.jpg', 'public://IMG_5943.jpg', 'image/jpeg', 38430, 1, 1450853475, 'image', '1e9558bc-77d5-47b9-990e-c422b7e195cf'),
(149, 2, 'IMG_5950.jpg', 'public://IMG_5950.jpg', 'image/jpeg', 36694, 1, 1450853475, 'image', 'b4b60d79-d8f7-4f6f-8c0c-221fc61b6fee'),
(150, 2, 'IMAGE_650.jpg', 'public://IMAGE_650.jpg', 'image/jpeg', 29623, 1, 1450853475, 'image', '3ac1e440-cda9-453e-bce0-9c0fbcaeda10'),
(151, 2, 'IMG_8208.jpg', 'public://IMG_8208.jpg', 'image/jpeg', 37865, 1, 1450853475, 'image', '79b94bad-fe6f-41aa-ba09-e00abfc522fc'),
(152, 2, 'DSC01734.JPG', 'public://DSC01734_0.JPG', 'image/jpeg', 135576, 1, 1450853475, 'image', '622c80c8-c5ce-44fd-ab28-5bc2b680c140'),
(153, 2, 'IMG_5943.jpg', 'public://IMG_5943_0.jpg', 'image/jpeg', 38430, 1, 1450853475, 'image', '2c7619dc-dd36-405f-b685-2ee8b1349aaf'),
(154, 2, 'DSC01742.JPG', 'public://DSC01742.JPG', 'image/jpeg', 142257, 1, 1450853475, 'image', 'c26959d7-72f3-4dcc-ab77-11f477322ba2'),
(155, 2, 'IMAG0547.jpg', 'public://IMAG0547.jpg', 'image/jpeg', 15496, 1, 1450853475, 'image', '0243bd68-a1c4-4e63-9bc8-d12eeea59079'),
(156, 2, 'IMAG0548.jpg', 'public://IMAG0548.jpg', 'image/jpeg', 13650, 1, 1450853475, 'image', '3799de77-115c-437b-bb40-423689192873'),
(157, 2, '3b.jpg', 'public://3b.jpg', 'image/jpeg', 41428, 1, 1450853475, 'image', 'eaebc944-3d61-4d05-9e1e-c005ec098c41'),
(158, 2, '3d.jpg', 'public://3d.jpg', 'image/jpeg', 39343, 1, 1450853475, 'image', 'c8b7750e-f41c-4443-a71e-43e1cf7e2f45'),
(159, 2, '3p.jpg', 'public://3p.jpg', 'image/jpeg', 40677, 1, 1450853475, 'image', '6f9933cb-79b8-4cd4-8215-d520bc5b7ab2'),
(160, 2, '7i.jpg', 'public://7i_0.jpg', 'image/jpeg', 38897, 1, 1450853475, 'image', '875e0fda-a7f8-4686-83f1-0c54ed6904c5'),
(161, 2, '7l.jpg', 'public://7l.jpg', 'image/jpeg', 37304, 1, 1450853475, 'image', 'dddb1e16-6d5b-4bb8-85d4-0b6c4fd7d77f'),
(162, 2, '7n.jpg', 'public://7n.jpg', 'image/jpeg', 36825, 1, 1450853475, 'image', '5166ab2f-9493-4d1a-9621-1b22715be504'),
(163, 2, 'IMAG0817.jpg', 'public://IMAG0817.jpg', 'image/jpeg', 105777, 1, 1450853475, 'image', '046411c0-6e48-4b56-846e-59e93b3c279b'),
(164, 2, 'P5180494.JPG', 'public://P5180494.JPG', 'image/jpeg', 41309, 1, 1450853475, 'image', '6a80f696-893c-46b0-aef1-5ae8b9f80a82'),
(165, 2, 'IMAG0545.jpg', 'public://IMAG0545_0.jpg', 'image/jpeg', 34291, 1, 1450853475, 'image', 'd53c3a47-b8d5-477a-aef4-d7684096d601'),
(166, 2, 'DSC02541.JPG', 'public://DSC02541.JPG', 'image/jpeg', 138037, 1, 1450853475, 'image', '5da98780-919c-40ae-8c26-7590f98eaf7a'),
(167, 2, '10-11-09_1738.jpg', 'public://10-11-09_1738.jpg', 'image/jpeg', 23569, 1, 1450853475, 'image', '65e87012-679e-4b70-81b5-885485f5d6c4'),
(168, 2, 'IMG_5982.jpg', 'public://IMG_5982_0.jpg', 'image/jpeg', 43687, 1, 1450853475, 'image', '5ba04b22-fb89-4fd8-a97e-a67d88b4c0a2'),
(169, 2, 'IMG_8294.jpg', 'public://IMG_8294.jpg', 'image/jpeg', 41203, 1, 1450853475, 'image', '8f171203-fab6-4b70-992f-764d972c80b9'),
(170, 2, '17-04-09_1815.jpg', 'public://17-04-09_1815.jpg', 'image/jpeg', 21189, 1, 1450853475, 'image', 'a3fcfa0c-ff7a-4e87-91fe-fd3c8d987007'),
(171, 2, 'IMG00048-20091031-1316.jpg', 'public://IMG00048-20091031-1316.jpg', 'image/jpeg', 30695, 1, 1450853475, 'image', '4f4d15ca-f0a8-4663-9873-34ff30ac8066'),
(172, 2, 'DSC01649.JPG', 'public://DSC01649.JPG', 'image/jpeg', 32465, 1, 1450853475, 'image', '7c6176c2-ea34-4cf2-b629-5960528fa13a'),
(173, 2, 'DSC01650.JPG', 'public://DSC01650.JPG', 'image/jpeg', 36653, 1, 1450853475, 'image', 'df28e881-365e-4164-9889-c24d18d1c8e6'),
(174, 2, 'DSC01652.JPG', 'public://DSC01652.JPG', 'image/jpeg', 39852, 1, 1450853475, 'image', '1a6cab04-804b-4b06-b9bd-9146b35c693c'),
(175, 2, 'DSC01656.JPG', 'public://DSC01656.JPG', 'image/jpeg', 27755, 1, 1450853475, 'image', 'c3d80cb3-554a-4c9c-9a48-71f270a0eca8'),
(176, 2, '25-06-09_1407.jpg', 'public://25-06-09_1407.jpg', 'image/jpeg', 25482, 1, 1450853475, 'image', '88181d27-9a6b-49a8-bcb6-e0e0c37fd32b'),
(177, 2, '25-06-09_1326.jpg', 'public://25-06-09_1326.jpg', 'image/jpeg', 19416, 1, 1450853475, 'image', '8d5fd4fe-8382-47de-83de-14f8a80baea5'),
(178, 2, '17-06-09_1313.jpg', 'public://17-06-09_1313.jpg', 'image/jpeg', 18446, 1, 1450853475, 'image', '92736fa5-ecd4-43cc-ace4-f2d9c68705ef'),
(179, 2, 'IMG_7860.jpg', 'public://IMG_7860.jpg', 'image/jpeg', 48963, 1, 1450853475, 'image', 'd493a731-146d-448c-815f-562598943886'),
(180, 2, 'IMG_7862.jpg', 'public://IMG_7862.jpg', 'image/jpeg', 41235, 1, 1450853475, 'image', '774e42d1-486f-47e6-8bee-f9ac58f9129a'),
(181, 2, 'IMG_7867.jpg', 'public://IMG_7867.jpg', 'image/jpeg', 39889, 1, 1450853475, 'image', 'cc676a42-a1ea-4e25-934f-d7ffa2121efb'),
(182, 2, 'IMG_7868.jpg', 'public://IMG_7868.jpg', 'image/jpeg', 37091, 1, 1450853475, 'image', '9dbefb6d-2acd-4c56-a8de-757595ea75f0'),
(183, 2, 'IMG_7870.jpg', 'public://IMG_7870.jpg', 'image/jpeg', 39052, 1, 1450853475, 'image', '2aef02a8-db57-4453-821c-7d771d033d31'),
(184, 2, 'IMG_8661.jpg', 'public://IMG_8661.jpg', 'image/jpeg', 42220, 1, 1450853475, 'image', '6eabb892-1adf-4842-a604-a81e6c9fdaf9'),
(185, 2, 'IMG_8660.jpg', 'public://IMG_8660.jpg', 'image/jpeg', 42503, 1, 1450853475, 'image', '7281b60f-9038-4615-87d3-984cbb87b0de'),
(186, 2, 'IMG_8663.jpg', 'public://IMG_8663.jpg', 'image/jpeg', 39714, 1, 1450853475, 'image', 'af4d5b50-4f7c-4d34-b2b7-dea29b939b49'),
(187, 2, 'IMG_8667.jpg', 'public://IMG_8667.jpg', 'image/jpeg', 36341, 1, 1450853475, 'image', '76731228-85f7-40d2-b897-14a3563d77c6'),
(188, 2, 'Conference Room View 1.jpg', 'public://Conference Room View 1.jpg', 'image/jpeg', 38496, 1, 1450853475, 'image', '37967e8b-f2b1-4cee-b93f-7be4b8150842'),
(189, 2, 'Workstation View 1.jpg', 'public://Workstation View 1.jpg', 'image/jpeg', 35908, 1, 1450853475, 'image', 'bf85363b-1dd2-420b-bd25-aa12be957a0c'),
(190, 2, 'Workstation View 5.jpg', 'public://Workstation View 5.jpg', 'image/jpeg', 39240, 1, 1450853475, 'image', '3b003133-a6f0-4943-865d-32a8441508a6'),
(191, 2, 'DSC01811.JPG', 'public://DSC01811.JPG', 'image/jpeg', 139018, 1, 1450853475, 'image', '12b0a8aa-718f-443d-bf09-9b14face2271'),
(192, 2, '16-04-09_1059.jpg', 'public://16-04-09_1059.jpg', 'image/jpeg', 19982, 1, 1450853475, 'image', '57b87409-f621-42eb-84b4-f1750c688dcb'),
(193, 2, '11-02-09_1904.jpg', 'public://11-02-09_1904.jpg', 'image/jpeg', 23437, 1, 1450853475, 'image', '5ff38b4a-f438-46e7-9e63-89ddec2d9569'),
(194, 2, 'DSC02483.JPG', 'public://DSC02483.JPG', 'image/jpeg', 142058, 1, 1450853475, 'image', '8a3703a0-d79a-497e-8702-53a3cc022bff'),
(195, 2, 'DSC02488.JPG', 'public://DSC02488.JPG', 'image/jpeg', 137643, 1, 1450853475, 'image', 'a12178e4-cee2-414d-a93b-693160c5ba72'),
(196, 2, 'IMG_9080.jpg', 'public://IMG_9080.jpg', 'image/jpeg', 39240, 1, 1450853475, 'image', '10846e2a-225d-46db-aaab-cf2a9e28bbe0'),
(197, 2, 'IMG_9343.jpg', 'public://IMG_9343.jpg', 'image/jpeg', 47816, 1, 1450853475, 'image', 'a94c6eae-dbd8-4fd7-865a-940faaaa39c8'),
(198, 2, 'Photo0308.jpg', 'public://Photo0308.jpg', 'image/jpeg', 30615, 1, 1450853475, 'image', 'c5b9df7b-47d5-4858-a431-35287ef0def4'),
(199, 2, 'Photo0313.jpg', 'public://Photo0313.jpg', 'image/jpeg', 34292, 1, 1450853475, 'image', '5cd1cf71-66d7-4ee8-903b-73c084c90c16'),
(200, 2, '14-04-09_1044.jpg', 'public://14-04-09_1044.jpg', 'image/jpeg', 23285, 1, 1450853475, 'image', '2a5c6480-aaab-4eab-8040-c115514f82e6'),
(201, 2, '14-04-09_1048.jpg', 'public://14-04-09_1048.jpg', 'image/jpeg', 25105, 1, 1450853475, 'image', '7907f0cc-2dd8-46da-8329-0485d02838bc'),
(202, 2, '18-02-09_1451.jpg', 'public://18-02-09_1451.jpg', 'image/jpeg', 20299, 1, 1450853475, 'image', 'b5e865fe-6fec-4b26-8003-d7b995e785a8'),
(203, 2, '18-02-09_1457.jpg', 'public://18-02-09_1457.jpg', 'image/jpeg', 20769, 1, 1450853475, 'image', '9ffad4a6-9691-4d3f-a0ca-5f2fd8ec4acb'),
(204, 2, '20-04-09_1309.jpg', 'public://20-04-09_1309.jpg', 'image/jpeg', 18939, 1, 1450853475, 'image', '3932f08f-dba2-424c-b9cd-54eca9601f1e'),
(205, 2, 'IMG_9800.JPG', 'public://IMG_9800.JPG', 'image/jpeg', 32639, 1, 1450853475, 'image', '9483cb66-d5c2-4a70-9a2a-e69d55b309da'),
(206, 2, 'IMG_8405.jpg', 'public://IMG_8405.jpg', 'image/jpeg', 48404, 1, 1450853475, 'image', 'aeb9dfd9-50fd-4c0b-b9de-6d5b85a3e21d'),
(207, 2, 'IMG_8412.jpg', 'public://IMG_8412.jpg', 'image/jpeg', 46503, 1, 1450853475, 'image', '5e120bab-9e0d-4031-a69d-9520898fe8f7'),
(208, 2, 'DSC02701.JPG', 'public://DSC02701.JPG', 'image/jpeg', 140261, 1, 1450853475, 'image', '91069f8b-651f-453c-a733-b1a1a0ef3fca'),
(209, 2, 'DSC02704.JPG', 'public://DSC02704.JPG', 'image/jpeg', 138312, 1, 1450853475, 'image', '3e83b79f-4c42-4fa6-bd78-5785c4f05550'),
(210, 2, '25-08-09_1124.jpg', 'public://25-08-09_1124.jpg', 'image/jpeg', 26623, 1, 1450853475, 'image', '2cdd8a5f-5394-4e4b-b845-835c537910c2'),
(211, 2, '3.JPG', 'public://3.JPG', 'image/jpeg', 41221, 1, 1450853475, 'image', '67f18018-1f81-43b5-8f07-ae45d7dca223'),
(212, 2, '14.jpg', 'public://14.jpg', 'image/jpeg', 23239, 1, 1450853475, 'image', 'd9be210b-824e-46cc-af43-9a172d273c82'),
(213, 2, 'DSC00498.JPG', 'public://DSC00498.JPG', 'image/jpeg', 164625, 1, 1450853475, 'image', '3c1b93e9-a5cb-4345-b8f4-8080833b0ebf'),
(214, 2, 'DSC00520.JPG', 'public://DSC00520.JPG', 'image/jpeg', 166561, 1, 1450853475, 'image', 'ec4ea37e-8a0c-4d53-b0ed-8303ccad1d6d'),
(216, 2, 'DSC00538.JPG', 'public://DSC00538.JPG', 'image/jpeg', 165504, 1, 1450853475, 'image', 'bb0a708d-107d-4ef1-a9b6-b6bebb81ea83'),
(217, 2, 'IMG00329-20120217-1651.jpg', 'public://IMG00329-20120217-1651.jpg', 'image/jpeg', 70998, 1, 1450853475, 'image', '7d20e9bb-f3c8-41c5-aeaa-0f104cb9ba16'),
(218, 2, '5.JPG', 'public://5.JPG', 'image/jpeg', 40456, 1, 1450853475, 'image', '6bb04aff-2abe-47ff-9223-025a49aeb1a6'),
(219, 2, 'DSC00541.JPG', 'public://DSC00541.JPG', 'image/jpeg', 165855, 1, 1450853475, 'image', '822e93a4-3bc8-4788-af60-3440e1eb0069'),
(220, 2, 'DSC03990.JPG', 'public://DSC03990.JPG', 'image/jpeg', 130980, 1, 1450853475, 'image', 'b461a300-eea8-4516-b67b-1d11d5293662'),
(221, 2, 'DSC00543.JPG', 'public://DSC00543.JPG', 'image/jpeg', 164662, 1, 1450853475, 'image', 'c5b25ae5-562e-4314-bad7-84985bd5f5f2'),
(223, 2, 'DSC03998 usd.JPG', 'public://DSC03998 usd.JPG', 'image/jpeg', 134925, 1, 1450853475, 'image', '7f1e0628-6a92-4b7c-8c42-b5be0e4e0b7f'),
(224, 2, 'DSC00501.JPG', 'public://DSC00501.JPG', 'image/jpeg', 164242, 1, 1450853475, 'image', 'e59ad7fd-9f46-48e9-be80-8ee63099c417'),
(225, 2, 'DSC00507.JPG', 'public://DSC00507.JPG', 'image/jpeg', 166519, 1, 1450853475, 'image', 'ecd9a3ff-a6a5-4f05-9d6a-3f0ebf57fe7e'),
(226, 2, 'DSC00523.JPG', 'public://DSC00523.JPG', 'image/jpeg', 166208, 1, 1450853475, 'image', 'ff9ad721-345e-4844-b34c-ae7de5642c4e'),
(227, 2, 'DSC00564.JPG', 'public://DSC00564.JPG', 'image/jpeg', 164915, 1, 1450853475, 'image', 'd3576148-2740-47d7-92e9-0bee43da4e94'),
(228, 2, 'IMG_7811usd.jpg', 'public://IMG_7811usd.jpg', 'image/jpeg', 45005, 1, 1450853475, 'image', 'a6ce42fa-92a9-485d-a7b4-3ed83dca9628'),
(229, 2, 'DSC00557.JPG', 'public://DSC00557.JPG', 'image/jpeg', 166700, 1, 1450853475, 'image', 'a257eaa9-8706-4d12-ae06-ed4a5194e99b'),
(230, 2, 'P5180494.JPG', 'public://P5180494_0.JPG', 'image/jpeg', 41309, 1, 1450853475, 'image', '4b850c1e-5f41-4f36-8e4d-86a9fc93c6e7'),
(231, 2, 'DSC02466.JPG', 'public://DSC02466.JPG', 'image/jpeg', 146911, 1, 1450853475, 'image', 'e3e332a9-1e3f-4206-b335-fa421d647f31'),
(232, 2, 'DSC04917.jpg', 'public://DSC04917_0.jpg', 'image/jpeg', 51836, 1, 1450853475, 'image', '671a6135-4d0d-4d75-8b72-3ed13bb64452'),
(233, 2, 'IMG_5962.jpg', 'public://IMG_5962.jpg', 'image/jpeg', 37675, 1, 1450853475, 'image', '4806d454-51a5-4a5e-bef9-c8c00bb9b6e2'),
(234, 2, 'DSC03974.JPG', 'public://DSC03974.JPG', 'image/jpeg', 140807, 1, 1450853475, 'image', 'e69a4296-02c0-4961-95ed-bdeea0e6b448'),
(235, 2, 'Modular-Workstations.jpg', 'public://Modular-Workstations.jpg', 'image/jpeg', 152401, 1, 1450853475, 'image', '1d2fa307-a4e6-4fbd-8f8e-c38b46e93493'),
(236, 2, 'Modular-Office.jpg', 'public://Modular-Office.jpg', 'image/jpeg', 121409, 1, 1450853475, 'image', '702d9f7d-c562-4381-87ea-b52e95ad773d'),
(238, 2, '551274_10151173881024037_373871105_n.jpg', 'public://551274_10151173881024037_373871105_n.jpg', 'image/jpeg', 33447, 1, 1450853475, 'image', 'ef025106-a5f3-40ed-865f-62e4a18a527a'),
(239, 2, '188415_10151173881294037_1742828674_n usd.jpg', 'public://188415_10151173881294037_1742828674_n usd.jpg', 'image/jpeg', 34554, 1, 1450853475, 'image', '7a030597-8a80-4e85-8517-53226d655df1'),
(240, 2, 'IMG_5960.jpg', 'public://IMG_5960_0.jpg', 'image/jpeg', 43378, 1, 1450853475, 'image', 'd9e7e6f8-15e1-4fa1-8da4-e029e1a1c470'),
(243, 2, 'DSC00529.JPG', 'public://DSC00529.JPG', 'image/jpeg', 165493, 1, 1450853475, 'image', '346f9f68-c3d2-48a5-acf4-c74611ebd721'),
(244, 2, 'DSC04936.jpg', 'public://DSC04936.jpg', 'image/jpeg', 53933, 1, 1450853475, 'image', '844bd05f-492c-4c4a-8a2b-cf951446ab4a'),
(245, 2, 'DSC01728.JPG', 'public://DSC01728_0.JPG', 'image/jpeg', 142067, 1, 1450853475, 'image', '39b6e79c-cb9a-4952-903b-b92cdeda9641'),
(246, 2, 'IMG_7817.jpg', 'public://IMG_7817.jpg', 'image/jpeg', 37282, 1, 1450853475, 'image', '6ca9215f-1d0d-4e2c-ab8f-77d097f4f829'),
(247, 2, 'IMG_7806.jpg', 'public://IMG_7806.jpg', 'image/jpeg', 35111, 1, 1450853475, 'image', 'b2654789-279a-41e3-a671-96245ea56c2b'),
(248, 2, 'DSC03992.JPG', 'public://DSC03992.JPG', 'image/jpeg', 127205, 1, 1450853475, 'image', 'b4e78754-3f29-48f3-91f2-59bccdede849'),
(249, 2, 'IMG00832-20120217-1620.jpg', 'public://IMG00832-20120217-1620.jpg', 'image/jpeg', 45162, 1, 1450853475, 'image', 'ec174a68-132a-4e05-8256-b32644488e3e'),
(250, 2, 'ac01.JPG', 'public://ac01.JPG', 'image/jpeg', 38356, 1, 1450853475, 'image', 'cfa9be5f-eab8-4cf5-a1fa-9876bf038051'),
(251, 2, 'ac02.JPG', 'public://ac02.JPG', 'image/jpeg', 37015, 1, 1450853477, 'image', '63f6534b-211c-4f9e-83db-e71842a96248'),
(252, 2, 'ac03.jpg', 'public://ac03.jpg', 'image/jpeg', 8922, 1, 1450853477, 'image', '7082de13-b120-4ad4-980c-dc45a7653800'),
(253, 2, 'ac04.jpg', 'public://ac04.jpg', 'image/jpeg', 80267, 1, 1450853477, 'image', 'add6e7dc-fdd7-4f02-914a-05a8cccd85a1'),
(254, 2, 'ac05.jpg', 'public://ac05.jpg', 'image/jpeg', 31857, 1, 1450853477, 'image', '379c012f-1456-4223-b12e-1079c088019c'),
(255, 2, 'ac23.jpg', 'public://ac23.jpg', 'image/jpeg', 131432, 1, 1450853477, 'image', '89b6ba14-b673-40df-a0b6-eb4e2a243a32'),
(256, 2, 'ac18.jpg', 'public://ac18.jpg', 'image/jpeg', 5939, 1, 1450853477, 'image', '6eef880c-f4a8-4d98-b5b1-d519060ebbf0'),
(257, 2, 'ac09.jpg', 'public://ac09.jpg', 'image/jpeg', 26688, 1, 1450853477, 'image', 'bf802e26-77ae-4e83-842e-b3a34fe73951'),
(260, 2, 'ac20.jpg', 'public://ac20_0.jpg', 'image/jpeg', 9719, 1, 1450853477, 'image', 'd967f904-f71d-45ef-8f31-b4173b5c6838'),
(261, 2, 'ac21.JPG', 'public://ac21.JPG', 'image/jpeg', 25367, 1, 1450853477, 'image', '67575833-5f55-45af-b546-eb58d71b2c45'),
(262, 2, 'ac24.jpg', 'public://ac24.jpg', 'image/jpeg', 17758, 1, 1450853477, 'image', '62b44a24-2721-4b00-91cd-38936f7c0b42'),
(263, 2, 'ac14.jpg', 'public://ac14.jpg', 'image/jpeg', 41405, 1, 1450853477, 'image', '82688b5a-95ba-4a20-9a70-a00410dcb72e'),
(264, 2, 'ac08.PNG', 'public://ac08.PNG', 'image/png', 865933, 1, 1450853477, 'image', 'f4166316-6066-48c8-a3ef-e6d90ffaa2fd'),
(265, 2, 'ac10.jpg', 'public://ac10.jpg', 'image/jpeg', 24726, 1, 1450853477, 'image', 'e99b70a1-3405-4d63-94ed-3ea9da828ab6'),
(266, 2, 'ac05.jpg', 'public://ac05_0.jpg', 'image/jpeg', 31857, 1, 1450853477, 'image', '42451716-b441-4b8d-9441-b3e5b6e657b1'),
(267, 2, 'ac06.jpg', 'public://ac06.jpg', 'image/jpeg', 150652, 1, 1450853477, 'image', '5b66658f-c0ee-4fd2-8c56-fde9f5f4fc4c'),
(268, 2, 'ac08.PNG', 'public://ac08_0.PNG', 'image/png', 865933, 1, 1450853477, 'image', '3e9bed52-108c-4c89-96f6-814e4d36148b'),
(269, 2, 'ac15.jpg', 'public://ac15.jpg', 'image/jpeg', 47029, 1, 1450853477, 'image', '117942fc-2fd2-48d2-ba69-fc29f75e21d1'),
(270, 2, 'ac06.jpg', 'public://ac06_0.jpg', 'image/jpeg', 150652, 1, 1450853477, 'image', '30bce0d3-d132-42b2-b189-73758c4a8653'),
(271, 2, 'ac12.jpg', 'public://ac12.jpg', 'image/jpeg', 10631, 1, 1450853477, 'image', 'e078b37e-c21b-408b-9801-b18c36b5dd61'),
(272, 2, 'ac09.jpg', 'public://ac09_0.jpg', 'image/jpeg', 26688, 1, 1450853477, 'image', 'dd35a0bc-59e2-4991-89c9-6cc5da2e1b27'),
(273, 2, 'ac07.jpg', 'public://ac07.jpg', 'image/jpeg', 179572, 1, 1450853477, 'image', 'bac7e4fc-9cfa-4660-8999-b7f02a52ba0e'),
(275, 2, 'ac11.jpg', 'public://ac11_0.jpg', 'image/jpeg', 28322, 1, 1450853477, 'image', '402953ff-f623-47ee-b041-8aaa3f0c5705'),
(276, 2, 'ac12.jpg', 'public://ac12_0.jpg', 'image/jpeg', 10631, 1, 1450853477, 'image', '5e05dce4-4f19-4733-a68f-7adfbee833ee'),
(277, 2, 'ac13.jpg', 'public://ac13.jpg', 'image/jpeg', 50651, 1, 1450853477, 'image', '173441b8-2783-4ff6-88bc-5cc565495d7d'),
(278, 2, 'ac22.jpg', 'public://ac22.jpg', 'image/jpeg', 39326, 1, 1450853477, 'image', 'e0eda398-967e-40a7-838e-ce983e37433f'),
(279, 2, 'ac17.jpg', 'public://ac17.jpg', 'image/jpeg', 44970, 1, 1450853477, 'image', '92b5159d-3d99-4c73-96d7-5d85f46c69d9'),
(280, 2, 'ac16.jpg', 'public://ac16.jpg', 'image/jpeg', 41869, 1, 1450853477, 'image', '8eec395b-53aa-4ab7-8a5e-58ee64e0d86a'),
(281, 2, 'DSC03997.JPG', 'public://DSC03997.JPG', 'image/jpeg', 138787, 1, 1450853477, 'image', 'e1a3a518-f7cd-42a8-bafe-7fc9c0475b1a'),
(282, 2, 'DSC00546.JPG', 'public://DSC00546.JPG', 'image/jpeg', 166628, 1, 1450853477, 'image', 'd5e3ee79-c221-4bb8-9077-19097c4465f9'),
(283, 2, 'DSC00540.JPG', 'public://DSC00540.JPG', 'image/jpeg', 166527, 1, 1450853477, 'image', 'd8982f61-315d-4ac4-bcd1-78b6d283dd14'),
(284, 2, 'DSC00537.JPG', 'public://DSC00537.JPG', 'image/jpeg', 166192, 1, 1450853477, 'image', '45088278-cc0f-4829-b7d3-eb4076767b9b'),
(285, 2, 'DSC00509.JPG', 'public://DSC00509.JPG', 'image/jpeg', 166315, 1, 1450853477, 'image', '006fb196-52eb-4ed9-8458-459e74407b1f'),
(286, 2, 'DSC00506.JPG', 'public://DSC00506.JPG', 'image/jpeg', 166164, 1, 1450853477, 'image', '4437f477-229b-464f-a42f-1f0df10bb762'),
(287, 2, 'DSC03993.JPG', 'public://DSC03993.JPG', 'image/jpeg', 138668, 1, 1450853477, 'image', '1fc994cc-c2b8-4b1a-af65-d29fb460589f'),
(288, 2, 'DSC03989.JPG', 'public://DSC03989.JPG', 'image/jpeg', 136948, 1, 1450853477, 'image', 'beed0129-8913-426e-8eb3-4714e03b3efe'),
(289, 2, 'DSC03973.JPG', 'public://DSC03973.JPG', 'image/jpeg', 130454, 1, 1450853477, 'image', 'c07b95c0-dfb8-4688-a52d-2d2cd474e3f9'),
(290, 2, 'DSC00522.JPG', 'public://DSC00522.JPG', 'image/jpeg', 163782, 1, 1450853477, 'image', '72b63211-5298-45ee-a4f7-e6376e37fd30'),
(291, 2, 'DSC00506.JPG', 'public://DSC00506_0.JPG', 'image/jpeg', 166164, 1, 1450853477, 'image', 'daca6ebd-eff1-4b7a-b6ee-e14f21204460'),
(292, 2, 'DSC00500.JPG', 'public://DSC00500.JPG', 'image/jpeg', 166515, 1, 1450853477, 'image', 'e0f7afa9-1a99-41b8-8906-ee29828c919f'),
(293, 2, 'cob2.jpg', 'public://cob2.jpg', 'image/jpeg', 77990, 1, 1450853477, 'image', '017451a7-e24f-4b29-922b-bac72ec848ec'),
(294, 2, 'DSC00497.JPG', 'public://DSC00497.JPG', 'image/jpeg', 166506, 1, 1450853477, 'image', '618dc1d1-e7b6-42b8-92cf-bb6dc7315876'),
(295, 2, 'P9280128.JPG', 'public://P9280128.JPG', 'image/jpeg', 35018, 1, 1450853477, 'image', 'd5656be9-60c5-492d-8b06-3d0e5c5fefb8'),
(296, 2, 'IMG_7728.jpg', 'public://IMG_7728.jpg', 'image/jpeg', 45698, 1, 1450853477, 'image', '5a12dccd-68c4-4f79-bcdd-c7a8413f1c71'),
(297, 2, 'IMG_7805.jpg', 'public://IMG_7805.jpg', 'image/jpeg', 37092, 1, 1450853477, 'image', '78816826-6699-428e-830e-fcaf0ffaf519'),
(298, 2, 'IMG00326-20120217-1649.jpg', 'public://IMG00326-20120217-1649.jpg', 'image/jpeg', 68656, 1, 1450853477, 'image', 'eac86839-67b2-45e1-a658-5126142ec46d'),
(299, 2, 'DSC01788.JPG', 'public://DSC01788_0.JPG', 'image/jpeg', 142664, 1, 1450853477, 'image', 'c52ea281-337b-462a-bd9f-2e7c07668ddb'),
(300, 2, 'DSC03973.JPG', 'public://DSC03973_0.JPG', 'image/jpeg', 130454, 1, 1450853477, 'image', '6c686bcf-7db6-4890-829a-40af4e2a4456'),
(301, 2, 'DSC00568.JPG', 'public://DSC00568.JPG', 'image/jpeg', 166178, 1, 1450853477, 'image', '156afdfe-38a4-4bec-9554-c5e8bdf1d8d7'),
(302, 2, 'IMG00432-20120314-1616.jpg', 'public://IMG00432-20120314-1616.jpg', 'image/jpeg', 44224, 1, 1450853477, 'image', '3d8632bc-1264-481c-82c1-f8bd4069f2f0'),
(303, 2, 'DSC00519.JPG', 'public://DSC00519.JPG', 'image/jpeg', 166093, 1, 1450853477, 'image', '3449b4df-edc8-42af-9382-8781aeea3b17'),
(304, 2, 'DSC00555.JPG', 'public://DSC00555.JPG', 'image/jpeg', 165437, 1, 1450853477, 'image', '46e4a106-4f4f-43d9-9bed-c6bce0440067'),
(305, 2, 'IMG_7810.jpg', 'public://IMG_7810.jpg', 'image/jpeg', 43746, 1, 1450853477, 'image', '5027ab5b-a30e-4b2a-b9e2-bc1bc4eb21da'),
(306, 2, 'DSC04927.jpg', 'public://DSC04927.jpg', 'image/jpeg', 48282, 1, 1450853477, 'image', '364823bc-0eeb-400f-b8ac-5b4c1188062d'),
(308, 2, 'DSC04934.jpg', 'public://DSC04934.jpg', 'image/jpeg', 60565, 1, 1450853477, 'image', 'd0b5b261-7b1a-4b65-bfd7-5937cc1dcdbe'),
(309, 2, 'IMG_5959.jpg', 'public://IMG_5959.jpg', 'image/jpeg', 41815, 1, 1450853477, 'image', 'b3d7acca-1466-4bdf-b593-ac49cdd82ed8'),
(310, 2, 'DSC00510.JPG', 'public://DSC00510.JPG', 'image/jpeg', 166157, 1, 1450853477, 'image', '409faf26-cd48-426f-a400-5b6ba0d5ebbc'),
(311, 2, 'IMG00021-20111206-1527.jpg', 'public://IMG00021-20111206-1527.jpg', 'image/jpeg', 55900, 1, 1450853477, 'image', '7329604a-884a-468d-90c5-715a5fc83fe9'),
(312, 2, '188415_10151173881294037_1742828674_n.jpg', 'public://188415_10151173881294037_1742828674_n.jpg', 'image/jpeg', 34554, 1, 1450853477, 'image', '937f0ff7-1687-4177-8016-21c0de1c5360'),
(313, 2, '18231_10151173880834037_500801764_n.jpg', 'public://18231_10151173880834037_500801764_n.jpg', 'image/jpeg', 34481, 1, 1450853477, 'image', 'ce6e18f2-fe55-42fe-99f7-1fedbb6e1ee4'),
(314, 2, '188415_101511738812940 usd 37_1742828674_n.jpg', 'public://188415_101511738812940 usd 37_1742828674_n.jpg', 'image/jpeg', 34554, 1, 1450853477, 'image', '41a23217-c80b-462b-a260-2b4d942c3bee'),
(315, 2, 'Cabin.JPG', 'public://Cabin.JPG', 'image/jpeg', 128675, 1, 1450853477, 'image', '1d6b633d-a1c3-4279-9884-b577c519acdf'),
(316, 2, 'Conference Room.JPG', 'public://Conference Room.JPG', 'image/jpeg', 139103, 1, 1450853477, 'image', 'c7c8f3a8-ae58-4de9-bb5e-7c6e84af3846'),
(317, 2, 'Workstation1.JPG', 'public://Workstation1.JPG', 'image/jpeg', 148213, 1, 1450853477, 'image', '2b909015-6a0f-4d25-b4bf-3e95791cf09e'),
(318, 2, 'DSC03973.JPG', 'public://DSC03973_1.JPG', 'image/jpeg', 130454, 1, 1450853477, 'image', 'b2806a3e-e536-421b-8a7e-0705b842821b'),
(319, 2, 'DSC03997.JPG', 'public://DSC03997_0.JPG', 'image/jpeg', 138787, 1, 1450853477, 'image', 'eb388f9d-6440-4b41-b146-9a0142f434b3'),
(320, 2, 'DSC03990.JPG', 'public://DSC03990_0.JPG', 'image/jpeg', 130980, 1, 1450853477, 'image', '06f2dae8-0529-4070-8c19-06597efd79a2'),
(321, 2, 'DSC00505.JPG', 'public://DSC00505.JPG', 'image/jpeg', 166290, 1, 1450853477, 'image', '676078e7-1af3-438f-b098-d62ed69b43e6'),
(322, 2, 'DSC00519.JPG', 'public://DSC00519_0.JPG', 'image/jpeg', 166093, 1, 1450853477, 'image', 'ed1b0408-cd12-40f1-a3ac-742317f4d70f'),
(323, 2, 'DSC03993.JPG', 'public://DSC03993_0.JPG', 'image/jpeg', 138668, 1, 1450853477, 'image', '72507657-5e73-4ab6-b4b8-73af8a6fc6df'),
(324, 2, 'DSC00500.JPG', 'public://DSC00500_0.JPG', 'image/jpeg', 166515, 1, 1450853477, 'image', 'ba0d1339-6334-4161-8f37-3037fe71ef4f'),
(325, 2, 'DSC00538.JPG', 'public://DSC00538_0.JPG', 'image/jpeg', 165504, 1, 1450853477, 'image', 'f2b58b42-9b90-4370-88ad-098172b6eb5d'),
(326, 2, 'DSC00555.JPG', 'public://DSC00555_0.JPG', 'image/jpeg', 165437, 1, 1450853477, 'image', 'c330e24d-1a47-4df8-9165-08a77b34867d'),
(327, 2, 'DSC00566.JPG', 'public://DSC00566.JPG', 'image/jpeg', 166789, 1, 1450853477, 'image', '63a7bbbf-54c8-4aa3-b936-25dee55829ad'),
(328, 2, 'DSC03995.JPG', 'public://DSC03995.JPG', 'image/jpeg', 137560, 1, 1450853477, 'image', 'cf6203a0-2983-444f-82b4-edfbe8703c39'),
(329, 2, 'DSC00508.JPG', 'public://DSC00508.JPG', 'image/jpeg', 162409, 1, 1450853477, 'image', '78ee489f-bf0a-4b01-a5ea-6ce9b532fa7b'),
(330, 2, 'RMZ Gateway 4.jpg', 'public://RMZ Gateway 4.jpg', 'image/jpeg', 37283, 1, 1450853477, 'image', '1ad9f0f9-c82d-4ce9-881e-a80575c6031e'),
(331, 2, 'DSC00161.JPG', 'public://DSC00161.JPG', 'image/jpeg', 40549, 1, 1450853477, 'image', 'aa634afb-6310-4af3-b13b-f1a3c9baa68c'),
(332, 2, 'Property Snaps 004.jpg', 'public://Property Snaps 004.jpg', 'image/jpeg', 39215, 1, 1450853477, 'image', '759922f0-4085-4d6f-baef-6e48d3ac1ea1'),
(333, 2, 'Property Snaps 064.jpg', 'public://Property Snaps 064.jpg', 'image/jpeg', 34815, 1, 1450853477, 'image', '029b5000-8b2b-4289-becb-f525e96f5ace'),
(334, 2, 'DSC00399.JPG', 'public://DSC00399.JPG', 'image/jpeg', 40406, 1, 1450853477, 'image', '8924a283-a63c-47a8-a650-0f132b3f51ef'),
(335, 2, 'IMG_2342.jpg', 'public://IMG_2342.jpg', 'image/jpeg', 36085, 1, 1450853477, 'image', '3e87dabe-473d-4b56-8aaf-5f8f1fd8be49'),
(336, 2, 'IMG_2360.jpg', 'public://IMG_2360.jpg', 'image/jpeg', 31890, 1, 1450853477, 'image', '37e5b779-c7d1-4129-9bfb-e59eda55ccb7'),
(337, 2, 'IMG_2368.jpg', 'public://IMG_2368.jpg', 'image/jpeg', 35583, 1, 1450853477, 'image', '1b8f975e-e4c4-49ae-8058-3238b2990b03'),
(338, 2, 'DSC00486.JPG', 'public://DSC00486.JPG', 'image/jpeg', 48547, 1, 1450853477, 'image', '14dd0836-e3d1-4231-b754-919aa4e7aad9'),
(339, 2, 'IMG_0261.jpg', 'public://IMG_0261.jpg', 'image/jpeg', 37042, 1, 1450853477, 'image', '74aa8899-0738-4cf0-8017-a1f29080d9da'),
(340, 2, 'Properties Photos 021.jpg', 'public://Properties Photos 021.jpg', 'image/jpeg', 35342, 1, 1450853477, 'image', 'c8dc8a01-4461-44e9-9644-4a75a06e46f5'),
(341, 2, '1 (3).jpg', 'public://1 (3).jpg', 'image/jpeg', 28584, 1, 1450853477, 'image', '1aabe3bf-22f5-4447-81e8-2a15dad6517f'),
(342, 2, '7.JPG', 'public://7.JPG', 'image/jpeg', 37484, 1, 1450853477, 'image', '3550a933-1096-4788-a38e-4e65e2a08440'),
(343, 2, '18231_10151173880834037_500801764_n.jpg', 'public://18231_10151173880834037_500801764_n_0.jpg', 'image/jpeg', 34481, 1, 1450853477, 'image', '3e660868-cb65-499d-b822-026f5fca0465'),
(344, 2, '481707_10151173881124037_2064755024_n.jpg', 'public://481707_10151173881124037_2064755024_n.jpg', 'image/jpeg', 28715, 1, 1450853477, 'image', 'f7738c20-3cc8-433f-9422-c6ba558b562f'),
(345, 2, 'ac02.JPG', 'public://ac02_0.JPG', 'image/jpeg', 37015, 1, 1450853477, 'image', '2eca223a-f846-49f7-9b9e-f2e794516630'),
(347, 2, 'ac06.jpg', 'public://ac06_1.jpg', 'image/jpeg', 150652, 1, 1450853477, 'image', 'decd46bd-3732-4b77-8226-387c596d2f8a'),
(348, 2, 'ac08.PNG', 'public://ac08_1.PNG', 'image/png', 865933, 1, 1450853477, 'image', '1f888a61-3c70-42b9-8f3b-674769983078'),
(349, 2, 'ac08.PNG', 'public://ac08_2.PNG', 'image/png', 865933, 1, 1450853477, 'image', '95da21b0-115b-4528-9edf-0860a0075a0f'),
(350, 2, 'ac15.jpg', 'public://ac15_0.jpg', 'image/jpeg', 47029, 1, 1450853477, 'image', '8fb5ecf2-818c-4667-aff8-48123834238f'),
(351, 2, 'ac16.jpg', 'public://ac16_0.jpg', 'image/jpeg', 41869, 1, 1450853477, 'image', 'e623838a-1359-4fda-bbf2-0f758e154e5b'),
(352, 2, 'ac18.jpg', 'public://ac18_0.jpg', 'image/jpeg', 5939, 1, 1450853477, 'image', 'b1a5b82d-6438-425f-b26a-0098d5559b85'),
(353, 2, 'ac20.jpg', 'public://ac20.jpg', 'image/jpeg', 9719, 1, 1450853477, 'image', '8438a11b-6ea1-4533-a887-24d5bbe246c3'),
(354, 2, 'ac21.JPG', 'public://ac21_0.JPG', 'image/jpeg', 25367, 1, 1450853477, 'image', '5daefae1-a634-4fa3-bc95-370ade4b6933'),
(355, 2, 'ac24.jpg', 'public://ac24_0.jpg', 'image/jpeg', 17758, 1, 1450853477, 'image', '00bc1227-bfb9-43de-bbed-00fdea3bf2ca'),
(356, 2, 'ac11.jpg', 'public://ac11.jpg', 'image/jpeg', 28322, 1, 1450853481, 'image', '052fe1b8-cb52-4156-91e0-119156157732'),
(357, 2, 'ac12.jpg', 'public://ac12_1.jpg', 'image/jpeg', 10631, 1, 1450853481, 'image', '8ad922ea-6548-49ab-8aea-8792174f59cf'),
(358, 2, 'ac14.jpg', 'public://ac14_0.jpg', 'image/jpeg', 41405, 1, 1450853481, 'image', '2744f4d2-33d9-448e-9cf3-3229879344d3'),
(359, 2, 'ac17.jpg', 'public://ac17_0.jpg', 'image/jpeg', 44970, 1, 1450853481, 'image', '9f03cbb8-15ab-45db-8b47-07d173ab010d'),
(361, 2, 'ac18.jpg', 'public://ac18_1.jpg', 'image/jpeg', 5939, 1, 1450853481, 'image', '7b4a92fb-02b2-4bdf-bf75-0618f321a1ef'),
(362, 2, 'ac20.jpg', 'public://ac20_1.jpg', 'image/jpeg', 9719, 1, 1450853481, 'image', 'bb5093a8-18ff-443f-8223-4a7fe62359be'),
(363, 2, 'ac21.JPG', 'public://ac21_1.JPG', 'image/jpeg', 25367, 1, 1450853481, 'image', 'b46f711f-51c9-42a7-8167-b73c38c6d13d'),
(364, 2, 'ac23.jpg', 'public://ac23_0.jpg', 'image/jpeg', 131432, 1, 1450853481, 'image', 'f6bf2b8c-a4ac-405f-8f98-e9a3cdbeaedd'),
(365, 2, 'Cabin.JPG', 'public://Cabin_0.JPG', 'image/jpeg', 128675, 1, 1450853481, 'image', 'f58d1221-291b-4c6b-ac0c-545b4b9923be'),
(367, 2, 'cob1f.jpg', 'public://cob1f.jpg', 'image/jpeg', 18456, 1, 1450853481, 'image', '6dbce3ed-07db-4f6c-aae4-42a4d04a0c6c'),
(368, 2, 'cob2.jpg', 'public://cob2_0.jpg', 'image/jpeg', 77990, 1, 1450853481, 'image', '19e399bf-722f-4650-acbb-a46317e09423'),
(369, 2, 'Conference Room.JPG', 'public://Conference Room_0.JPG', 'image/jpeg', 139103, 1, 1450853481, 'image', '8ead3636-9b72-4477-bb47-4390f02ea641'),
(371, 2, 'CRview.JPG', 'public://CRview.JPG', 'image/jpeg', 43137, 1, 1450853481, 'image', '6a5d070f-cada-4bd8-96eb-124feabc3b74'),
(372, 2, 'Discussion Room 2.JPG', 'public://Discussion Room 2.JPG', 'image/jpeg', 26176, 1, 1450853481, 'image', '3018fd73-7bee-4992-8682-15ded423c291'),
(373, 2, 'DSC00497.JPG', 'public://DSC00497_0.JPG', 'image/jpeg', 166506, 1, 1450853481, 'image', 'd91b75cc-7105-4aa1-99be-f74e89067eb3'),
(374, 2, 'DSC00500.JPG', 'public://DSC00500_1.JPG', 'image/jpeg', 166515, 1, 1450853481, 'image', '062b6604-def8-48a1-a1c6-1d46fc2ea375'),
(375, 2, 'DSC00506.JPG', 'public://DSC00506_1.JPG', 'image/jpeg', 166164, 1, 1450853481, 'image', '727a8a65-ebbc-4512-afe4-b6c541716e4a'),
(376, 2, 'DSC00510.JPG', 'public://DSC00510_0.JPG', 'image/jpeg', 166157, 1, 1450853481, 'image', '6fb5cc06-c1fb-4c8c-bb22-ee8f2707787c'),
(377, 2, 'DSC00519.JPG', 'public://DSC00519_1.JPG', 'image/jpeg', 166093, 1, 1450853481, 'image', 'ecc8d524-b3a9-4150-9fe9-876c4cc45163'),
(378, 2, 'DSC00537.JPG', 'public://DSC00537_0.JPG', 'image/jpeg', 166192, 1, 1450853481, 'image', 'bfc6edba-8f9a-40ed-8376-be0cbba17262'),
(379, 2, 'DSC00540.JPG', 'public://DSC00540_0.JPG', 'image/jpeg', 166527, 1, 1450853481, 'image', '7d03cdfc-ce05-4485-ad87-16d6e2f82287'),
(380, 2, 'DSC00546.JPG', 'public://DSC00546_0.JPG', 'image/jpeg', 166628, 1, 1450853481, 'image', '11815c19-132b-4cf5-b0b5-5f574d4216a6'),
(381, 2, 'DSC00555.JPG', 'public://DSC00555_1.JPG', 'image/jpeg', 165437, 1, 1450853481, 'image', 'c7c734f5-4a8f-481b-bf28-ac5f5dec7659'),
(382, 2, 'DSC00568.JPG', 'public://DSC00568_0.JPG', 'image/jpeg', 166178, 1, 1450853481, 'image', '0fe9a8c2-213a-4399-a836-cfd8ac618805'),
(383, 2, 'DSC00537.JPG', 'public://DSC00537_1.JPG', 'image/jpeg', 166192, 1, 1450853481, 'image', 'aff56e3e-402b-4dfb-8937-6cbf73667ad6'),
(384, 2, 'DSC00540.JPG', 'public://DSC00540_1.JPG', 'image/jpeg', 166527, 1, 1450853481, 'image', 'f9106ef5-9e45-44ce-a92a-1956b1c03487'),
(385, 2, 'DSC00546.JPG', 'public://DSC00546_1.JPG', 'image/jpeg', 166628, 1, 1450853481, 'image', 'eed5f27c-2f44-4355-81eb-887e53244eac'),
(386, 2, 'DSC00556.JPG', 'public://DSC00556.JPG', 'image/jpeg', 166662, 1, 1450853481, 'image', '7bef8252-1b0e-4a79-9372-aa2d7cc99bbd'),
(387, 2, 'DSC01788.JPG', 'public://DSC01788_1.JPG', 'image/jpeg', 142664, 1, 1450853481, 'image', '51a96aba-f28e-4b3c-a9e7-d2de9098755b'),
(388, 2, 'DSC03973.JPG', 'public://DSC03973_2.JPG', 'image/jpeg', 130454, 1, 1450853481, 'image', 'f414e647-02d3-4d69-b8c7-7302503bae79'),
(389, 2, 'DSC03989.JPG', 'public://DSC03989_0.JPG', 'image/jpeg', 136948, 1, 1450853481, 'image', 'bce2a62a-7a88-46dd-89a0-d92e6dd1df55'),
(390, 2, 'DSC03993.JPG', 'public://DSC03993_1.JPG', 'image/jpeg', 138668, 1, 1450853481, 'image', 'c81d4a93-b9af-4d4e-93a3-0d9602df1a2d'),
(391, 2, 'DSC03997.JPG', 'public://DSC03997_1.JPG', 'image/jpeg', 138787, 1, 1450853481, 'image', '6864ffd0-e169-4c65-97aa-2231f203077d'),
(392, 2, 'DSC04927.jpg', 'public://DSC04927_0.jpg', 'image/jpeg', 48282, 1, 1450853481, 'image', '918ef923-6619-4b31-b55e-fceb6c12b7bf'),
(393, 2, 'DSC04934.jpg', 'public://DSC04934_0.jpg', 'image/jpeg', 60565, 1, 1450853481, 'image', '7575f0d3-acd5-4f99-acac-4b5dc17060f7'),
(394, 2, 'images002.jpg', 'public://images002.jpg', 'image/jpeg', 7147, 1, 1450853481, 'image', 'be13fe4e-8017-41eb-8adb-c2333cb6bb37'),
(395, 2, 'images003.jpg', 'public://images003.jpg', 'image/jpeg', 7799, 1, 1450853481, 'image', '7f633513-013e-4249-aaf1-e74f5efcd530'),
(396, 2, 'images004.jpg', 'public://images004.jpg', 'image/jpeg', 6740, 1, 1450853481, 'image', '6a220583-c92a-4be5-8b2e-295ad42e663b'),
(397, 2, 'images005.jpg', 'public://images005.jpg', 'image/jpeg', 6249, 1, 1450853481, 'image', '43d79062-ff7f-4c49-95bc-fbfabbd2a585'),
(398, 2, 'images006.jpg', 'public://images006.jpg', 'image/jpeg', 7144, 1, 1450853481, 'image', '483187c8-1956-4ddb-98bd-e46ba831e595'),
(399, 2, 'images006.jpg', 'public://images006_0.jpg', 'image/jpeg', 7144, 1, 1450853481, 'image', '967db7ff-2b41-49d5-be68-df33de199084'),
(400, 2, 'DSC00546.JPG', 'public://DSC00546_2.JPG', 'image/jpeg', 166628, 1, 1450853481, 'image', '9a0b716d-5421-4715-9327-da26031dad03'),
(401, 2, 'DSC00555.JPG', 'public://DSC00555_2.JPG', 'image/jpeg', 165437, 1, 1450853481, 'image', '1609f979-f24b-4c23-afa0-1627a731c838'),
(403, 2, 'DSC01788.JPG', 'public://DSC01788_2.JPG', 'image/jpeg', 142664, 1, 1450853481, 'image', '68b40c51-7bea-413a-b930-1c329422120c'),
(404, 2, 'DSC03973.JPG', 'public://DSC03973_3.JPG', 'image/jpeg', 130454, 1, 1450853481, 'image', '7e237c79-430a-4e68-8869-9a8f5cbf5803'),
(405, 2, 'WS01.jpg', 'public://WS01.jpg', 'image/jpeg', 7202, 1, 1450853481, 'image', 'd9385e1d-a4ee-4057-8c4a-0cbf15e976b3'),
(406, 2, 'P9280128.JPG', 'public://P9280128_0.JPG', 'image/jpeg', 35018, 1, 1450853481, 'image', 'bb20d9b6-a48d-4345-a5a5-c62ce6b1ecbc'),
(407, 2, 'index006.jpg', 'public://index006.jpg', 'image/jpeg', 7322, 1, 1450853481, 'image', '279e39cf-5158-4a82-b88b-f03bffb9d0b9'),
(408, 2, 'IMG01154-20121222-1305.JPG', 'public://IMG01154-20121222-1305.JPG', 'image/jpeg', 51072, 1, 1450853481, 'image', '60b464da-c495-4df3-9ed0-d15285b037fe'),
(409, 2, 'IMG00326-20120217-1649.jpg', 'public://IMG00326-20120217-1649_0.jpg', 'image/jpeg', 68656, 1, 1450853481, 'image', '71addb18-8e3a-4704-a9ea-92e70abf71e6'),
(410, 2, 'images0057.jpg', 'public://images0057.jpg', 'image/jpeg', 7299, 1, 1450853481, 'image', '6be1b72a-300c-48bf-9be4-29442c2e580b'),
(411, 2, 'images0051.jpg', 'public://images0051.jpg', 'image/jpeg', 7470, 1, 1450853481, 'image', '787a09d4-2e17-44da-b4d1-1880e9074df8'),
(412, 2, 'images36.jpg', 'public://images36.jpg', 'image/jpeg', 6676, 1, 1450853481, 'image', 'b76b8779-f155-4950-9e1e-08a02a815ee5'),
(413, 2, 'images34.jpg', 'public://images34.jpg', 'image/jpeg', 8361, 1, 1450853481, 'image', '46a9cd42-f179-4b0d-acdf-4852606df8cb'),
(414, 2, 'images34.jpg', 'public://images34_0.jpg', 'image/jpeg', 8361, 1, 1450853481, 'image', '4554bc74-f0b1-4646-a10c-6781dd6b95c1'),
(415, 2, 'images006.jpg', 'public://images006_1.jpg', 'image/jpeg', 7144, 1, 1450853481, 'image', '3f568189-623d-4d18-8968-5efec067b1e8'),
(416, 2, 'images0010.jpg', 'public://images0010.jpg', 'image/jpeg', 7628, 1, 1450853481, 'image', '56d8c838-6746-42a5-984b-9baa1557e2b7'),
(417, 2, 'images0011.jpg', 'public://images0011.jpg', 'image/jpeg', 6714, 1, 1450853481, 'image', 'dc4b1960-ada0-4a07-a983-f629cc46633c'),
(418, 2, 'images0017.jpg', 'public://images0017.jpg', 'image/jpeg', 7108, 1, 1450853481, 'image', 'b96c3de7-a8c9-41fa-a39d-3057957f9dcb'),
(419, 2, 'images0020.jpg', 'public://images0020.jpg', 'image/jpeg', 9601, 1, 1450853481, 'image', 'd6364f79-c147-4464-a846-acc90791e135'),
(420, 2, 'images0021.jpg', 'public://images0021.jpg', 'image/jpeg', 7371, 1, 1450853481, 'image', 'ec497a73-acb1-43e1-a302-e9c2502948c6'),
(421, 2, 'images0026.jpg', 'public://images0026.jpg', 'image/jpeg', 9358, 1, 1450853481, 'image', '7fb4134b-8e75-4c96-a3ef-8805ec09f050'),
(422, 2, 'images0029.jpg', 'public://images0029.jpg', 'image/jpeg', 9601, 1, 1450853481, 'image', '35941145-1cab-4671-917a-33b05b382a52');
INSERT INTO `file_managed` (`fid`, `uid`, `filename`, `uri`, `filemime`, `filesize`, `status`, `timestamp`, `type`, `uuid`) VALUES
(423, 2, 'images33.jpg', 'public://images33.jpg', 'image/jpeg', 7143, 1, 1450853481, 'image', 'e1dc7d5c-fe93-4550-8940-ce757e38bfee'),
(424, 2, 'images34.jpg', 'public://images34_1.jpg', 'image/jpeg', 8361, 1, 1450853481, 'image', '8186039e-7e23-4ee1-935d-a3193be7c3e4'),
(425, 2, 'images0051.jpg', 'public://images0051_0.jpg', 'image/jpeg', 7470, 1, 1450853481, 'image', '913b3305-fee0-4d93-809f-7ea086263066'),
(426, 2, 'images0057.jpg', 'public://images0057_0.jpg', 'image/jpeg', 7299, 1, 1450853481, 'image', '10b169a2-2ea3-4373-82b4-ab983f76eec0'),
(427, 2, 'IMG00021-20111206-1527.jpg', 'public://IMG00021-20111206-1527_0.jpg', 'image/jpeg', 55900, 1, 1450853481, 'image', 'f840044a-176d-484f-adcb-0c227abae99a'),
(428, 2, 'IMG00326-20120217-1649.jpg', 'public://IMG00326-20120217-1649_1.jpg', 'image/jpeg', 68656, 1, 1450853481, 'image', 'f5bc2c4a-3fdf-4be3-a32e-e72b8f756874'),
(429, 2, 'IMG00432-20120314-1616.jpg', 'public://IMG00432-20120314-1616_0.jpg', 'image/jpeg', 44224, 1, 1450853481, 'image', '519d23a1-6f04-4173-8145-ddb7d864f2d3'),
(430, 2, 'index001.jpg', 'public://index001.jpg', 'image/jpeg', 6269, 1, 1450853481, 'image', '988e6124-ceb7-41d9-a629-05ab8b632e63'),
(431, 2, 'index006.jpg', 'public://index006_0.jpg', 'image/jpeg', 7322, 1, 1450853481, 'image', '958a138b-c8a4-4d1a-a52c-0d1435286a16'),
(432, 2, 'P9280128.JPG', 'public://P9280128_1.JPG', 'image/jpeg', 35018, 1, 1450853481, 'image', '00d27b51-bbff-44cd-aa87-602dfc72cfbf'),
(433, 2, 'Workstation1.JPG', 'public://Workstation1_0.JPG', 'image/jpeg', 148213, 1, 1450853481, 'image', '978a7920-d567-42ae-80ac-e0b198849643'),
(434, 2, 'WS01.jpg', 'public://WS01_0.jpg', 'image/jpeg', 7202, 1, 1450853481, 'image', '30969ca1-7bdc-4685-9836-cd1e949ef776'),
(435, 2, 'ac03.jpg', 'public://ac03_0.jpg', 'image/jpeg', 15538, 1, 1450853481, 'image', 'a2cd724e-712b-4a33-a9ce-c069622badcb'),
(436, 2, 'ac04.jpg', 'public://ac04_0.jpg', 'image/jpeg', 35689, 1, 1450853481, 'image', '812b0410-3ae8-442c-8862-a750298595cb'),
(437, 2, '7.JPG', 'public://7_0.JPG', 'image/jpeg', 37484, 1, 1450853481, 'image', '2f7a3cc6-0ece-4d57-a6ae-c2a5c3657f93'),
(438, 2, '481707_10151173881124037_2064755024_n.jpg', 'public://481707_10151173881124037_2064755024_n_0.jpg', 'image/jpeg', 28715, 1, 1450853481, 'image', '52669c65-7e83-4771-834c-ae6fd40f3c48'),
(439, 2, 'ac06.jpg', 'public://ac06_2.jpg', 'image/jpeg', 150652, 1, 1450853481, 'image', '33c282ab-1349-4cfd-b2d6-9b8c4f92a0e6'),
(440, 2, 'ac08.PNG', 'public://ac08_3.PNG', 'image/png', 865933, 1, 1450853481, 'image', '33b5dab2-ad2a-44db-8ee6-b175eb34c04b'),
(441, 2, 'ac10.jpg', 'public://ac10_0.jpg', 'image/jpeg', 24726, 1, 1450853481, 'image', 'c8cb1ede-5e45-40ed-b0b6-b5dd4ed686d2'),
(442, 2, 'ac11.jpg', 'public://ac11_1.jpg', 'image/jpeg', 28322, 1, 1450853481, 'image', 'a868d930-7e8e-4e7e-9719-d9b9d8832cfc'),
(443, 2, 'ac13.jpg', 'public://ac13_0.jpg', 'image/jpeg', 50651, 1, 1450853481, 'image', '5d37640e-25ff-479a-a6ee-35ff80fc7f9f'),
(444, 2, 'ac18.jpg', 'public://ac18_2.jpg', 'image/jpeg', 5939, 1, 1450853481, 'image', 'd7f423cd-52d3-4f21-9123-ad42f6048751'),
(445, 2, 'ac19.jpg', 'public://ac19.jpg', 'image/jpeg', 55594, 1, 1450853481, 'image', 'b5382944-a3a0-4e60-9f7b-7a48451da26a'),
(449, 2, 'ac23.jpg', 'public://ac23_1.jpg', 'image/jpeg', 131432, 1, 1450853481, 'image', '3f6a0980-12b7-4f01-9e85-60f4f7913ca4'),
(453, 2, 'images004.jpg', 'public://images004_0.jpg', 'image/jpeg', 6740, 1, 1450853481, 'image', '86d07e0f-189d-4b37-abeb-275707a828e8'),
(456, 2, 'images0011.jpg', 'public://images0011_0.jpg', 'image/jpeg', 6714, 1, 1450853481, 'image', '9422eace-f1fb-4730-b493-b2ab32774e9b'),
(457, 2, 'images0017.jpg', 'public://images0017_0.jpg', 'image/jpeg', 7108, 1, 1450853481, 'image', '312a764c-e89a-4ff2-bbd9-3098a3faf7bf'),
(459, 2, 'images0023.jpg', 'public://images0023.jpg', 'image/jpeg', 8301, 1, 1450853481, 'image', '72dbf064-a340-4bc8-9994-ed7a7e4f773f'),
(460, 2, 'images0026.jpg', 'public://images0026_0.jpg', 'image/jpeg', 9358, 1, 1450853481, 'image', 'd8fb5392-fc86-4eb8-8864-7087c69a456c'),
(462, 2, 'images0031.jpg', 'public://images0031.jpg', 'image/jpeg', 13162, 1, 1450853481, 'image', '5195afbc-5ea9-4222-8678-b259eec9f084'),
(464, 2, 'images36.jpg', 'public://images36_0.jpg', 'image/jpeg', 6676, 1, 1450853481, 'image', '28f15cb3-30dd-4eea-8b28-0a8c6d762235'),
(465, 2, '4.JPG', 'public://4_0.JPG', 'image/jpeg', 35854, 1, 1450853481, 'image', 'a3d5ba32-1b45-475b-9acd-12b523d2183e'),
(466, 2, '6.JPG', 'public://6.JPG', 'image/jpeg', 35784, 1, 1450853481, 'image', '6d626687-7aac-49d8-a1ac-b28c08edbd1b'),
(467, 2, '15.jpg', 'public://15.jpg', 'image/jpeg', 21876, 1, 1450853481, 'image', '3fc4f17b-becd-4e80-9172-2ca64d82104a'),
(468, 2, '224158_10151173881379037_240089183_n.jpg', 'public://224158_10151173881379037_240089183_n.jpg', 'image/jpeg', 17848, 1, 1450853481, 'image', '458e80ed-936d-4c23-98c3-0e40649bae1e'),
(469, 2, '602364_10151173880919037_1420883679_n.jpg', 'public://602364_10151173880919037_1420883679_n.jpg', 'image/jpeg', 31922, 1, 1450853481, 'image', '9e641cf8-6fc6-4275-8bdb-9de0fa281860'),
(470, 2, 'ac01.JPG', 'public://ac01_0.JPG', 'image/jpeg', 38356, 1, 1450853481, 'image', 'ee0b0fd3-41be-4277-bc95-99ee15966290'),
(471, 2, 'ac03.jpg', 'public://ac03_1.jpg', 'image/jpeg', 8922, 1, 1450853484, 'image', 'e2ab9d32-e7e0-400c-be17-c9b35c427822'),
(472, 2, 'ac04.jpg', 'public://ac04_1.jpg', 'image/jpeg', 80267, 1, 1450853484, 'image', '29eadec9-45f2-4206-8a6c-bf8e743fa551'),
(473, 2, 'ac06.jpg', 'public://ac06_3.jpg', 'image/jpeg', 150652, 1, 1450853484, 'image', '8158798a-1b7c-4f70-9480-57d0849aa7db'),
(474, 2, 'ac07.jpg', 'public://ac07_0.jpg', 'image/jpeg', 179572, 1, 1450853484, 'image', '88886edd-f987-4646-afa6-beb9ec3f42e8'),
(475, 2, 'ac09.jpg', 'public://ac09_1.jpg', 'image/jpeg', 26688, 1, 1450853484, 'image', '02d25f88-e812-4242-9581-3ad1e0a31503'),
(476, 2, 'ac10.jpg', 'public://ac10_1.jpg', 'image/jpeg', 24726, 1, 1450853484, 'image', 'ec117e49-e734-48dc-a182-57ca7486b05a'),
(477, 2, 'ac11.jpg', 'public://ac11_2.jpg', 'image/jpeg', 28322, 1, 1450853484, 'image', '4428082c-f9e0-42df-abc3-99d7fd08e7bb'),
(478, 2, 'ac12.jpg', 'public://ac12_2.jpg', 'image/jpeg', 10631, 1, 1450853484, 'image', '55f56a08-3393-4566-9585-b6606031de07'),
(479, 2, 'ac14.jpg', 'public://ac14_1.jpg', 'image/jpeg', 41405, 1, 1450853484, 'image', 'd3676ac4-bc8b-4a96-89c6-6972d9b6526e'),
(481, 2, 'ac15.jpg', 'public://ac15_1.jpg', 'image/jpeg', 47029, 1, 1450853484, 'image', 'a226f53d-3196-47ba-b0f4-d8effccf9683'),
(482, 2, 'ac16.jpg', 'public://ac16_1.jpg', 'image/jpeg', 41869, 1, 1450853484, 'image', 'aca2fd92-da61-422b-8f36-dbb916de78ae'),
(483, 2, 'ac20.jpg', 'public://ac20_2.jpg', 'image/jpeg', 9719, 1, 1450853484, 'image', 'd8cfc1f8-3d49-4d4c-9234-cd6f00fe2a04'),
(484, 2, 'ac21.JPG', 'public://ac21_2.JPG', 'image/jpeg', 25367, 1, 1450853484, 'image', 'efa41cc7-0448-42a4-9a6e-33956f0b2c36'),
(485, 2, 'ac23.jpg', 'public://ac23_2.jpg', 'image/jpeg', 131432, 1, 1450853484, 'image', 'ce57802b-348c-48d9-ac85-bc2511bfc946'),
(487, 2, 'DSC00508.JPG', 'public://DSC00508_0.JPG', 'image/jpeg', 162409, 1, 1450853484, 'image', '49d68642-b94d-4ff1-9786-b7103bc2e7a5'),
(488, 2, 'DSC00524.JPG', 'public://DSC00524.JPG', 'image/jpeg', 166662, 1, 1450853484, 'image', 'b9c16cb3-9911-4b02-b2e2-b48ad2d71aeb'),
(490, 2, 'IMG00834-20120217-1620.jpg', 'public://IMG00834-20120217-1620.jpg', 'image/jpeg', 39447, 1, 1450853484, 'image', '8d0f894a-5509-43af-bf01-d8314418bb83'),
(491, 2, 'IMG00430-20120314-1615.jpg', 'public://IMG00430-20120314-1615.jpg', 'image/jpeg', 33945, 1, 1450853484, 'image', '2e2d906b-b5a8-483e-b795-18bb819ec8bb'),
(492, 2, 'images0057.jpg', 'public://images0057_1.jpg', 'image/jpeg', 7299, 1, 1450853484, 'image', '39af3052-d703-478f-9a6c-22a3dd72cbea'),
(493, 2, 'images0051.jpg', 'public://images0051_1.jpg', 'image/jpeg', 7470, 1, 1450853484, 'image', '7d9c6db1-0840-4117-b662-d4a4348f2ed3'),
(494, 1, 'Office Space Bangalore.jpg', 'public://Office Space Bangalore.jpg', 'image/jpeg', 43113, 1, 1450853484, 'image', 'e390cba2-d854-4cd9-8aa5-7e77f8d08c81'),
(495, 1, 'Office Space Rent Bangalore.jpg', 'public://Office Space Rent Bangalore.jpg', 'image/jpeg', 39326, 1, 1450853484, 'image', 'ad86a02f-25f3-410b-b5d1-e9667180c254'),
(496, 1, 'Bangalore Office Space for Rent.JPG', 'public://Bangalore Office Space for Rent.JPG', 'image/jpeg', 165996, 1, 1450853484, 'image', '99a365f2-04b2-4923-88b9-8b30dc59784e'),
(497, 1, 'Bangalore Office Space for Rent.JPG', 'public://Bangalore Office Space for Rent_0.JPG', 'image/jpeg', 165996, 1, 1450853484, 'image', '18cdd8ec-88ba-411f-9665-39498060e218'),
(498, 1, 'Bangalore Office Space for Rent.JPG', 'public://Bangalore Office Space for Rent_1.JPG', 'image/jpeg', 165996, 1, 1450853484, 'image', 'b487d2c0-f858-4add-bb1e-de1a38195510'),
(499, 2, '3.JPG', 'public://3_0.JPG', 'image/jpeg', 40152, 1, 1450853484, 'image', '4dc29cd0-7ac2-42a0-92a3-c3de5df61df3'),
(500, 2, '8.JPG', 'public://8.JPG', 'image/jpeg', 47452, 1, 1450853484, 'image', '99a88ebc-e8f5-4908-9c6b-ae9fb0313052'),
(501, 2, '23.JPG', 'public://23.JPG', 'image/jpeg', 254565, 1, 1450853484, 'image', '5427f3ae-f2b6-4d54-a0a3-2e8f359c79e4'),
(502, 2, '24.JPG', 'public://24.JPG', 'image/jpeg', 248029, 1, 1450853484, 'image', '9c8883bd-7766-4782-9dcf-3ee84b4ca8f6'),
(503, 2, '2.JPG', 'public://2.JPG', 'image/jpeg', 41593, 1, 1450853484, 'image', '2b20f763-66a5-4853-9fb8-f2dc247ec8ec'),
(504, 2, 'DSC03975.JPG', 'public://DSC03975.JPG', 'image/jpeg', 141699, 1, 1450853484, 'image', 'd393fbff-eae1-407c-a963-d135dda9ae3b'),
(505, 2, 'DSC03997.JPG', 'public://DSC03997_2.JPG', 'image/jpeg', 138787, 1, 1450853484, 'image', '65e22917-0303-4d1b-a500-e9066ce95169'),
(506, 2, 'DSC00555.JPG', 'public://DSC00555_3.JPG', 'image/jpeg', 165437, 1, 1450853484, 'image', '7450bad3-dfc2-457f-b72c-0e57405d1811'),
(507, 2, 'DSC00537.JPG', 'public://DSC00537_2.JPG', 'image/jpeg', 166192, 1, 1450853484, 'image', 'cb8f9201-2f4e-4074-a5b5-8af6e8d65318'),
(508, 2, 'DSC00538.JPG', 'public://DSC00538_1.JPG', 'image/jpeg', 165504, 1, 1450853484, 'image', '21dad9bb-694c-4aa2-ba62-bfb7b06a193a'),
(509, 2, 'DSC00557.JPG', 'public://DSC00557_0.JPG', 'image/jpeg', 166700, 1, 1450853484, 'image', '681ce5e2-06e7-4131-ba70-f8abd0582cba'),
(510, 2, 'DSC00497.JPG', 'public://DSC00497_1.JPG', 'image/jpeg', 166506, 1, 1450853484, 'image', 'fcbbad0a-ca65-4621-9129-27f4e893bc43'),
(511, 2, 'DSC00499.JPG', 'public://DSC00499.JPG', 'image/jpeg', 165309, 1, 1450853484, 'image', 'de634b3d-ce8e-40d1-818b-96e0f1b73df5'),
(512, 2, 'DSC00563.JPG', 'public://DSC00563.JPG', 'image/jpeg', 165272, 1, 1450853484, 'image', '366e61e6-85da-400e-8de7-11f9d17f3cf9'),
(513, 2, 'images.jpg', 'public://images.jpg', 'image/jpeg', 19824, 1, 1450853484, 'image', 'bedce79a-e5d8-4b12-b68d-ec66498da6c0'),
(514, 2, 'images1.jpg', 'public://images1.jpg', 'image/jpeg', 20232, 1, 1450853484, 'image', 'fec01655-3efe-40bf-afe2-fc3ffcee3993'),
(515, 2, 'images2.jpg', 'public://images2.jpg', 'image/jpeg', 14232, 1, 1450853484, 'image', '8ae1d232-eb3c-4749-b0e6-8d879e694ffb'),
(516, 2, 'images6.jpg', 'public://images6.jpg', 'image/jpeg', 24371, 1, 1450853484, 'image', '1b855cb5-33b6-4299-9e9a-54ad1c1d44c6'),
(517, 2, 'images7.jpg', 'public://images7.jpg', 'image/jpeg', 15154, 1, 1450853484, 'image', '40727aba-c3ab-41ee-934d-3a0dc81b4fe4'),
(518, 2, 'images10.jpg', 'public://images10.jpg', 'image/jpeg', 16012, 1, 1450853484, 'image', '4b79d982-dbf8-4eee-a4ab-243c85d6ab45'),
(519, 2, 'images11.jpg', 'public://images11.jpg', 'image/jpeg', 39951, 1, 1450853484, 'image', '0b77e2f5-bd95-4991-9d44-52a2f693f808'),
(520, 2, 'images12.jpg', 'public://images12.jpg', 'image/jpeg', 26906, 1, 1450853484, 'image', 'a27b1ee6-7009-48b5-abb1-f106d578bfd0'),
(521, 2, 'images12.jpg', 'public://images12_0.jpg', 'image/jpeg', 26906, 1, 1450853484, 'image', 'e0b7de59-f0b5-41a8-b905-10ad95acd733'),
(522, 2, 'ac24.jpg', 'public://ac24_1.jpg', 'image/jpeg', 35707, 1, 1450853484, 'image', 'af7529f8-6c9a-49ea-b079-d7f54776180b'),
(523, 2, 'ac22.jpg', 'public://ac22_0.jpg', 'image/jpeg', 39326, 1, 1450853484, 'image', '6d6825a4-b970-46ac-9970-0767fe3b49a9'),
(524, 2, 'ac21.JPG', 'public://ac21_3.JPG', 'image/jpeg', 25367, 1, 1450853484, 'image', '0f488768-cb1f-4f77-be00-a5a45665aa9a'),
(525, 2, 'ac18.jpg', 'public://ac18_3.jpg', 'image/jpeg', 20262, 1, 1450853484, 'image', '2fc64267-61f0-41c0-9fc8-6bbbc1889350'),
(526, 2, 'ac16.jpg', 'public://ac16_2.jpg', 'image/jpeg', 41869, 1, 1450853484, 'image', '9684a402-d211-43c5-8057-25a9adee88f1'),
(527, 2, 'ac15.jpg', 'public://ac15_2.jpg', 'image/jpeg', 47029, 1, 1450853484, 'image', '183bff2d-1257-4b6e-90c8-887ece1a14fe'),
(528, 2, 'ac14.jpg', 'public://ac14_2.jpg', 'image/jpeg', 41405, 1, 1450853484, 'image', 'cc808cd4-a900-4e6c-a5de-caa193f0d4ea'),
(529, 2, 'ac12.jpg', 'public://ac12_3.jpg', 'image/jpeg', 10631, 1, 1450853484, 'image', 'a2a5c087-67e2-4486-b2be-e91324be365c'),
(530, 2, 'DSC00564.JPG', 'public://DSC00564_0.JPG', 'image/jpeg', 164915, 1, 1450853484, 'image', '33df757e-5a86-417d-8997-90a95db77981'),
(531, 2, 'DSC00539.JPG', 'public://DSC00539.JPG', 'image/jpeg', 165607, 1, 1450853484, 'image', '22f0e746-575a-4b74-80b7-e31cc0caeaba'),
(532, 2, 'DSC00543.JPG', 'public://DSC00543_0.JPG', 'image/jpeg', 164662, 1, 1450853484, 'image', '1ddf687e-9658-4e68-aad8-b8835e039412'),
(533, 2, 'DSC00498.JPG', 'public://DSC00498_0.JPG', 'image/jpeg', 164625, 1, 1450853484, 'image', '86ce5a5f-f33c-4029-863c-1b40708653ea'),
(534, 2, 'DSC00501.JPG', 'public://DSC00501_0.JPG', 'image/jpeg', 164242, 1, 1450853484, 'image', '94d53ecb-abcd-4104-b935-eacde56c2dc4'),
(535, 2, 'DSC00519.JPG', 'public://DSC00519_2.JPG', 'image/jpeg', 166093, 1, 1450853484, 'image', '4a79306c-6663-47d9-a268-d10a43fff787'),
(536, 2, 'DSC00522.JPG', 'public://DSC00522_0.JPG', 'image/jpeg', 163782, 1, 1450853484, 'image', '30f42f3e-85a4-4549-b9ec-265bd53fe7e7'),
(537, 2, 'DSC00505.JPG', 'public://DSC00505_0.JPG', 'image/jpeg', 166290, 1, 1450853484, 'image', '2d3a6ff0-097e-4649-9dd7-c2c590c6d67c'),
(538, 2, 'DSC03991.JPG', 'public://DSC03991.JPG', 'image/jpeg', 141495, 1, 1450853484, 'image', 'c9705002-c76b-43cb-a405-61026558f8d8'),
(539, 2, 'DSC03994.JPG', 'public://DSC03994.JPG', 'image/jpeg', 146652, 1, 1450853484, 'image', 'aa6b316b-df3b-4a44-a62f-eafbb0268e0b'),
(540, 2, 'DSC03997.JPG', 'public://DSC03997_3.JPG', 'image/jpeg', 138787, 1, 1450853484, 'image', '05e38749-d704-49a3-b6ea-6eb0ece5a291'),
(541, 2, 'DSC03998.JPG', 'public://DSC03998.JPG', 'image/jpeg', 134925, 1, 1450853484, 'image', '075e99ea-5ee3-4244-b607-d6ed7db6c438'),
(542, 2, 'DSC03974.JPG', 'public://DSC03974_0.JPG', 'image/jpeg', 140807, 1, 1450853484, 'image', '739260b4-d261-4513-bee7-6c1623c899f2'),
(543, 2, 'index1.jpg', 'public://index1.jpg', 'image/jpeg', 30422, 1, 1450853484, 'image', 'dd078397-b145-4123-b067-cb1d8878acee'),
(544, 2, 'index.jpg', 'public://index.jpg', 'image/jpeg', 16726, 1, 1450853484, 'image', 'bd4959cc-4e53-4a1c-b07f-8b7a71c86d64'),
(545, 2, 'ac03.jpg', 'public://ac03_2.jpg', 'image/jpeg', 15538, 1, 1450853484, 'image', '60f99ed2-ec59-4ab8-8695-6f66f6c581c0'),
(548, 1, 'project_4.jpg', 'public://project_4.jpg', 'image/jpeg', 18630, 1, 1450853484, 'image', '857d6b9f-d9b8-4fe8-93e8-a247c361e079'),
(549, 1, 'slider.jpg', 'public://slider.jpg', 'image/jpeg', 52682, 1, 1450853484, 'image', '22a5f0e5-21cb-4d01-a162-d164dd793026'),
(554, 1, 'corporate_leasing.png', 'public://corporate_leasing.png', 'image/png', 4029, 1, 1450853484, 'image', 'f032f6c0-0591-4300-9e92-d8513cd69973'),
(555, 1, 'retail_leasing.png', 'public://retail_leasing.png', 'image/png', 4885, 1, 1450853484, 'image', '4d7d593d-2fd6-4b53-87a0-802be6fdb9bc'),
(556, 1, 'investment_advisory.png', 'public://investment_advisory.png', 'image/png', 5849, 1, 1450853484, 'image', 'be42fb02-ab94-44bd-b517-eb21b0577f06'),
(557, 1, 'retail_leasing.png', 'public://retail_leasing_0.png', 'image/png', 4885, 1, 1450853484, 'image', 'a520fc13-3007-4e64-984a-1eec3c8f4a47'),
(558, 1, 'investment_advisory.png', 'public://investment_advisory_0.png', 'image/png', 5849, 1, 1450853484, 'image', '567f4acc-ec4d-468d-be1c-24caf2f70408'),
(559, 1, 'corporate_leasing.png', 'public://corporate_leasing_0.png', 'image/png', 4029, 1, 1450853484, 'image', 'e30d0a1e-4a43-49b3-8ec1-57b1fffab026'),
(561, 1, 'banner_3.jpg', 'public://banner_3.jpg', 'image/jpeg', 556575, 1, 1450853484, 'image', 'ac92e771-c80e-4ef3-b0ee-d5ee907526f3'),
(562, 1, 'common (3).jpg', 'public://common (3).jpg', 'image/jpeg', 1872, 1, 1450853484, 'image', '2d12ffb4-f82e-473c-be19-ded708d92f22'),
(564, 1, 'DSC03975.JPG', 'public://DSC03975_0.JPG', 'image/jpeg', 141699, 1, 1450853484, 'image', '71ec6db5-723e-4331-9774-f4811af00463'),
(566, 1, '24.JPG', 'public://24_1.JPG', 'image/jpeg', 248029, 1, 1450853484, 'image', 'a62ed4b0-ad5a-45c8-95e2-4639a3ee93f1'),
(567, 1, '23.JPG', 'public://23_0.JPG', 'image/jpeg', 254565, 1, 1450853484, 'image', 'c5e28f42-d557-431b-92c0-0e70ab994281'),
(568, 1, '8.JPG', 'public://8_0.JPG', 'image/jpeg', 47452, 1, 1450853484, 'image', '3c9000f4-1564-44dd-982e-ec6725c2ad27'),
(569, 1, '2.JPG', 'public://2_0.JPG', 'image/jpeg', 41593, 1, 1450853484, 'image', 'd4917107-c2c4-47d0-9d40-9a65a178ff90'),
(570, 1, 'iStock_000042887558Large.jpg', 'public://iStock_000042887558Large.jpg', 'image/jpeg', 6559284, 1, 1450853484, 'image', '8f740581-0cdb-4019-908f-bf73b39e4904'),
(571, 1, 'Nasscom.jpg', 'public://Nasscom.jpg', 'image/jpeg', 19985, 1, 1450942340, 'image', '4fe531d8-5206-44b5-9265-59bd415d4196'),
(582, 0, 'picture-243-1455278356.jpg', 'public://pictures/picture-243-1455278356.jpg', 'application/octet-stream', 2220, 1, 1455278356, 'default', '7b13d6c7-89dd-49dc-a9f2-a9a8e5e0dce2'),
(583, 0, 'picture-245-1455278661.jpg', 'public://pictures/picture-245-1455278661.jpg', 'application/octet-stream', 2224, 1, 1455278661, 'default', 'd813a8ca-3f1c-456a-8ce0-a4ac6851b27e'),
(584, 0, 'picture-247-1455278796.jpg', 'public://pictures/picture-247-1455278796.jpg', 'application/octet-stream', 2220, 1, 1455278796, 'default', '8014494b-5507-46d3-9382-a336b77e6d29'),
(585, 0, 'picture-249-1455281492.jpg', 'public://pictures/picture-249-1455281492.jpg', 'application/octet-stream', 2224, 1, 1455281492, 'default', '3cf40adb-f1ac-4a6a-8cee-938b1ec3131e'),
(586, 0, 'picture-253-1455514126.png', 'public://pictures/picture-253-1455514126.png', 'application/octet-stream', 56060, 1, 1455514126, 'default', 'e11a2bf2-cfce-4910-b551-ea75bfa0f702'),
(587, 0, 'picture-255-1455514482.jpg', 'public://pictures/picture-255-1455514482.jpg', 'application/octet-stream', 2220, 1, 1455514482, 'default', 'dcddbad5-1080-47fa-b2de-411d178e2c19'),
(588, 0, 'picture-257-1455515160.png', 'public://pictures/picture-257-1455515160.png', 'application/octet-stream', 56060, 1, 1455515160, 'default', '10b82746-412a-41d5-87ef-817e3dd5360f'),
(589, 0, 'picture-259-1455516526.png', 'public://pictures/picture-259-1455516526.png', 'application/octet-stream', 42524, 1, 1455516526, 'default', '7f3edff1-4671-400b-9d75-d81b215ce81e'),
(590, 0, 'picture-261-1455516623.png', 'public://pictures/picture-261-1455516623.png', 'application/octet-stream', 42524, 1, 1455516623, 'default', 'e465d657-8035-4304-a5cc-9579d456f4af'),
(591, 0, 'picture-263-1455521214.png', 'public://pictures/picture-263-1455521214.png', 'application/octet-stream', 56060, 1, 1455521214, 'default', 'c036709e-e787-4507-a08b-37040b540cd5'),
(592, 269, 'picture-269-1455626136.jpg', 'public://pictures/picture-269-1455626136.jpg', 'image/jpeg', 2120, 1, 1455626136, 'image', 'f1609586-434f-4842-9a55-6b93b448a7f3'),
(593, 271, 'picture-271-1455626307.jpg', 'public://pictures/picture-271-1455626307.jpg', 'image/jpeg', 2120, 1, 1455626307, 'image', '4bdf932c-cb0b-4080-8159-741956074b08'),
(594, 274, 'picture-274-1455627045.jpg', 'public://pictures/picture-274-1455627045.jpg', 'image/jpeg', 2120, 1, 1455627045, 'image', 'eae4a5b7-2638-4d41-9fb1-c52fa51ef0fc'),
(600, 2, 'image1.jpg', 'public://image1.jpg', 'image/jpeg', 641069, 1, 1456739474, 'image', 'f4d5a0f5-5f6e-4e8d-8413-bfd9324a440b'),
(601, 2, 'medium_image1.jpg', 'public://medium_image1.jpg', 'image/jpeg', 4191, 1, 1456739474, 'image', '25eaed46-f20d-4865-a9d2-c4aad107d657'),
(602, 2, 'image1.jpg', 'public://image1_0.jpg', 'image/jpeg', 641069, 1, 1456740976, 'image', '9e6518a6-0ed8-4a5e-9385-d897eb4f6f57'),
(604, 2, 'FP_Office_Spaces.jpg', 'public://FP_Office_Spaces.jpg', 'image/jpeg', 99769, 1, 1459925230, 'image', 'ed3cce11-c4b9-4f7b-a41e-a8d87b8f983c'),
(605, 2, 'FP3.jpg', 'public://FP3.jpg', 'image/jpeg', 307441, 1, 1461661890, 'image', '941a2b8b-d5ef-4780-894a-4e2726004617'),
(606, 2, 'FP_BlogPost.jpg', 'public://FP_BlogPost.jpg', 'image/jpeg', 176050, 1, 1463464203, 'image', '5aad7459-a866-4287-a3a3-429295aa1ae7'),
(607, 2, 'FP_Image4.jpg', 'public://FP_Image4.jpg', 'image/jpeg', 117691, 1, 1465969230, 'image', '24d92239-8463-402a-8215-deb925dc3c47'),
(608, 2, 'FP_Image4_7th July.jpg', 'public://FP_Image4_7th July.jpg', 'image/jpeg', 354545, 1, 1467875383, 'image', 'd942ffe4-ad07-42f2-8b7a-fae20a1c7bcc'),
(611, 2, 'FP_Image03_25th_July.jpg', 'public://FP_Image03_25th_July.jpg', 'image/jpeg', 232226, 1, 1469430334, 'image', 'ba53a926-4f89-465f-93e4-d2b2498747a5'),
(612, 2, 'FP_Image05_27th July.jpg', 'public://FP_Image05_27th July.jpg', 'image/jpeg', 252945, 1, 1469598505, 'image', 'bed3b031-3e91-4186-bdac-22365b00b242'),
(613, 2, 'FP_Image2_Coworking.jpg', 'public://FP_Image2_Coworking.jpg', 'image/jpeg', 368143, 1, 1469778856, 'image', '82cadca9-4e38-406d-9396-20f5052849da'),
(614, 2, 'FP_Image00_Coworking.jpg', 'public://FP_Image00_Coworking.jpg', 'image/jpeg', 82952, 1, 1469778833, 'image', '1e855e32-8265-42e7-a7f6-2b96d15f062b'),
(615, 2, 'Healthy_Work_Space_FP.jpg', 'public://Healthy_Work_Space_FP.jpg', 'image/jpeg', 143115, 1, 1471503759, 'image', '9ef1dca4-5ee1-4229-b40d-eb1c247c5eae'),
(616, 2, 'Coworking_FP.jpg', 'public://Coworking_FP.jpg', 'image/jpeg', 103084, 1, 1471503721, 'image', '798ff2f5-a265-4a65-9119-a6c7844ab7a2'),
(617, 2, 'FP_Office_Buildings.jpg', 'public://FP_Office_Buildings.jpg', 'image/jpeg', 199160, 1, 1472799256, 'image', '7be01092-cf14-4094-9c6c-11872e91d566'),
(618, 2, 'FP_Office_Interiors.jpg', 'public://FP_Office_Interiors.jpg', 'image/jpeg', 433411, 1, 1472798976, 'image', '81912904-27a6-4fdf-ba28-a296f54b3096'),
(619, 2, 'FP_Blog_Image2.jpg', 'public://FP_Blog_Image2.jpg', 'image/jpeg', 123555, 1, 1473846125, 'image', 'cefe073b-f9ff-4adc-aeaa-0eeb3f40a8d2'),
(620, 2, 'FP_Blog_Image1.jpg', 'public://FP_Blog_Image1.jpg', 'image/jpeg', 285743, 1, 1473846096, 'image', 'd92bfba5-d03f-4425-9078-440cb25da56e'),
(621, 2, 'Rent_An_Office_FP.jpg', 'public://Rent_An_Office_FP.jpg', 'image/jpeg', 64553, 1, 1476340248, 'image', '429142e2-f70b-47e2-9ae8-a1ba7e2ebcfd'),
(622, 2, 'Spacious_Office_FP.jpg', 'public://Spacious_Office_FP.jpg', 'image/jpeg', 198036, 1, 1476340210, 'image', '95a14150-1dde-4a85-9e35-2f3a44b508a7'),
(623, 2, 'FP_Office_Front.jpg', 'public://FP_Office_Front.jpg', 'image/jpeg', 353259, 1, 1479448972, 'image', '2604894c-91bb-45db-b2e1-57a5609e6168'),
(624, 2, 'FP_Office_Interior.jpg', 'public://FP_Office_Interior.jpg', 'image/jpeg', 203783, 1, 1479448946, 'image', '61c52584-8350-4bd9-8595-8d4a6def112c'),
(625, 2, 'FP_Office_Front.JPG', 'public://FP_Office_Front.JPG', 'image/jpeg', 1338514, 1, 1482922168, 'image', '36f9dfb0-78d2-4ffd-812c-e5922888386d'),
(626, 2, 'FP_Office_Discussion_Room.jpg', 'public://FP_Office_Discussion_Room.jpg', 'image/jpeg', 157496, 1, 1482922073, 'image', '3c5a0463-8bed-4ae0-8abc-3da6517aef42'),
(627, 2, '2017-01-02-PHOTO-00002160.jpg', 'public://2017-01-02-PHOTO-00002160.jpg', 'image/jpeg', 42716, 1, 1484117058, 'image', '94301eb8-e58a-4c6c-ac1c-86372e287a2b'),
(628, 2, 'IMG-20161228-WA0002.jpg', 'public://IMG-20161228-WA0002.jpg', 'image/jpeg', 38590, 1, 1484117058, 'image', '6de91ab9-a248-4c2d-ae94-f99519bef2a0'),
(629, 2, '2017-01-02-PHOTO-00002155.jpg', 'public://2017-01-02-PHOTO-00002155.jpg', 'image/jpeg', 59844, 1, 1484117058, 'image', 'd181cc9f-587b-4713-be0e-343a57916e99'),
(630, 2, '2017-01-02-PHOTO-00002156.jpg', 'public://2017-01-02-PHOTO-00002156.jpg', 'image/jpeg', 42690, 1, 1484117308, 'image', '111060d0-2aa7-4ba8-8c8b-02ce11e9e9fb'),
(631, 2, '2017-01-02-PHOTO-00002158.jpg', 'public://2017-01-02-PHOTO-00002158.jpg', 'image/jpeg', 41490, 1, 1484117308, 'image', '235c0144-4bf1-47db-8f32-7f60e682d577'),
(632, 2, '2017-01-02-PHOTO-00002154.jpg', 'public://2017-01-02-PHOTO-00002154.jpg', 'image/jpeg', 55305, 1, 1484117308, 'image', 'a3b50168-91a7-4010-b564-a87103706e1e'),
(633, 2, 'Modern Office.jpg', 'public://Modern Office.jpg', 'image/jpeg', 94213, 1, 1485326489, 'image', '084ea551-7db2-4e2a-9bb1-8e7f8cb8ffa1'),
(634, 2, 'Hot Desking.jpg', 'public://Hot Desking.jpg', 'image/jpeg', 92648, 1, 1485326256, 'image', 'd6128f0e-a677-45e2-99a0-ff01c9202cc9'),
(635, 2, 'Open Office.jpg', 'public://Open Office.jpg', 'image/jpeg', 124282, 1, 1485326372, 'image', 'f9130b7a-fc94-4892-b3b4-9405daed632b'),
(636, 2, 'Unassigned office.JPG', 'public://Unassigned office.JPG', 'image/jpeg', 106285, 1, 1485326442, 'image', '0acac58a-77f9-4be0-80b7-e6384ef9aa3c'),
(638, 2, '1004.jpg', 'public://1004_0.jpg', 'image/jpeg', 135176, 1, 1485755292, 'image', 'a944b614-1a19-4896-9dfb-9d35c8a2488b'),
(639, 2, '1021.jpg', 'public://1021.jpg', 'image/jpeg', 161006, 1, 1485756522, 'image', '6f6cdaae-8b61-475a-8a84-98a69884c128'),
(640, 2, '1031.jpg', 'public://1031.jpg', 'image/jpeg', 154816, 1, 1485756712, 'image', '141dd477-5b0d-4844-86d1-892f776ed868'),
(643, 2, '1097.jpg', 'public://1097.jpg', 'image/jpeg', 281707, 1, 1485757524, 'image', '576eeb13-b897-4fcc-8932-5cc562943100'),
(644, 2, '1137.jpg', 'public://1137.jpg', 'image/jpeg', 178002, 1, 1485757852, 'image', 'b1243c04-b533-4e13-80a4-96ab727103e9'),
(645, 2, '1195.jpg', 'public://1195.jpg', 'image/jpeg', 266243, 1, 1485758100, 'image', '5ac5626f-91f8-4b13-8404-c10c1e05faef'),
(646, 2, '1206.jpg', 'public://1206.jpg', 'image/jpeg', 164426, 1, 1485758227, 'image', '72a6a85f-cbfc-4ce3-886e-422a3ad5cdbf'),
(647, 2, '1186.jpg', 'public://1186.jpg', 'image/jpeg', 146640, 1, 1485758860, 'image', '831295ca-9de6-48e8-90db-6f889cca5789'),
(648, 2, '1235.jpg', 'public://1235.jpg', 'image/jpeg', 206216, 1, 1485759126, 'image', '2be32404-8bf2-4239-9478-b8883e58e524'),
(649, 2, '1263.jpg', 'public://1263.jpg', 'image/jpeg', 142797, 1, 1485759797, 'image', '9832798d-efd4-4706-9ce2-0728e4ae6380'),
(650, 2, '1263.jpg', 'public://1263_0.jpg', 'image/jpeg', 142797, 1, 1485760174, 'image', '217d1e14-4ab8-4d2f-98b6-6922540fe72f'),
(651, 2, '1276.jpg', 'public://1276.jpg', 'image/jpeg', 153181, 1, 1485760293, 'image', 'afb101b9-825c-440d-b2e9-9f0fd7b295ab'),
(653, 2, '1287.jpg', 'public://1287.jpg', 'image/jpeg', 308199, 1, 1485761036, 'image', '8664b6e0-a4ac-4907-b30c-f9a484f52499'),
(654, 2, '1311.jpg', 'public://1311.jpg', 'image/jpeg', 150586, 1, 1485761216, 'image', '5b08d493-4a4d-4f73-aa49-22330837b9ad'),
(655, 2, '1313.jpg', 'public://1313.jpg', 'image/jpeg', 132624, 1, 1485761918, 'image', '247a880c-fbcb-4242-8697-a3dfba6a1a1f'),
(656, 2, '1372.jpg', 'public://1372.jpg', 'image/jpeg', 144132, 1, 1485762311, 'image', '4c7f0129-5dde-48dd-be0a-75c852ab27a5'),
(657, 2, '1466.jpg', 'public://1466.jpg', 'image/jpeg', 121396, 1, 1485762617, 'image', '4e802667-1444-4bc8-81f2-1489ca568a36'),
(658, 2, '1502.jpg', 'public://1502.jpg', 'image/jpeg', 220290, 1, 1485762806, 'image', '942d9167-5e31-4d1d-9a63-a956ec8cd63f'),
(659, 2, '1504.jpg', 'public://1504.jpg', 'image/jpeg', 146908, 1, 1485766707, 'image', 'bb06d10f-7c8d-4e62-bf3b-0fea5a3fdfe4'),
(660, 2, '1506.jpg', 'public://1506.jpg', 'image/jpeg', 144586, 1, 1485766862, 'image', 'a4115c86-2618-4e10-a229-36371916b7d3'),
(661, 2, '1571.jpg', 'public://1571.jpg', 'image/jpeg', 137556, 1, 1485766994, 'image', '5a7ec0c1-79de-4c33-bbee-1676a61742e1'),
(662, 2, '1571.jpg', 'public://1571_0.jpg', 'image/jpeg', 137556, 1, 1485767164, 'image', 'ead47121-b596-4be2-ba70-646bdf9a4130'),
(663, 2, '1571.jpg', 'public://1571_1.jpg', 'image/jpeg', 137556, 1, 1485767318, 'image', '3e94c615-f31e-495b-ac83-ccab1bec4f7c'),
(664, 2, '1571.jpg', 'public://1571_2.jpg', 'image/jpeg', 137556, 1, 1485767530, 'image', '3846eb89-f373-4580-a98b-dc89e35bde3e'),
(665, 2, '1593.jpg', 'public://1593.jpg', 'image/jpeg', 143166, 1, 1485767760, 'image', '294c885e-0562-4c19-841b-be39beba998d'),
(666, 2, '1593.jpg', 'public://1593_0.jpg', 'image/jpeg', 143166, 1, 1485768058, 'image', '61f4cf51-61b5-495f-be57-5d91e59e959d'),
(667, 2, '1774.jpg', 'public://1774.jpg', 'image/jpeg', 238653, 1, 1485769150, 'image', 'cc55a690-4ccf-49ab-8700-65dc5396b9ee'),
(668, 2, '2087.jpg', 'public://2087.jpg', 'image/jpeg', 286898, 1, 1485769568, 'image', '91efa576-fabb-482f-8aea-016d08d173f8'),
(669, 2, '1004.jpg', 'public://1004_1.jpg', 'image/jpeg', 135176, 1, 1485769754, 'image', '56fdbd68-1e82-4476-9693-ff109028edb1'),
(670, 2, '1206.jpg', 'public://1206_0.jpg', 'image/jpeg', 164426, 1, 1485770043, 'image', 'fae38100-7a9b-4dff-8dc4-67834f02de63'),
(671, 2, '1387.jpg', 'public://1387.jpg', 'image/jpeg', 209139, 1, 1485770252, 'image', '8b5ba971-7f8d-4b6a-878b-473c39515fe2'),
(672, 2, '1387.jpg', 'public://1387_0.jpg', 'image/jpeg', 209139, 1, 1485770767, 'image', 'a07f4df7-04e7-4308-b621-5b3931576e1e'),
(673, 2, '1622.jpg', 'public://1622.jpg', 'image/jpeg', 163390, 1, 1485770942, 'image', '06b9b8cd-9eb9-4cbd-9e2e-67378edb9e0c'),
(674, 2, '1021.jpg', 'public://1021_0.jpg', 'image/jpeg', 161006, 1, 1485771065, 'image', 'e7b836e2-5758-40b5-90cd-516b15c112a3'),
(675, 2, '1235.jpg', 'public://1235_0.jpg', 'image/jpeg', 206216, 1, 1485771162, 'image', '4f7d81d0-1963-4ffa-9fff-c7ea3d45342f'),
(676, 2, '1235.jpg', 'public://1235_1.jpg', 'image/jpeg', 206216, 1, 1485771838, 'image', '551245e2-d262-4b77-842e-a4b8c87aeb60'),
(677, 2, '1396.jpg', 'public://1396.jpg', 'image/jpeg', 139715, 1, 1485771957, 'image', '9207c93f-c625-449b-865c-7ae13f2efdcd'),
(678, 2, '1633.jpg', 'public://1633.jpg', 'image/jpeg', 152352, 1, 1485772540, 'image', 'c99f78f8-e75f-41a6-90d8-53ab1946342f'),
(679, 2, '1031.jpg', 'public://1031_0.jpg', 'image/jpeg', 154816, 1, 1485773085, 'image', '8382210c-d988-47d7-bcbc-7fe7290f7100'),
(681, 2, '1438.jpg', 'public://1438.jpg', 'image/jpeg', 299250, 1, 1485773539, 'image', 'f5954cc4-5bde-4374-9e85-2fb81817571c'),
(682, 2, '1035.jpg', 'public://1035_0.jpg', 'image/jpeg', 213387, 1, 1485773677, 'image', '417078ae-48d5-4137-9565-8dbe38709974'),
(683, 2, '1276.jpg', 'public://1276_0.jpg', 'image/jpeg', 153181, 1, 1485773829, 'image', 'f32731b5-3bda-4777-9ca1-c7bc9c2d56d3'),
(684, 2, '1466.jpg', 'public://1466_0.jpg', 'image/jpeg', 121396, 1, 1485773961, 'image', '555c50da-5c38-430d-98f1-58db2509358f'),
(685, 2, '1751.jpg', 'public://1751.jpg', 'image/jpeg', 162118, 1, 1485774381, 'image', '676a6d10-219f-43a9-9d2f-71fb640a67ad'),
(686, 2, '1052.jpg', 'public://1052_0.jpg', 'image/jpeg', 165978, 1, 1485774471, 'image', '8706579a-2fea-4184-9675-2d5c68ca8601'),
(687, 2, '1281.jpg', 'public://1281_0.jpg', 'image/jpeg', 152103, 1, 1485774595, 'image', '8146f4f8-0f8b-4ba5-ac89-9b6a9005645c'),
(688, 2, '1473.jpg', 'public://1473.jpg', 'image/jpeg', 154973, 1, 1485776805, 'image', 'f29b2949-29d8-451a-90b2-6e1398aec552'),
(689, 2, '1766.jpg', 'public://1766.jpg', 'image/jpeg', 131699, 1, 1485777088, 'image', '9cc0f274-368e-4444-8083-29f294906273'),
(690, 2, '1766.jpg', 'public://1766_0.jpg', 'image/jpeg', 131699, 1, 1485777238, 'image', 'edc06bcd-4a18-4140-ac2b-104d68c854aa'),
(691, 2, '1287.jpg', 'public://1287_0.jpg', 'image/jpeg', 308199, 1, 1485777487, 'image', '3e5b5f07-37ab-4b47-97c9-19e09855ed56'),
(692, 2, '1097.jpg', 'public://1097_0.jpg', 'image/jpeg', 281707, 1, 1485777752, 'image', '6afd7c32-c737-4358-a60d-0a45f7a3434b'),
(693, 2, '1311.jpg', 'public://1311_0.jpg', 'image/jpeg', 150586, 1, 1485777866, 'image', '70b5edde-854d-463c-acb7-3f2bd871ca2f'),
(694, 2, '2087.jpg', 'public://2087_0.jpg', 'image/jpeg', 286898, 1, 1485777975, 'image', 'ad99119e-9989-42ef-af0d-890c3edc70c1'),
(695, 2, '1504.jpg', 'public://1504_0.jpg', 'image/jpeg', 146908, 1, 1485778096, 'image', 'fcd9c25d-81cb-4e9d-87e2-41979a11b5b3'),
(696, 2, '1137.jpg', 'public://1137_0.jpg', 'image/jpeg', 178002, 1, 1485778293, 'image', 'c025552a-1e19-4573-95ea-34341a1ee634'),
(697, 2, '1317.jpg', 'public://1317.jpg', 'image/jpeg', 290382, 1, 1485778443, 'image', '9002ca47-ec7a-4b32-b862-406fc263d63e'),
(705, 2, '1295.jpg', 'public://1295.jpg', 'image/jpeg', 92403, 1, 1486030435, 'image', '8a52d755-ab05-44c8-ac45-3aadbcee5160'),
(707, 2, '1277.jpg', 'public://1277.jpg', 'image/jpeg', 110843, 1, 1486030747, 'image', 'a4cb429f-9a56-4913-a6f5-c42df2fa4b33'),
(752, 2, '1001.jpg', 'public://1001.jpg', 'image/jpeg', 160792, 1, 1486099074, 'image', 'dcb325ea-a8f5-4932-b94f-47b915be6bf6'),
(753, 2, '1.jpg', 'public://1.jpg', 'image/jpeg', 156366, 1, 1486099309, 'image', '8b873043-78ae-4261-81b0-89d3cb940e87'),
(754, 2, '1003.jpg', 'public://1003.jpg', 'image/jpeg', 147037, 1, 1486099399, 'image', '52b40370-6754-4510-9fff-f90af70ed164'),
(755, 2, '1004.jpg', 'public://1004.jpg', 'image/jpeg', 135176, 1, 1486099568, 'image', '5b481de5-6bb3-4a60-b6c9-0b3d842f431a'),
(756, 2, '1005.jpg', 'public://1005.jpg', 'image/jpeg', 133670, 1, 1486099746, 'image', 'bb72c4e0-c529-4534-9518-af5d2654f882'),
(757, 2, '1006.jpg', 'public://1006.jpg', 'image/jpeg', 121208, 1, 1486099856, 'image', '36ce9bcd-1a21-46a5-bb79-11ec029c9d96'),
(758, 2, '1007.jpg', 'public://1007.jpg', 'image/jpeg', 201225, 1, 1486100213, 'image', 'faaf4e92-cd9d-48ae-8ece-5d66a8e039f6'),
(759, 2, '1008.jpg', 'public://1008.jpg', 'image/jpeg', 290647, 1, 1486100350, 'image', 'deeb7dcb-5034-46fb-857d-bdd1c35f49a2'),
(760, 2, '1009.jpg', 'public://1009.jpg', 'image/jpeg', 82171, 1, 1486100475, 'image', '5ab4058e-011b-4d73-8665-af040857fbfe'),
(761, 2, '1011.jpg', 'public://1011.jpg', 'image/jpeg', 163599, 1, 1486100579, 'image', '89584275-0a58-4d21-8eec-6e3602c4d43b'),
(762, 2, '170.jpg', 'public://170.jpg', 'image/jpeg', 197758, 1, 1486100671, 'image', '3840f04d-a946-4d63-8fb5-9f4bc0f205ae'),
(763, 2, '1013.jpg', 'public://1013.jpg', 'image/jpeg', 164616, 1, 1486100804, 'image', 'd61a5331-8558-43e7-a59b-04fae0a6eed0'),
(764, 2, '1014.jpg', 'public://1014.jpg', 'image/jpeg', 135176, 1, 1486100926, 'image', 'a8eb49b8-858a-4094-b475-2133a9115624'),
(765, 2, '1023.jpg', 'public://1023.jpg', 'image/jpeg', 135280, 1, 1486101025, 'image', 'd86e3b3a-9cf6-464e-acd8-e422a5f215ad'),
(766, 2, '1034.jpg', 'public://1034.jpg', 'image/jpeg', 140955, 1, 1486101113, 'image', '2a4befe5-408d-4b99-98aa-9aff584d7777'),
(767, 2, '1025.jpg', 'public://1025.jpg', 'image/jpeg', 195450, 1, 1486101387, 'image', '4314ba4a-6c3f-4553-a6d4-4af83dfbd6d8'),
(768, 2, '1001.jpg', 'public://1001_0.jpg', 'image/jpeg', 160792, 1, 1486102044, 'image', 'c724e4a1-464c-406a-9997-836061ed0461'),
(769, 2, '1036.jpg', 'public://1036.jpg', 'image/jpeg', 286499, 1, 1486102066, 'image', 'dcac93eb-9c0a-4a74-96f2-efa3a0faa50c'),
(770, 2, '1.jpg', 'public://1_0.jpg', 'image/jpeg', 156366, 1, 1486102132, 'image', 'ab269056-cf47-464f-bb58-85a61b8a4453'),
(771, 2, '1047.jpg', 'public://1047.jpg', 'image/jpeg', 260053, 1, 1486102155, 'image', '9dfe86bb-3247-48d3-aa7d-1db28cfd4501'),
(772, 2, '1028.jpg', 'public://1028.jpg', 'image/jpeg', 190757, 1, 1486102236, 'image', '3c53b37e-4949-4e9c-a343-ac2ec1ce69f9'),
(773, 2, '1003.jpg', 'public://1003_0.jpg', 'image/jpeg', 147037, 1, 1486102263, 'image', 'f40e5873-dacb-463f-9090-c8b0b3dc179b'),
(776, 2, '1004.jpg', 'public://1004_2.jpg', 'image/jpeg', 135176, 1, 1486102697, 'image', '8ecf5362-04de-4d81-8d49-d5512a1f680d'),
(777, 2, '1005.jpg', 'public://1005_0.jpg', 'image/jpeg', 133670, 1, 1486102838, 'image', 'a5237a1a-27be-451a-abbe-cf11c57170ce'),
(778, 2, '1022.jpg', 'public://1022.jpg', 'image/jpeg', 151759, 1, 1486103234, 'image', 'a6bc1d91-c4c6-4a21-aa95-3428c923262b'),
(779, 2, '1043.jpg', 'public://1043.jpg', 'image/jpeg', 145093, 1, 1486103520, 'image', '4d343ad2-a99f-4537-8f7b-eddda3f60f46'),
(780, 2, '1034.jpg', 'public://1034_0.jpg', 'image/jpeg', 140955, 1, 1486103937, 'image', 'cd06a404-5acb-48f1-9198-365115bd1329'),
(781, 2, '1055.jpg', 'public://1055.jpg', 'image/jpeg', 193663, 1, 1486104070, 'image', '8772c60c-5946-4c61-8abc-996a0770f306'),
(782, 2, '1017.jpg', 'public://1017.jpg', 'image/jpeg', 297626, 1, 1486104151, 'image', '3379a79c-af5f-4360-829c-39c53bffffc9'),
(783, 2, '1066.jpg', 'public://1066.jpg', 'image/jpeg', 165131, 1, 1486104186, 'image', 'c0e56658-bb5f-4297-8ef1-48aa49cd4c3e'),
(784, 2, '1078.jpg', 'public://1078.jpg', 'image/jpeg', 207326, 1, 1486104302, 'image', '619bbb88-372f-41bf-8899-b249463e441c'),
(785, 2, '1008.jpg', 'public://1008_0.jpg', 'image/jpeg', 290647, 1, 1486104341, 'image', 'f6ca00a8-da30-4e06-a547-2f7896e79102'),
(787, 2, '1111.jpg', 'public://1111.jpg', 'image/jpeg', 161760, 1, 1486104513, 'image', '542c3ad7-69e6-40cd-b618-72827acd2f9f'),
(788, 2, '1212.jpg', 'public://1212.jpg', 'image/jpeg', 142773, 1, 1486104638, 'image', 'fd203d2f-5bdd-4235-a876-a04937ac617d'),
(789, 2, '1143.jpg', 'public://1143.jpg', 'image/jpeg', 160362, 1, 1486104763, 'image', 'f5bab94a-d59a-4020-ac5f-cf62c3142766'),
(790, 2, '1155.jpg', 'public://1155.jpg', 'image/jpeg', 312153, 1, 1486104924, 'image', 'de8e16df-5b12-4c26-a8d3-002824b58037'),
(791, 2, '1009.jpg', 'public://1009_0.jpg', 'image/jpeg', 82171, 1, 1486105027, 'image', '2f1d39e5-fe02-4b12-85e5-593fe331f9ee'),
(792, 2, '1011.jpg', 'public://1011_0.jpg', 'image/jpeg', 163599, 1, 1486105119, 'image', '391ada00-343a-4bbd-8c8c-d00e05309590'),
(793, 2, '1296.jpg', 'public://1296.jpg', 'image/jpeg', 161872, 1, 1486105224, 'image', 'fa4e6291-2236-4f4c-b0df-86e910bddf1c'),
(794, 2, '1652.jpg', 'public://1652.jpg', 'image/jpeg', 164654, 1, 1486105293, 'image', 'e48ad853-3e7c-4658-b2d1-7403f354e33e'),
(795, 2, '1377.jpg', 'public://1377.jpg', 'image/jpeg', 193421, 1, 1486105330, 'image', 'f4c4cf72-b8b1-486e-8309-1be084ae4c5a'),
(796, 2, '1048.jpg', 'public://1048.jpg', 'image/jpeg', 207937, 1, 1486105665, 'image', 'c123bea5-ff2f-433b-9f4c-6924fff44a93'),
(797, 2, '1023.jpg', 'public://1023_0.jpg', 'image/jpeg', 135280, 1, 1486105723, 'image', 'de894fb8-7f77-4c0d-ac25-64ac1cd71a1c'),
(798, 2, '1344.jpg', 'public://1344.jpg', 'image/jpeg', 150398, 1, 1486105889, 'image', '6aeaea11-b83f-4d5a-9e60-4cd95c23f991'),
(799, 2, '1024.jpg', 'public://1024.jpg', 'image/jpeg', 133348, 1, 1486105929, 'image', '3cc7b686-d51b-4b29-b309-5b80b004ef64'),
(800, 2, '1305.jpg', 'public://1305.jpg', 'image/jpeg', 136482, 1, 1486105988, 'image', '77465cb7-c380-40df-93bf-b83af6b50fe6'),
(801, 2, '1396.jpg', 'public://1396_0.jpg', 'image/jpeg', 139715, 1, 1486106143, 'image', 'e2771393-c58f-4506-a2b3-0bf92cb7511d'),
(802, 2, '1025.jpg', 'public://1025_0.jpg', 'image/jpeg', 195450, 1, 1486106145, 'image', '80db06f8-3173-4ae2-bbb5-6c6f7897f688'),
(803, 2, '1026.jpg', 'public://1026.jpg', 'image/jpeg', 290725, 1, 1486106241, 'image', 'b287b2db-0da6-44dd-ab8c-0e83a11d4717'),
(804, 2, '1287.jpg', 'public://1287_1.jpg', 'image/jpeg', 308199, 1, 1486106280, 'image', '5d25c6bf-14d1-4224-9f7b-9f5df7f0511f'),
(805, 2, '1027.jpg', 'public://1027.jpg', 'image/jpeg', 301058, 1, 1486106325, 'image', 'b562ebe5-38eb-4f73-8b64-84b53b101a69'),
(806, 2, '1048.jpg', 'public://1048_0.jpg', 'image/jpeg', 207937, 1, 1486106384, 'image', 'f87a390e-5004-441b-8fbe-40477f76ca19'),
(807, 2, '1249.jpg', 'public://1249.jpg', 'image/jpeg', 114574, 1, 1486106498, 'image', 'dcd238e2-dddb-4b72-b311-135b02ede316'),
(808, 2, '1151.jpg', 'public://1151.jpg', 'image/jpeg', 194243, 1, 1486106596, 'image', '23ba5f9a-fee2-4ad5-aea0-54b1d20c0a0b'),
(809, 2, '1028.jpg', 'public://1028_0.jpg', 'image/jpeg', 190757, 1, 1486106683, 'image', '405d62af-fb63-401d-b7ca-a474806180dd'),
(810, 2, '1452.jpg', 'public://1452.jpg', 'image/jpeg', 171349, 1, 1486106717, 'image', '7a38e6ff-b8b7-41b6-8096-b56d5e93ffaf'),
(811, 2, '1029.jpg', 'public://1029.jpg', 'image/jpeg', 149293, 1, 1486106803, 'image', '76d22e3a-1c69-4ddd-a987-e81371b4ab57'),
(812, 2, '1443.jpg', 'public://1443.jpg', 'image/jpeg', 144792, 1, 1486106860, 'image', '0671d184-ab77-46e0-9ea3-a8b0f8da3ee3'),
(813, 2, '1095.jpg', 'public://1095.jpg', 'image/jpeg', 193060, 1, 1486106955, 'image', 'd055127e-3700-4e58-a232-2c9ecf0a3321'),
(814, 2, '1771.jpg', 'public://1771.jpg', 'image/jpeg', 154385, 1, 1486106962, 'image', '5aaa56c7-ee5c-4ae0-8ceb-7945dab883c4'),
(815, 2, '1010.jpg', 'public://1010.jpg', 'image/jpeg', 231457, 1, 1486107084, 'image', 'bd3596e7-65d3-4b8f-8dd0-42f287e2fc9c'),
(816, 2, '1376.jpg', 'public://1376.jpg', 'image/jpeg', 188475, 1, 1486107249, 'image', '15166c1d-ac91-4f9b-804a-51e073ce88d1'),
(817, 2, '1170.jpg', 'public://1170.jpg', 'image/jpeg', 193250, 1, 1486107252, 'image', 'eb59f992-b18b-44ce-9d3c-2449d21d0c86'),
(818, 2, '1090.jpg', 'public://1090.jpg', 'image/jpeg', 168815, 1, 1486107384, 'image', 'e4afd009-ae1a-48d1-ae22-41b91d0e9342'),
(820, 2, '1416.jpg', 'public://1416.jpg', 'image/jpeg', 133483, 1, 1486107513, 'image', 'ca24eb8b-c47c-40f4-92dd-9f6485d37f92'),
(821, 2, '1070.jpg', 'public://1070.jpg', 'image/jpeg', 175286, 1, 1486107575, 'image', '42bade45-d325-4331-9c5c-554ec5862351'),
(822, 2, '1461.jpg', 'public://1461.jpg', 'image/jpeg', 137122, 1, 1486107600, 'image', '264fa8eb-641b-4a64-8c64-da8b5862fe9f'),
(823, 2, '1842.jpg', 'public://1842.jpg', 'image/jpeg', 192578, 1, 1486107681, 'image', '4f7b7283-abfb-4576-9d29-dc12c254127a'),
(824, 2, '1153.jpg', 'public://1153.jpg', 'image/jpeg', 157376, 1, 1486107794, 'image', '9c555ab9-7e74-4665-8555-6b925974964f'),
(825, 2, '1140.jpg', 'public://1140.jpg', 'image/jpeg', 168758, 1, 1486107812, 'image', 'e47e03f0-5172-47be-8f92-dba966f936bf'),
(826, 2, '1140.jpg', 'public://1140_0.jpg', 'image/jpeg', 168758, 1, 1486108006, 'image', '27654e0a-8c99-4e39-850b-b6388f856efe'),
(827, 2, '1150.jpg', 'public://1150.jpg', 'image/jpeg', 202205, 1, 1486108086, 'image', '460ef092-10c1-4234-a26a-2ce794fa80bf'),
(828, 2, '1040.jpg', 'public://1040.jpg', 'image/jpeg', 181805, 1, 1486108198, 'image', 'f868829a-6bcc-4077-867f-5ac397bb01ec'),
(829, 2, '1140.jpg', 'public://1140_1.jpg', 'image/jpeg', 168758, 1, 1486108290, 'image', '21882b47-85bc-457a-94a5-70491bda8322'),
(830, 2, '1242.jpg', 'public://1242.jpg', 'image/jpeg', 130141, 1, 1486108331, 'image', 'e3ba2d6f-316e-4f8a-a040-868d6e16f8b5'),
(831, 2, '1153.jpg', 'public://1153_0.jpg', 'image/jpeg', 157376, 1, 1486108397, 'image', '84fdcfc3-0bd8-46a3-b06e-2904c6493317'),
(832, 2, '1054.jpg', 'public://1054.jpg', 'image/jpeg', 151363, 1, 1486108469, 'image', 'cb853f38-46a6-42ce-a75c-b79648be2621'),
(833, 2, '1692.jpg', 'public://1692.jpg', 'image/jpeg', 165522, 1, 1486109063, 'image', '05fc272b-dfd8-4416-bf53-6ac8a1e6fb9c'),
(834, 2, '1363.jpg', 'public://1363.jpg', 'image/jpeg', 155635, 1, 1486109154, 'image', '85a5352a-a955-4b24-974a-b3eb8ed6a395'),
(835, 2, '1624.jpg', 'public://1624.jpg', 'image/jpeg', 147607, 1, 1486109334, 'image', '8473cd65-4c0c-4d40-b2ae-bf089965e7b8'),
(836, 2, '1495.jpg', 'public://1495.jpg', 'image/jpeg', 145205, 1, 1486109428, 'image', '53d55469-4ba4-4aef-ba90-9da831f628f5'),
(838, 2, '1276.jpg', 'public://1276_1.jpg', 'image/jpeg', 153181, 1, 1486109549, 'image', 'df2678a0-0016-4edc-90f8-21e156ca15bb'),
(840, 2, '2137.jpg', 'public://2137.jpg', 'image/jpeg', 303418, 1, 1486111626, 'image', 'cefba205-ba7a-413d-9d67-e95b561e238a'),
(841, 2, '1206.jpg', 'public://1206_1.jpg', 'image/jpeg', 164426, 1, 1486111671, 'image', '0d8fc4dc-ae6d-4804-93aa-3c855f9f2615'),
(842, 2, '1546.jpg', 'public://1546.jpg', 'image/jpeg', 131675, 1, 1486111729, 'image', 'a0a5c9e2-0d5f-4dcd-9d72-706a69b23e21'),
(844, 2, '1507.jpg', 'public://1507.jpg', 'image/jpeg', 288676, 1, 1486111841, 'image', '3a6d3ff6-0334-4ca7-9e05-0f35c0e0616e'),
(845, 2, '1098.jpg', 'public://1098.jpg', 'image/jpeg', 299877, 1, 1486111869, 'image', 'dc0b11a8-7e18-47be-baab-58cb37e0689c'),
(846, 2, '1299.jpg', 'public://1299.jpg', 'image/jpeg', 183407, 1, 1486112062, 'image', '9aae77b6-a615-4c41-a15e-2437b9741c16'),
(847, 2, '1231.jpg', 'public://1231.jpg', 'image/jpeg', 154034, 1, 1486112159, 'image', '706d1405-528f-4afc-a415-b102405f019b'),
(848, 2, '1772.jpg', 'public://1772.jpg', 'image/jpeg', 163837, 1, 1486112246, 'image', 'e2e04116-a332-4eb0-9fe5-fe92fd701d79'),
(849, 2, '1378.jpg', 'public://1378_0.jpg', 'image/jpeg', 305345, 1, 1486112350, 'image', '716a8a90-18de-423a-a690-f71486885c9d'),
(850, 2, '1233.jpg', 'public://1233.jpg', 'image/jpeg', 156131, 1, 1486112353, 'image', '92ce291d-2040-48ef-b682-54b13c182744'),
(851, 2, '1474.jpg', 'public://1474.jpg', 'image/jpeg', 100561, 1, 1486112459, 'image', 'a6c74fe8-201d-4326-ab2b-f9879c9c1a28'),
(852, 2, '1305.jpg', 'public://1305_0.jpg', 'image/jpeg', 136482, 1, 1486112571, 'image', '3995e78d-027f-4e0d-a021-61e2b138cc11'),
(853, 2, '1736.jpg', 'public://1736.jpg', 'image/jpeg', 134407, 1, 1486112682, 'image', 'b23c143c-c2b1-4308-9aee-a37ce1b75bf0'),
(854, 2, '1375.jpg', 'public://1375.jpg', 'image/jpeg', 138227, 1, 1486113036, 'image', '2a56202a-4586-41d0-8a22-ae631f701c37'),
(855, 2, '1606.jpg', 'public://1606.jpg', 'image/jpeg', 151715, 1, 1486113120, 'image', '42d09778-d767-41ab-9d51-f6231497bd28'),
(856, 2, '1417.jpg', 'public://1417.jpg', 'image/jpeg', 287389, 1, 1486113217, 'image', 'de55eeeb-88ec-422e-9946-9c83917fd268'),
(857, 2, '1078.jpg', 'public://1078_0.jpg', 'image/jpeg', 207326, 1, 1486113300, 'image', '65c44489-d80f-4f27-b5b1-fe9c0fca6059'),
(858, 2, '1469.jpg', 'public://1469.jpg', 'image/jpeg', 140996, 1, 1486113402, 'image', 'dee123b7-8fb7-4b20-bb3b-c5d3f8601ac2'),
(859, 2, '1531.jpg', 'public://1531.jpg', 'image/jpeg', 117574, 1, 1486113494, 'image', '2c9afefd-2cdb-42ac-a318-b967bdf236c8'),
(860, 2, '1019.jpg', 'public://1019.jpg', 'image/jpeg', 107614, 1, 1486113502, 'image', 'ee732560-cbac-4bf8-b599-633e0a2911c6'),
(861, 2, '1621.jpg', 'public://1621.jpg', 'image/jpeg', 189932, 1, 1486113887, 'image', '00f42369-d9b6-45cf-8cc6-4d8c293dc0ec'),
(862, 2, '1622.jpg', 'public://1622_0.jpg', 'image/jpeg', 163390, 1, 1486114002, 'image', '070e8634-f4dc-4649-bfa6-798a3cdc6717'),
(863, 2, '1043.jpg', 'public://1043_0.jpg', 'image/jpeg', 145093, 1, 1486114080, 'image', '8a105e3a-9599-415e-8194-a8644c69eff7'),
(864, 2, '1802.jpg', 'public://1802.jpg', 'image/jpeg', 173923, 1, 1486114245, 'image', '962a5e92-db3b-4386-9436-64e01cdc8473'),
(865, 2, '1404.jpg', 'public://1404.jpg', 'image/jpeg', 152926, 1, 1486114258, 'image', '363036f6-cf8b-455c-a253-88e3b89b7e61'),
(866, 2, '1393.jpg', 'public://1393.jpg', 'image/jpeg', 131169, 1, 1486114331, 'image', 'fda68d2c-824b-46a4-b364-a388afef3015'),
(867, 2, '1164.jpg', 'public://1164.jpg', 'image/jpeg', 151347, 1, 1486114429, 'image', 'ac8d3409-82f5-4db8-af72-e54249c0bef2'),
(868, 2, '1336.jpg', 'public://1336.jpg', 'image/jpeg', 158314, 1, 1486114559, 'image', 'e0967fda-0d95-4dd8-a378-b2b2ab122ab3'),
(869, 2, '1797.jpg', 'public://1797.jpg', 'image/jpeg', 293099, 1, 1486114629, 'image', 'd54c092a-67b2-4de7-ba31-db891c403209'),
(870, 2, '1348.jpg', 'public://1348.jpg', 'image/jpeg', 310252, 1, 1486114702, 'image', '51495b41-0c71-42fc-8380-9a2ab9f45e92'),
(871, 2, '1349.jpg', 'public://1349.jpg', 'image/jpeg', 139071, 1, 1486114787, 'image', 'daf9fd40-4302-416a-a113-88955bb2c560'),
(872, 2, '1461.jpg', 'public://1461_0.jpg', 'image/jpeg', 137122, 1, 1486114879, 'image', 'a5b27835-b6f7-4f39-b07d-c4606d9ae216'),
(873, 2, '1312.jpg', 'public://1312.jpg', 'image/jpeg', 153238, 1, 1486114975, 'image', '49169973-5dfa-40fa-81c0-e9f10a0c7031'),
(875, 2, '1425.jpg', 'public://1425.jpg', 'image/jpeg', 145778, 1, 1486115176, 'image', '73108f89-1e47-49eb-970c-6dd0abb7e666'),
(876, 2, '1044.jpg', 'public://1044.jpg', 'image/jpeg', 134105, 1, 1486115225, 'image', 'ea0d2c46-1924-48eb-97ad-60419dc2370b'),
(877, 2, '1356.jpg', 'public://1356.jpg', 'image/jpeg', 303551, 1, 1486115294, 'image', '6a4cdf7d-694c-4245-90a7-684ab35520b0'),
(879, 2, '1296.jpg', 'public://1296_0.jpg', 'image/jpeg', 161872, 1, 1486115442, 'image', 'cbb77680-f951-4481-b250-ab675f45dd73'),
(880, 2, '1937.jpg', 'public://1937.jpg', 'image/jpeg', 212863, 1, 1486115526, 'image', '01d393fd-bef3-494a-961c-337aa346e018'),
(881, 2, '2057.jpg', 'public://2057.jpg', 'image/jpeg', 305108, 1, 1486115547, 'image', 'e76a208a-aa2d-441a-a051-8660ed3b1a49'),
(882, 2, '1338.jpg', 'public://1338.jpg', 'image/jpeg', 211839, 1, 1486115606, 'image', '6f3549d7-7246-429f-80b5-4dab717411b1'),
(884, 2, '1079.jpg', 'public://1079.jpg', 'image/jpeg', 81652, 1, 1486115719, 'image', '95eeab93-4d05-447b-bf0d-6e0e72e056be'),
(885, 2, '1459.jpg', 'public://1459.jpg', 'image/jpeg', 32229, 1, 1486115786, 'image', '04c97f49-2667-4f61-94cc-14f83bb9310a'),
(886, 2, '1721.jpg', 'public://1721.jpg', 'image/jpeg', 159798, 1, 1486115822, 'image', '02f1f2cc-746c-4001-8d0b-eb21351de081'),
(887, 2, '1441.jpg', 'public://1441.jpg', 'image/jpeg', 128670, 1, 1486115867, 'image', '046edb28-a801-416b-b7e6-dd5673d72c84'),
(888, 2, '1782.jpg', 'public://1782.jpg', 'image/jpeg', 196001, 1, 1486115910, 'image', 'd0e8d57b-cb0a-4817-882b-6ea09a63e68a'),
(889, 2, '1772.jpg', 'public://1772_0.jpg', 'image/jpeg', 163837, 1, 1486116011, 'image', 'f40505ab-f4ca-4e3a-95ff-689f33be6371'),
(891, 2, '1515.jpg', 'public://1515.jpg', 'image/jpeg', 142690, 1, 1486116368, 'image', 'f143f87f-a0bc-4715-8138-6e18e232606c'),
(893, 2, '1386.jpg', 'public://1386.jpg', 'image/jpeg', 297023, 1, 1486116474, 'image', '7d4b2b48-9017-4ede-8ae6-becb087c0df5'),
(894, 2, '1354.jpg', 'public://1354.jpg', 'image/jpeg', 154138, 1, 1486116475, 'image', '353a8859-54dc-4a3c-b396-af9e91ff0ce1'),
(895, 2, '1398.jpg', 'public://1398.jpg', 'image/jpeg', 207020, 1, 1486116555, 'image', 'c3782e50-535e-4492-97d0-2f42881a0e19'),
(897, 2, '1139.jpg', 'public://1139.jpg', 'image/jpeg', 176186, 1, 1486116633, 'image', '41e668c2-3218-4f0c-9e77-514e95863100'),
(898, 2, '1756.jpg', 'public://1756.jpg', 'image/jpeg', 135685, 1, 1486116781, 'image', '43b185b2-b70e-405e-bf20-13f28db1dadd'),
(899, 2, '1131.jpg', 'public://1131.jpg', 'image/jpeg', 161195, 1, 1486116832, 'image', 'b0f357d8-697a-4224-aeef-16e903c4d275'),
(900, 2, '2117.jpg', 'public://2117.jpg', 'image/jpeg', 295776, 1, 1486116932, 'image', '811d4c08-9fa7-46ca-a31f-cde27840039b'),
(901, 2, '1822.jpg', 'public://1822.jpg', 'image/jpeg', 196027, 1, 1486117013, 'image', 'a6402e2b-b1cf-4846-b993-7fcf5df199f5'),
(902, 2, '1018.jpg', 'public://1018.jpg', 'image/jpeg', 284799, 1, 1486117114, 'image', 'ef11c21e-0d01-4cf5-a0f6-0ae0bb075b1a');
INSERT INTO `file_managed` (`fid`, `uid`, `filename`, `uri`, `filemime`, `filesize`, `status`, `timestamp`, `type`, `uuid`) VALUES
(905, 2, '1315.jpg', 'public://1315.jpg', 'image/jpeg', 140960, 1, 1486117274, 'image', 'aeb26f06-addf-4316-ae80-6c62e0ea7bd8'),
(906, 2, '1771.jpg', 'public://1771_0.jpg', 'image/jpeg', 154385, 1, 1486117368, 'image', '20d7024d-c8c4-47c3-b09a-5cfeef3a1603'),
(907, 2, '1762.jpg', 'public://1762.jpg', 'image/jpeg', 161122, 1, 1486117442, 'image', '4ff34b8a-3d86-487a-98eb-218333b8354d'),
(908, 2, '1312.jpg', 'public://1312_0.jpg', 'image/jpeg', 153238, 1, 1486117546, 'image', 'd3f21648-3966-461e-8c2c-bcf9cb9658f5'),
(909, 2, '1353.jpg', 'public://1353.jpg', 'image/jpeg', 160288, 1, 1486117594, 'image', 'c035dd53-e2e2-4263-8dc0-394db04b1e45'),
(910, 2, '1264.jpg', 'public://1264.jpg', 'image/jpeg', 139282, 1, 1486117644, 'image', '65cda61a-6c7c-4c2f-ab9d-48ca2abb27b7'),
(913, 2, '1241.jpg', 'public://1241.jpg', 'image/jpeg', 180694, 1, 1486117878, 'image', '08a00629-f263-4ff1-9a57-a69eba7bb86c'),
(915, 2, '1338.jpg', 'public://1338_0.jpg', 'image/jpeg', 211839, 1, 1486117992, 'image', '03a9355b-8e30-4566-ae6f-1f6a90288eea'),
(916, 2, '1389.jpg', 'public://1389.jpg', 'image/jpeg', 200171, 1, 1486118068, 'image', '79996d26-cbab-45b5-bace-7bf5763f78a2'),
(917, 2, '1421.jpg', 'public://1421.jpg', 'image/jpeg', 136787, 1, 1486118118, 'image', '4ff57dce-500d-4829-95b7-9b177c56bba8'),
(918, 2, '1353.jpg', 'public://1353_0.jpg', 'image/jpeg', 160288, 1, 1486118158, 'image', '9a82ee68-948a-4410-b6cc-142f744b1ab9'),
(919, 2, '1852.jpg', 'public://1852.jpg', 'image/jpeg', 190679, 1, 1486118169, 'image', '0205022f-b065-4d80-b1f2-d08d7ff34f93'),
(920, 2, '1473.jpg', 'public://1473_0.jpg', 'image/jpeg', 154973, 1, 1486118209, 'image', '4d1f67b3-6926-4758-9bb2-de2455d2eb39'),
(922, 2, '1554.jpg', 'public://1554.jpg', 'image/jpeg', 157365, 1, 1486118341, 'image', 'd5894025-0f98-4b3b-9bf4-d65839cc6283'),
(923, 2, '1379.jpg', 'public://1379.jpg', 'image/jpeg', 183069, 1, 1486118355, 'image', '2cbe7e59-a43a-4582-b507-39a892217391'),
(925, 2, '1147.jpg', 'public://1147.jpg', 'image/jpeg', 189341, 1, 1486118417, 'image', '8f49309c-3895-4495-ba62-0578b5128a5d'),
(926, 2, '1406.jpg', 'public://1406.jpg', 'image/jpeg', 134721, 1, 1486118429, 'image', '882c4153-1d65-4f4b-9962-122367557513'),
(927, 2, '1525.jpg', 'public://1525.jpg', 'image/jpeg', 136628, 1, 1486118454, 'image', '1e4e0c91-2223-47cc-855b-eabc61e38de3'),
(928, 2, '1131.jpg', 'public://1131_0.jpg', 'image/jpeg', 161195, 1, 1486118535, 'image', '202d39db-a979-49a2-8ae1-9415e09da681'),
(929, 2, '1212.jpg', 'public://1212_0.jpg', 'image/jpeg', 142773, 1, 1486118567, 'image', '8e63d09d-d3b4-49e6-b36a-ff1f69c00ae4'),
(930, 2, '1273.jpg', 'public://1273.jpg', 'image/jpeg', 165740, 1, 1486118578, 'image', 'ca8e7c6c-329f-4dd3-9c16-ca9e3d3c50db'),
(931, 2, '1064.jpg', 'public://1064.jpg', 'image/jpeg', 151665, 1, 1486118604, 'image', 'ce656558-9c8b-4c7d-8635-7848e9a98d8a'),
(932, 2, '1175.jpg', 'public://1175.jpg', 'image/jpeg', 317762, 1, 1486118650, 'image', '723462ae-b8e9-4c52-945d-40e8003dc48c'),
(933, 2, '1396.jpg', 'public://1396_1.jpg', 'image/jpeg', 139715, 1, 1486118651, 'image', '4939f3ac-5049-4a4f-862e-1ca845f36ca7'),
(934, 2, '1148.jpg', 'public://1148.jpg', 'image/jpeg', 271222, 1, 1486118674, 'image', '38ed27d9-9fc6-4188-a067-b14bd0b2e435'),
(936, 2, '1269.jpg', 'public://1269.jpg', 'image/jpeg', 150566, 1, 1486118755, 'image', 'a99489d8-eb62-4078-ba8c-bd2d9a4ec020'),
(937, 2, '1241.jpg', 'public://1241_0.jpg', 'image/jpeg', 180694, 1, 1486118770, 'image', '207ae101-b9ff-4a0a-9cc8-7a5874da1f84'),
(938, 2, '1782.jpg', 'public://1782_0.jpg', 'image/jpeg', 196001, 1, 1486118794, 'image', '114b48f1-38e0-4e3c-983f-00d988cdd46b'),
(939, 2, '1010.jpg', 'public://1010_0.jpg', 'image/jpeg', 231457, 1, 1486118821, 'image', '2d71c7b5-4424-43c6-b5a5-f0760a6a10a5'),
(940, 2, '1140.jpg', 'public://1140_2.jpg', 'image/jpeg', 168758, 1, 1486118914, 'image', '6931c5b9-6828-4c24-bcfb-2b116bcc82c3'),
(941, 2, '1303.jpg', 'public://1303.jpg', 'image/jpeg', 133545, 1, 1486118918, 'image', '967e39f3-57ec-461b-b477-47fad4eba0c0'),
(942, 2, '1244.jpg', 'public://1244.jpg', 'image/jpeg', 148306, 1, 1486118919, 'image', 'aa2635c8-b79a-4e43-8c52-d6d49fe53aeb'),
(943, 2, '1505.jpg', 'public://1505.jpg', 'image/jpeg', 147353, 1, 1486118999, 'image', 'a3106fc4-66a6-400a-9a81-1bdd251d2c9d'),
(944, 2, '1227.jpg', 'public://1227.jpg', 'image/jpeg', 313211, 1, 1486119040, 'image', '6b0e142c-4a38-4ac4-b52a-c9ba2a8da9fb'),
(945, 2, '1078.jpg', 'public://1078_1.jpg', 'image/jpeg', 207326, 1, 1486119041, 'image', '68a5df59-7bf5-44e9-b9d0-c7cb5e02d819'),
(946, 2, '1030.jpg', 'public://1030.jpg', 'image/jpeg', 172857, 1, 1486119101, 'image', '16072a4f-5288-4fee-b6a7-87a0b94ca300'),
(947, 2, '1469.jpg', 'public://1469_0.jpg', 'image/jpeg', 140996, 1, 1486119223, 'image', 'c6ed994c-8cbb-4506-bf21-3c86abf63f9a'),
(948, 2, '1771.jpg', 'public://1771_1.jpg', 'image/jpeg', 154385, 1, 1486119243, 'image', 'd584cdea-fcd8-4882-97d6-78f01a79ea90'),
(949, 2, '1160.jpg', 'public://1160.jpg', 'image/jpeg', 185679, 1, 1486119254, 'image', 'a9401284-51e7-4d7e-877b-c69f6b758818'),
(950, 2, '1652.jpg', 'public://1652_0.jpg', 'image/jpeg', 164654, 1, 1486119257, 'image', 'c7835a5f-83df-4acf-9b23-7dd3bcfeb1dd'),
(951, 2, '1483.jpg', 'public://1483.jpg', 'image/jpeg', 137699, 1, 1486119286, 'image', '4ed99585-920a-4116-94e6-faa4a761019c'),
(952, 2, '1354.jpg', 'public://1354_0.jpg', 'image/jpeg', 154138, 1, 1486119298, 'image', '687cccd0-7e37-4aaa-b43e-4b0a2cd24950'),
(954, 2, '1065.jpg', 'public://1065.jpg', 'image/jpeg', 195450, 1, 1486119436, 'image', '80cdee1f-cf00-4ca6-8202-0660762a648e'),
(955, 2, '1416.jpg', 'public://1416_0.jpg', 'image/jpeg', 133483, 1, 1486119460, 'image', '312089e9-f12f-4180-aba1-eb08cfa2b9ef'),
(956, 2, '1157.jpg', 'public://1157.jpg', 'image/jpeg', 307453, 1, 1486119488, 'image', 'f01848f3-6d2e-4ba0-ad51-a0be8717a7f4'),
(957, 2, '1058.jpg', 'public://1058.jpg', 'image/jpeg', 286389, 1, 1486119518, 'image', '2c059f54-8773-4db5-adf2-7dc2ba957546'),
(959, 2, '1442.jpg', 'public://1442.jpg', 'image/jpeg', 167259, 1, 1486119538, 'image', 'bb347ed9-dca5-44a9-a0f1-b75e2a12b350'),
(960, 2, '1531.jpg', 'public://1531_0.jpg', 'image/jpeg', 117574, 1, 1486119571, 'image', '7532708d-acbc-4be9-885b-da7feb925774'),
(961, 2, '1812.jpg', 'public://1812.jpg', 'image/jpeg', 192635, 1, 1486119614, 'image', 'ce3989ff-c89f-4fbe-bb88-69ca6be3d005'),
(962, 2, '1673.jpg', 'public://1673.jpg', 'image/jpeg', 153710, 1, 1486119622, 'image', '82dfa317-e128-47da-a2d3-9602f981e2d3'),
(963, 2, '1524.jpg', 'public://1524.jpg', 'image/jpeg', 157319, 1, 1486119647, 'image', 'e973a014-d823-400d-85fc-0915edfb5722'),
(964, 2, '1623.jpg', 'public://1623.jpg', 'image/jpeg', 144728, 1, 1486119658, 'image', '67f578a5-66e9-4cc6-8537-43bc05fbb1b1'),
(965, 2, '1266.jpg', 'public://1266.jpg', 'image/jpeg', 155204, 1, 1486119663, 'image', 'e79e9309-2d04-4e61-a3a5-8239ebb7d159'),
(967, 2, '1505.jpg', 'public://1505_0.jpg', 'image/jpeg', 147353, 1, 1486119824, 'image', 'ce01e5c4-b61f-4545-80c7-e51a7b74aa4b'),
(968, 2, '1241.jpg', 'public://1241_1.jpg', 'image/jpeg', 180694, 1, 1486119912, 'image', '85f2dc11-d45d-4ec5-8453-2a63c2b98069'),
(969, 2, '1614.jpg', 'public://1614.jpg', 'image/jpeg', 134486, 1, 1486119987, 'image', '663507e7-d5d1-48e9-8597-7f028a154fff'),
(970, 2, '1155.jpg', 'public://1155_1.jpg', 'image/jpeg', 312153, 1, 1486120073, 'image', 'f335423a-e970-49d0-b15a-21efda93b040'),
(971, 2, '1296.jpg', 'public://1296_1.jpg', 'image/jpeg', 161872, 1, 1486120254, 'image', '399044fb-fe43-4f49-887c-b15429824e8b'),
(972, 2, '1477.jpg', 'public://1477.jpg', 'image/jpeg', 309801, 1, 1486120411, 'image', '89ccb2e5-c919-49ef-81bd-3b5c440644f0'),
(973, 2, '1178.jpg', 'public://1178.jpg', 'image/jpeg', 205416, 1, 1486120609, 'image', 'df47410e-e418-46a9-af99-f9b86f9e1641'),
(974, 2, '1090.jpg', 'public://1090_0.jpg', 'image/jpeg', 168815, 1, 1486120881, 'image', '26c7acf4-45c7-4b39-b505-61d9aa063e27'),
(975, 2, '1110.jpg', 'public://1110.jpg', 'image/jpeg', 204046, 1, 1486121082, 'image', '467a1902-e2a1-4054-9008-47b0784e56d9'),
(976, 2, '1170.jpg', 'public://1170_0.jpg', 'image/jpeg', 193250, 1, 1486121189, 'image', '4be4583c-76d4-44e6-a11e-1e31ecc36d4f'),
(977, 2, '1140.jpg', 'public://1140_3.jpg', 'image/jpeg', 168758, 1, 1486121267, 'image', '5ce24f1d-5926-4ce7-b1dd-0b6cb575a275'),
(978, 2, '1351.jpg', 'public://1351.jpg', 'image/jpeg', 192670, 1, 1486121620, 'image', '3fc69bc8-17eb-4e02-88b8-07114e1cbf1b'),
(979, 2, '1432.jpg', 'public://1432.jpg', 'image/jpeg', 158648, 1, 1486121712, 'image', '4454ae5e-9e20-49f9-89d0-faa74ee7d510'),
(980, 2, '1273.jpg', 'public://1273_1.jpg', 'image/jpeg', 165740, 1, 1486121795, 'image', '725a3e51-a4a8-4430-a49a-11a6bcb27893'),
(981, 2, '1044.jpg', 'public://1044_0.jpg', 'image/jpeg', 134105, 1, 1486121882, 'image', '38f37bed-7751-4b6a-a312-8a72d3043759'),
(982, 2, '1135.jpg', 'public://1135.jpg', 'image/jpeg', 310716, 1, 1486122119, 'image', '20d63b94-75c5-406b-8ee3-73014bc031e2'),
(983, 2, '1266.jpg', 'public://1266_0.jpg', 'image/jpeg', 155204, 1, 1486122206, 'image', '88b85b43-25c4-451b-b7f5-65becebe8e9c'),
(984, 2, '1497.jpg', 'public://1497.jpg', 'image/jpeg', 293336, 1, 1486122268, 'image', '3315aec5-ec3f-4ff1-8323-2d4fcc85bc0e'),
(986, 2, '1099.jpg', 'public://1099.jpg', 'image/jpeg', 194219, 1, 1486122425, 'image', 'b1419881-9aad-44c3-8d75-b558001b61c7'),
(987, 2, '1461.jpg', 'public://1461_1.jpg', 'image/jpeg', 137122, 1, 1486122519, 'image', '789ba16c-80ec-446d-bc56-3237e0fcb741'),
(988, 2, '1502.jpg', 'public://1502_0.jpg', 'image/jpeg', 220290, 1, 1486122613, 'image', '9dfc3378-61ba-4a6c-a62c-1092fd215134'),
(989, 2, '1643.jpg', 'public://1643.jpg', 'image/jpeg', 151061, 1, 1486122711, 'image', '3603e04c-edc0-434b-b777-9bf7199bfc00'),
(990, 2, '1594.jpg', 'public://1594.jpg', 'image/jpeg', 131359, 1, 1486122803, 'image', 'd0e8d33d-86e2-42c0-8679-8d4f4bcfd074'),
(991, 2, '1455.jpg', 'public://1455.jpg', 'image/jpeg', 156768, 1, 1486122916, 'image', '634d7b35-4143-4257-bb30-40395069f3ce'),
(992, 2, '1046.jpg', 'public://1046.jpg', 'image/jpeg', 295106, 1, 1486123001, 'image', '870167b7-3a51-418f-925b-a57afa0ec433'),
(993, 2, '1787.jpg', 'public://1787.jpg', 'image/jpeg', 290981, 1, 1486123104, 'image', 'a97a3baa-6331-4fc9-8c22-2a99d4e06aa8'),
(994, 2, '1010.jpg', 'public://1010_1.jpg', 'image/jpeg', 231457, 1, 1486123216, 'image', '29bb6e5c-f61a-4e27-aa49-18cac4f3d444'),
(995, 2, '1224.jpg', 'public://1224.jpg', 'image/jpeg', 148760, 1, 1486124834, 'image', '80eaf282-8bf5-4486-ae5d-34e696613986'),
(996, 2, '1265.jpg', 'public://1265.jpg', 'image/jpeg', 314266, 1, 1486124954, 'image', 'ffe0962e-5d92-4bcd-8a74-c29e81d81048'),
(998, 2, '1807.jpg', 'public://1807.jpg', 'image/jpeg', 249229, 1, 1486125167, 'image', 'b3e7ffa0-af37-43ac-a0ed-426114fa30ef'),
(1000, 2, '1109.jpg', 'public://1109.jpg', 'image/jpeg', 235595, 1, 1486125411, 'image', 'f94bfa7d-5c9b-4a34-998c-9391103160f0'),
(1001, 2, '1391.jpg', 'public://1391.jpg', 'image/jpeg', 140122, 1, 1486125506, 'image', 'f2faa3ac-bd2e-4f39-8a58-bb014f940768'),
(1002, 2, '1472.jpg', 'public://1472.jpg', 'image/jpeg', 203648, 1, 1486125611, 'image', 'c4cac63c-dbc5-4c49-96e5-d94b5ab32c92'),
(1003, 2, '1533.jpg', 'public://1533.jpg', 'image/jpeg', 164271, 1, 1486125689, 'image', '6859f6c2-af77-4c6c-bec3-425164c1d008'),
(1004, 2, '1254.jpg', 'public://1254.jpg', 'image/jpeg', 149306, 1, 1486125765, 'image', 'b6500250-5467-4778-986e-82b36a45a9fa'),
(1005, 2, '1195.jpg', 'public://1195_0.jpg', 'image/jpeg', 266243, 1, 1486125861, 'image', '3390bcdd-2178-4377-b4f2-9b0d27466b3d'),
(1007, 2, '1477.jpg', 'public://1477_0.jpg', 'image/jpeg', 309801, 1, 1486126183, 'image', '512f4b65-64ad-4320-b2b4-68c8ee8a13fd'),
(1008, 2, '1238.jpg', 'public://1238.jpg', 'image/jpeg', 310788, 1, 1486126308, 'image', '14bb0e85-8441-48a7-88c6-87ba22e0a377'),
(1009, 2, '1179.jpg', 'public://1179.jpg', 'image/jpeg', 93811, 1, 1486126464, 'image', 'fb11bf9e-77de-4af4-bea1-279e50b7892f'),
(1010, 2, '1030.jpg', 'public://1030_0.jpg', 'image/jpeg', 172857, 1, 1486126593, 'image', '8ec8efab-ba43-45fd-bca8-490b053d5763'),
(1011, 2, '1070.jpg', 'public://1070_0.jpg', 'image/jpeg', 175286, 1, 1486126757, 'image', 'bfa95d6e-99e5-4c42-9572-8493f2c01238'),
(1012, 2, '1090.jpg', 'public://1090_1.jpg', 'image/jpeg', 168815, 1, 1486126891, 'image', '936c22fc-069d-4123-9a05-5d0d68d28420'),
(1013, 2, '1014.jpg', 'public://1014_0.jpg', 'image/jpeg', 135176, 1, 1486372972, 'image', '194df6d5-ff63-46b4-80cf-4a4e2b7bb90a'),
(1014, 2, '1096.jpg', 'public://1096.jpg', 'image/jpeg', 206581, 1, 1486373018, 'image', '4994d7e0-6285-434f-a7f8-911983fc7dff'),
(1015, 2, '1277.jpg', 'public://1277_0.jpg', 'image/jpeg', 244013, 1, 1486373230, 'image', 'd58fd27a-8438-4429-bb05-3d5f4fb53cc2'),
(1016, 2, '1067.jpg', 'public://1067.jpg', 'image/jpeg', 174888, 1, 1486374413, 'image', 'ef0d51c8-ce92-4e88-a49e-a32dd44cbc48'),
(1017, 2, '1111.jpg', 'public://1111_0.jpg', 'image/jpeg', 161760, 1, 1486376907, 'image', '3395bad8-68ad-4aa2-8f01-a48a0b320871'),
(1018, 2, '1133.jpg', 'public://1133.jpg', 'image/jpeg', 159625, 1, 1486377020, 'image', 'b7ca27c0-6693-4435-ab36-b4b88d246077'),
(1019, 2, '1088.jpg', 'public://1088.jpg', 'image/jpeg', 289407, 1, 1486377874, 'image', '20b2a033-2c06-48e5-b46c-f77502e98b14'),
(1020, 2, '1044.jpg', 'public://1044_1.jpg', 'image/jpeg', 134105, 1, 1486378148, 'image', '9fa2ddbb-7f29-433c-8236-0710ef575b7c'),
(1022, 2, '1160.jpg', 'public://1160_0.jpg', 'image/jpeg', 185679, 1, 1486378276, 'image', 'bf22b570-85d5-4fd2-973e-79d674b77faa'),
(1023, 2, '1406.jpg', 'public://1406_0.jpg', 'image/jpeg', 134721, 1, 1486378491, 'image', '3b151b35-db29-4119-8527-6ea9acdbe4b2'),
(1024, 2, '1277.jpg', 'public://1277_3.jpg', 'image/jpeg', 244013, 1, 1486378838, 'image', '90591e7d-a5bc-4b0c-9971-6437822e7f0a'),
(1025, 2, '1139.jpg', 'public://1139_0.jpg', 'image/jpeg', 176186, 1, 1486378970, 'image', '5d45f5f3-f6a7-45ab-b7ae-4292578fed37'),
(1026, 2, '1169.jpg', 'public://1169.jpg', 'image/jpeg', 164693, 1, 1486379327, 'image', '730e5d80-1c59-4bc1-9172-e10e53140be1'),
(1027, 2, '1121.jpg', 'public://1121.jpg', 'image/jpeg', 160719, 1, 1486379542, 'image', '3ec75913-3e9e-459e-8988-c49004c864b1'),
(1028, 2, '1837.jpg', 'public://1837.jpg', 'image/jpeg', 305885, 1, 1486379955, 'image', '159aed9c-8677-4a29-a2f1-bdad41120737'),
(1029, 2, '1349.jpg', 'public://1349_0.jpg', 'image/jpeg', 139071, 1, 1486380067, 'image', 'e16ccaf2-f42c-4e36-b185-693e61f763b3'),
(1030, 2, '1481.jpg', 'public://1481.jpg', 'image/jpeg', 138916, 1, 1486380554, 'image', 'e1432102-1733-468c-8fb7-c65f1870e240'),
(1031, 2, '1902.jpg', 'public://1902.jpg', 'image/jpeg', 159011, 1, 1486380991, 'image', '9b193396-f236-4f51-8b55-eb5fa05de335'),
(1032, 2, '1153.jpg', 'public://1153_1.jpg', 'image/jpeg', 157376, 1, 1486381050, 'image', 'd06d136a-d72e-48f3-89c7-e2630aa32e66'),
(1033, 2, '1074.jpg', 'public://1074.jpg', 'image/jpeg', 155766, 1, 1486381244, 'image', 'ad3294ac-c650-4168-8297-60d41fec6149'),
(1034, 2, '1296.jpg', 'public://1296_2.jpg', 'image/jpeg', 161872, 1, 1486381840, 'image', '2edc10ba-47a4-4869-a9fa-6c7e9409fe90'),
(1036, 2, '1067.jpg', 'public://1067_0.jpg', 'image/jpeg', 174888, 1, 1486382370, 'image', '01ea38ff-5e68-40e6-a9da-fdb1f147ef27'),
(1037, 2, '1776.jpg', 'public://1776.jpg', 'image/jpeg', 126042, 1, 1486382417, 'image', '3beda122-34ee-40d5-90cc-80c43cbc1ae7'),
(1038, 2, '1151.jpg', 'public://1151_0.jpg', 'image/jpeg', 194243, 1, 1486382607, 'image', 'd9ae2192-a53b-40ff-ab32-8f46005ea187'),
(1039, 2, '1352.jpg', 'public://1352.jpg', 'image/jpeg', 165836, 1, 1486382806, 'image', 'cb1e603a-a4dc-4dbe-a497-6346645baebf'),
(1040, 2, '1123.jpg', 'public://1123.jpg', 'image/jpeg', 133350, 1, 1486382908, 'image', '66d89161-c274-4fc0-9217-ab5c8ee9daa3'),
(1041, 2, '1034.jpg', 'public://1034_1.jpg', 'image/jpeg', 140955, 1, 1486383025, 'image', '5a5221e7-9c3b-430a-8254-54f195da4538'),
(1042, 2, '1165.jpg', 'public://1165.jpg', 'image/jpeg', 298987, 1, 1486383298, 'image', 'e78fecda-2cf6-4179-bd0f-71a59dd87fd3'),
(1043, 2, '1084.jpg', 'public://1084.jpg', 'image/jpeg', 148926, 1, 1486383423, 'image', 'bddb1138-e9fa-4037-96f8-1a30784a5c99'),
(1044, 2, '1266.jpg', 'public://1266_1.jpg', 'image/jpeg', 155204, 1, 1486383450, 'image', '5cf4dcd1-7a0f-4f09-85ab-63086db35216'),
(1045, 2, '1239.jpg', 'public://1239.jpg', 'image/jpeg', 178072, 1, 1486383482, 'image', 'a95efeaa-3a4c-4dce-b7da-b5e06d5e07cb'),
(1046, 2, '1269.jpg', 'public://1269_0.jpg', 'image/jpeg', 150566, 1, 1486383538, 'image', '3329ac5e-0079-460a-862e-05ce6d691e28'),
(1047, 2, '1065.jpg', 'public://1065_0.jpg', 'image/jpeg', 195450, 1, 1486383638, 'image', '082a76b4-c375-43de-8917-03eeadd181eb'),
(1048, 2, '1267.jpg', 'public://1267.jpg', 'image/jpeg', 235431, 1, 1486383796, 'image', 'a0a8a3bd-3cc5-4621-98d9-665965c43d06'),
(1049, 2, '1137.jpg', 'public://1137_1.jpg', 'image/jpeg', 178002, 1, 1486383810, 'image', '4d76d560-1741-498e-bdcd-919e059caf64'),
(1050, 2, 'Office_Outside_View_FP.png', 'public://Office_Outside_View_FP.png', 'image/png', 969757, 1, 1486619630, 'image', '17c62b46-f78a-4938-899f-bf84608ea5ba'),
(1051, 2, 'Spacious_Office_FP_0.jpg', 'public://Spacious_Office_FP_0.jpg', 'image/jpeg', 249348, 1, 1486619483, 'image', '22393252-ce5b-4ba4-ac2b-87e015c356d5'),
(1052, 2, 'Office_Fluid_Navigation_FP.jpg', 'public://Office_Fluid_Navigation_FP.jpg', 'image/jpeg', 198103, 1, 1486619535, 'image', '0f821799-acf0-4556-852b-dcd77199b3da'),
(1053, 2, 'Effective_Communication.jpg', 'public://Effective_Communication.jpg', 'image/jpeg', 265692, 1, 1486619612, 'image', '43222e77-ba67-41b9-8be9-d85b54dbcb0a'),
(1054, 2, '1140.jpg', 'public://1140_4.jpg', 'image/jpeg', 160532, 1, 1488534048, 'image', 'e739d7a1-0815-40ea-b13f-cf7515c31ed7'),
(1055, 2, '1088.jpg', 'public://1088_0.jpg', 'image/jpeg', 286464, 1, 1488534048, 'image', 'fe35adfb-8e3f-440b-8c6f-4672ddc23207'),
(1056, 2, '1358.jpg', 'public://1358.jpg', 'image/jpeg', 229304, 1, 1488534048, 'image', '0a0369ad-4181-4145-8339-6a545fa1174a'),
(1057, 2, '1010.jpg', 'public://1010_2.jpg', 'image/jpeg', 224032, 1, 1488534506, 'image', '56fd114a-8a23-41d3-9680-eeebbb43c24d'),
(1058, 2, '1237.jpg', 'public://1237.jpg', 'image/jpeg', 235721, 1, 1488534506, 'image', '366ea712-766e-40b1-8f77-1006b6ae83c1'),
(1059, 2, '1277.jpg', 'public://1277_1.jpg', 'image/jpeg', 239198, 1, 1488534506, 'image', 'f90bfb53-f784-405a-b700-2ef9757edcdb'),
(1060, 2, '1140.jpg', 'public://1140_5.jpg', 'image/jpeg', 160532, 1, 1488534887, 'image', 'fa19c059-b7c3-4b3f-ab02-8bdbb2029ae7'),
(1061, 2, '1576.jpg', 'public://1576.jpg', 'image/jpeg', 122346, 1, 1488534887, 'image', 'b378afaf-131b-4f36-88a4-19fff1783f82'),
(1062, 2, '1606.jpg', 'public://1606_0.jpg', 'image/jpeg', 142222, 1, 1488534887, 'image', 'd3d073da-6368-4379-b5cd-c7bcb02e508a'),
(1063, 2, '1070.jpg', 'public://1070_1.jpg', 'image/jpeg', 164209, 1, 1488535509, 'image', '21939be2-2c38-4581-b4b7-f9ac7c2562f5'),
(1064, 2, '1066.jpg', 'public://1066_0.jpg', 'image/jpeg', 156127, 1, 1488535509, 'image', '32bfa88b-f517-413d-b297-94bca74e6542'),
(1065, 2, '1226.jpg', 'public://1226.jpg', 'image/jpeg', 150410, 1, 1488535509, 'image', '6cc9630b-2791-47c3-8bae-f7346c7f3410'),
(1066, 2, 'Office1.jpg', 'public://Office1.jpg', 'image/jpeg', 927844, 1, 1489474410, 'image', 'a50cdb88-1558-4bc9-a48d-9f122858771a'),
(1067, 2, 'office3.jpg', 'public://office3.jpg', 'image/jpeg', 552778, 1, 1489474367, 'image', 'b95d76db-f9fb-4466-8968-736691dc53c5'),
(1068, 2, 'Millennials_Office_FP.jpg', 'public://Millennials_Office_FP.jpg', 'image/jpeg', 2566469, 1, 1492772467, 'image', 'a70d74cc-e1a2-40df-b3e9-71f410995595'),
(1069, 2, 'Cutting_Edge_Office_FP.jpg', 'public://Cutting_Edge_Office_FP.jpg', 'image/jpeg', 142461, 1, 1492776614, 'image', '4373ecd5-e4c8-4904-b366-68e34c28a30e'),
(1070, 2, 'Team_Collaboration_FP.jpg', 'public://Team_Collaboration_FP.jpg', 'image/jpeg', 169979, 1, 1492776703, 'image', 'd5e87f38-527c-445c-b82f-b9a8e556e8d0'),
(1071, 2, 'Relocating_Office_FP.jpg', 'public://Relocating_Office_FP.jpg', 'image/jpeg', 287576, 1, 1494412592, 'image', '022f52a7-8f57-4f1c-9d46-e1b94074ad33'),
(1072, 2, 'Moving_Office_Fp.jpg', 'public://Moving_Office_Fp.jpg', 'image/jpeg', 91104, 1, 1494412540, 'image', '4fc6840c-4383-48c5-baef-aca3c4b6ae5e');

-- --------------------------------------------------------

--
-- Table structure for table `file_usage`
--

CREATE TABLE `file_usage` (
  `fid` int(10) UNSIGNED NOT NULL COMMENT 'File ID.',
  `module` varchar(255) NOT NULL DEFAULT '' COMMENT 'The name of the module that is using the file.',
  `type` varchar(64) NOT NULL DEFAULT '' COMMENT 'The name of the object type in which the file is used.',
  `id` int(10) UNSIGNED NOT NULL DEFAULT '0' COMMENT 'The primary key of the object using the file.',
  `count` int(10) UNSIGNED NOT NULL DEFAULT '0' COMMENT 'The number of times this file is used by this object.'
) ENGINE=InnoDB DEFAULT CHARSET=utf8 COMMENT='Track where a file is used.';

--
-- Dumping data for table `file_usage`
--

INSERT INTO `file_usage` (`fid`, `module`, `type`, `id`, `count`) VALUES
(4, 'file', 'node', 18, 1),
(19, 'file', 'node', 25, 1),
(21, 'file', 'node', 23, 1),
(26, 'file', 'node', 88, 1),
(27, 'file', 'node', 41, 1),
(28, 'file', 'node', 40, 1),
(29, 'file', 'node', 24, 1),
(30, 'file', 'node', 89, 1),
(32, 'file', 'node', 91, 1),
(33, 'file', 'node', 92, 1),
(38, 'file', 'node', 17, 1),
(44, 'file', 'node', 106, 1),
(47, 'file', 'node', 106, 1),
(48, 'file', 'node', 106, 1),
(53, 'file', 'node', 119, 1),
(54, 'file', 'node', 121, 1),
(55, 'file', 'node', 122, 1),
(56, 'file', 'node', 123, 2),
(57, 'file', 'node', 124, 3),
(58, 'file', 'node', 125, 2),
(59, 'file', 'node', 126, 3),
(60, 'file', 'node', 127, 3),
(61, 'file', 'node', 128, 3),
(62, 'file', 'node', 129, 2),
(63, 'file', 'node', 130, 3),
(64, 'file', 'node', 131, 1),
(65, 'file', 'node', 132, 1),
(66, 'file', 'node', 133, 1),
(67, 'file', 'node', 134, 3),
(68, 'file', 'node', 136, 1),
(69, 'file', 'node', 137, 1),
(70, 'file', 'node', 138, 1),
(71, 'file', 'node', 139, 1),
(72, 'file', 'node', 140, 3),
(73, 'file', 'node', 141, 3),
(77, 'file', 'node', 137, 1),
(79, 'file', 'node', 137, 1),
(80, 'file', 'node', 144, 3),
(82, 'file', 'node', 145, 3),
(83, 'file', 'node', 146, 2),
(84, 'file', 'node', 147, 3),
(85, 'file', 'node', 148, 3),
(86, 'file', 'node', 149, 2),
(87, 'file', 'node', 150, 3),
(88, 'file', 'node', 151, 3),
(89, 'file', 'node', 152, 3),
(90, 'file', 'node', 153, 3),
(91, 'file', 'node', 154, 3),
(92, 'file', 'node', 155, 3),
(93, 'file', 'node', 156, 3),
(94, 'file', 'node', 157, 3),
(95, 'file', 'node', 158, 3),
(96, 'file', 'node', 159, 3),
(97, 'file', 'node', 160, 3),
(98, 'file', 'node', 161, 3),
(99, 'file', 'node', 162, 3),
(100, 'file', 'node', 163, 3),
(101, 'file', 'node', 164, 3),
(102, 'file', 'node', 165, 3),
(103, 'file', 'node', 166, 3),
(104, 'file', 'node', 167, 3),
(105, 'file', 'node', 168, 3),
(106, 'file', 'node', 169, 3),
(107, 'file', 'node', 170, 3),
(108, 'file', 'node', 171, 3),
(109, 'file', 'node', 172, 3),
(110, 'file', 'node', 173, 3),
(111, 'file', 'node', 174, 3),
(112, 'file', 'node', 175, 3),
(113, 'file', 'node', 176, 3),
(114, 'file', 'node', 177, 3),
(115, 'file', 'node', 178, 3),
(116, 'file', 'node', 179, 3),
(117, 'file', 'node', 180, 3),
(118, 'file', 'node', 181, 3),
(119, 'file', 'node', 182, 3),
(120, 'file', 'node', 183, 3),
(121, 'file', 'node', 184, 3),
(122, 'file', 'node', 185, 3),
(123, 'file', 'node', 186, 2),
(124, 'file', 'node', 187, 3),
(125, 'file', 'node', 188, 3),
(126, 'file', 'node', 189, 3),
(127, 'file', 'node', 190, 3),
(128, 'file', 'node', 191, 3),
(129, 'file', 'node', 192, 3),
(130, 'file', 'node', 193, 2),
(131, 'file', 'node', 194, 2),
(132, 'file', 'node', 195, 3),
(133, 'file', 'node', 196, 3),
(136, 'file', 'node', 198, 3),
(137, 'file', 'node', 199, 3),
(138, 'file', 'node', 200, 3),
(139, 'file', 'node', 201, 3),
(140, 'file', 'node', 202, 3),
(141, 'file', 'node', 203, 1),
(142, 'file', 'node', 205, 1),
(143, 'file', 'node', 206, 3),
(144, 'file', 'node', 207, 3),
(145, 'file', 'node', 208, 3),
(146, 'file', 'node', 209, 3),
(147, 'file', 'node', 210, 3),
(148, 'file', 'node', 211, 3),
(149, 'file', 'node', 212, 3),
(150, 'file', 'node', 213, 3),
(151, 'file', 'node', 214, 3),
(152, 'file', 'node', 215, 3),
(153, 'file', 'node', 216, 3),
(154, 'file', 'node', 217, 3),
(155, 'file', 'node', 218, 3),
(156, 'file', 'node', 219, 3),
(157, 'file', 'node', 220, 3),
(158, 'file', 'node', 221, 3),
(159, 'file', 'node', 222, 3),
(160, 'file', 'node', 223, 3),
(161, 'file', 'node', 224, 2),
(162, 'file', 'node', 225, 3),
(163, 'file', 'node', 226, 3),
(164, 'file', 'node', 228, 3),
(165, 'file', 'node', 229, 3),
(166, 'file', 'node', 230, 3),
(167, 'file', 'node', 231, 3),
(168, 'file', 'node', 232, 3),
(169, 'file', 'node', 233, 3),
(170, 'file', 'node', 234, 3),
(171, 'file', 'node', 235, 3),
(172, 'file', 'node', 236, 3),
(173, 'file', 'node', 237, 3),
(174, 'file', 'node', 238, 3),
(175, 'file', 'node', 239, 3),
(176, 'file', 'node', 240, 3),
(177, 'file', 'node', 241, 3),
(178, 'file', 'node', 242, 3),
(179, 'file', 'node', 243, 3),
(180, 'file', 'node', 244, 3),
(181, 'file', 'node', 245, 3),
(182, 'file', 'node', 246, 3),
(183, 'file', 'node', 247, 1),
(184, 'file', 'node', 248, 3),
(185, 'file', 'node', 249, 3),
(186, 'file', 'node', 250, 3),
(187, 'file', 'node', 251, 3),
(188, 'file', 'node', 252, 3),
(189, 'file', 'node', 253, 3),
(190, 'file', 'node', 254, 3),
(191, 'file', 'node', 255, 3),
(192, 'file', 'node', 256, 3),
(193, 'file', 'node', 257, 3),
(194, 'file', 'node', 258, 3),
(195, 'file', 'node', 259, 3),
(196, 'file', 'node', 260, 3),
(197, 'file', 'node', 261, 3),
(198, 'file', 'node', 262, 3),
(199, 'file', 'node', 263, 3),
(200, 'file', 'node', 264, 3),
(201, 'file', 'node', 265, 3),
(202, 'file', 'node', 266, 3),
(203, 'file', 'node', 267, 3),
(204, 'file', 'node', 268, 3),
(205, 'file', 'node', 269, 3),
(206, 'file', 'node', 270, 3),
(207, 'file', 'node', 271, 3),
(208, 'file', 'node', 272, 3),
(209, 'file', 'node', 273, 3),
(210, 'file', 'node', 274, 3),
(211, 'file', 'node', 275, 3),
(212, 'file', 'node', 276, 3),
(213, 'file', 'node', 277, 3),
(214, 'file', 'node', 278, 3),
(216, 'file', 'node', 279, 3),
(217, 'file', 'node', 280, 3),
(218, 'file', 'node', 282, 3),
(219, 'file', 'node', 283, 3),
(220, 'file', 'node', 284, 3),
(221, 'file', 'node', 285, 3),
(223, 'file', 'node', 286, 3),
(224, 'file', 'node', 287, 3),
(225, 'file', 'node', 288, 3),
(226, 'file', 'node', 289, 3),
(227, 'file', 'node', 290, 3),
(228, 'file', 'node', 291, 3),
(229, 'file', 'node', 292, 3),
(230, 'file', 'node', 293, 4),
(231, 'file', 'node', 294, 3),
(232, 'file', 'node', 295, 3),
(233, 'file', 'node', 296, 3),
(234, 'file', 'node', 297, 3),
(235, 'file', 'node', 298, 3),
(236, 'file', 'node', 299, 3),
(238, 'file', 'node', 300, 2),
(239, 'file', 'node', 301, 3),
(240, 'file', 'node', 302, 3),
(243, 'file', 'node', 304, 3),
(244, 'file', 'node', 314, 3),
(245, 'file', 'node', 315, 3),
(246, 'file', 'node', 316, 3),
(247, 'file', 'node', 317, 3),
(248, 'file', 'node', 318, 3),
(249, 'file', 'node', 319, 3),
(250, 'file', 'node', 320, 3),
(251, 'file', 'node', 321, 3),
(252, 'file', 'node', 322, 3),
(253, 'file', 'node', 323, 3),
(254, 'file', 'node', 324, 3),
(255, 'file', 'node', 329, 3),
(256, 'file', 'node', 330, 3),
(257, 'file', 'node', 331, 3),
(260, 'file', 'node', 333, 3),
(261, 'file', 'node', 334, 3),
(262, 'file', 'node', 335, 3),
(263, 'file', 'node', 332, 3),
(264, 'file', 'node', 336, 3),
(265, 'file', 'node', 337, 3),
(266, 'file', 'node', 338, 3),
(267, 'file', 'node', 339, 3),
(268, 'file', 'node', 340, 3),
(269, 'file', 'node', 341, 3),
(270, 'file', 'node', 342, 3),
(271, 'file', 'node', 343, 3),
(272, 'file', 'node', 348, 3),
(273, 'file', 'node', 349, 3),
(275, 'file', 'node', 350, 3),
(276, 'file', 'node', 351, 3),
(277, 'file', 'node', 352, 3),
(278, 'file', 'node', 353, 3),
(279, 'file', 'node', 354, 3),
(280, 'file', 'node', 355, 3),
(281, 'file', 'node', 356, 3),
(282, 'file', 'node', 357, 3),
(283, 'file', 'node', 358, 3),
(284, 'file', 'node', 359, 4),
(285, 'file', 'node', 360, 3),
(286, 'file', 'node', 361, 3),
(287, 'file', 'node', 371, 3),
(288, 'file', 'node', 372, 3),
(289, 'file', 'node', 373, 3),
(290, 'file', 'node', 374, 3),
(291, 'file', 'node', 375, 3),
(292, 'file', 'node', 376, 3),
(293, 'file', 'node', 377, 3),
(294, 'file', 'node', 378, 3),
(295, 'file', 'node', 379, 3),
(296, 'file', 'node', 380, 3),
(297, 'file', 'node', 381, 3),
(298, 'file', 'node', 382, 4),
(299, 'file', 'node', 393, 3),
(300, 'file', 'node', 394, 3),
(301, 'file', 'node', 395, 3),
(302, 'file', 'node', 396, 3),
(303, 'file', 'node', 397, 3),
(304, 'file', 'node', 398, 3),
(305, 'file', 'node', 399, 3),
(306, 'file', 'node', 400, 3),
(308, 'file', 'node', 401, 3),
(309, 'file', 'node', 402, 3),
(310, 'file', 'node', 403, 3),
(311, 'file', 'node', 404, 4),
(312, 'file', 'node', 405, 3),
(313, 'file', 'node', 406, 3),
(314, 'file', 'node', 407, 3),
(315, 'file', 'node', 429, 3),
(316, 'file', 'node', 430, 3),
(317, 'file', 'node', 431, 3),
(318, 'file', 'node', 459, 3),
(319, 'file', 'node', 460, 3),
(320, 'file', 'node', 461, 3),
(321, 'file', 'node', 462, 3),
(322, 'file', 'node', 463, 3),
(323, 'file', 'node', 464, 3),
(324, 'file', 'node', 465, 3),
(325, 'file', 'node', 466, 3),
(326, 'file', 'node', 467, 3),
(327, 'file', 'node', 468, 3),
(328, 'file', 'node', 469, 3),
(329, 'file', 'node', 471, 3),
(330, 'file', 'node', 472, 3),
(331, 'file', 'node', 473, 3),
(332, 'file', 'node', 474, 3),
(333, 'file', 'node', 475, 3),
(334, 'file', 'node', 476, 3),
(335, 'file', 'node', 477, 3),
(336, 'file', 'node', 478, 3),
(337, 'file', 'node', 479, 3),
(338, 'file', 'node', 514, 3),
(339, 'file', 'node', 515, 3),
(340, 'file', 'node', 516, 3),
(341, 'file', 'node', 517, 3),
(342, 'file', 'node', 518, 3),
(343, 'file', 'node', 519, 3),
(344, 'file', 'node', 520, 3),
(345, 'file', 'node', 521, 3),
(347, 'file', 'node', 522, 3),
(348, 'file', 'node', 523, 3),
(349, 'file', 'node', 524, 3),
(350, 'file', 'node', 525, 3),
(351, 'file', 'node', 526, 3),
(352, 'file', 'node', 527, 3),
(353, 'file', 'node', 528, 3),
(354, 'file', 'node', 529, 3),
(355, 'file', 'node', 530, 3),
(356, 'file', 'node', 531, 3),
(357, 'file', 'node', 532, 3),
(358, 'file', 'node', 533, 3),
(359, 'file', 'node', 534, 3),
(361, 'file', 'node', 535, 3),
(362, 'file', 'node', 536, 3),
(363, 'file', 'node', 537, 3),
(364, 'file', 'node', 538, 3),
(365, 'file', 'node', 539, 3),
(367, 'file', 'node', 540, 3),
(368, 'file', 'node', 541, 3),
(369, 'file', 'node', 542, 3),
(371, 'file', 'node', 543, 3),
(372, 'file', 'node', 544, 3),
(373, 'file', 'node', 545, 3),
(374, 'file', 'node', 546, 3),
(375, 'file', 'node', 547, 3),
(376, 'file', 'node', 548, 3),
(377, 'file', 'node', 549, 3),
(378, 'file', 'node', 550, 3),
(379, 'file', 'node', 551, 3),
(380, 'file', 'node', 552, 3),
(381, 'file', 'node', 553, 3),
(382, 'file', 'node', 554, 3),
(383, 'file', 'node', 555, 3),
(384, 'file', 'node', 556, 3),
(385, 'file', 'node', 557, 3),
(386, 'file', 'node', 558, 3),
(387, 'file', 'node', 559, 3),
(388, 'file', 'node', 560, 3),
(389, 'file', 'node', 561, 3),
(390, 'file', 'node', 562, 3),
(391, 'file', 'node', 563, 3),
(392, 'file', 'node', 564, 3),
(393, 'file', 'node', 565, 3),
(394, 'file', 'node', 566, 3),
(395, 'file', 'node', 567, 3),
(396, 'file', 'node', 568, 3),
(397, 'file', 'node', 569, 3),
(398, 'file', 'node', 570, 3),
(399, 'file', 'node', 571, 3),
(400, 'file', 'node', 572, 3),
(401, 'file', 'node', 573, 3),
(403, 'file', 'node', 574, 3),
(404, 'file', 'node', 575, 2),
(405, 'file', 'node', 576, 2),
(406, 'file', 'node', 577, 2),
(407, 'file', 'node', 578, 2),
(408, 'file', 'node', 579, 2),
(409, 'file', 'node', 580, 3),
(410, 'file', 'node', 581, 3),
(411, 'file', 'node', 582, 3),
(412, 'file', 'node', 583, 3),
(413, 'file', 'node', 584, 3),
(414, 'file', 'node', 585, 3),
(415, 'file', 'node', 586, 3),
(416, 'file', 'node', 587, 3),
(417, 'file', 'node', 588, 3),
(418, 'file', 'node', 589, 3),
(419, 'file', 'node', 590, 2),
(420, 'file', 'node', 591, 2),
(421, 'file', 'node', 592, 2),
(422, 'file', 'node', 593, 2),
(423, 'file', 'node', 594, 2),
(424, 'file', 'node', 595, 2),
(425, 'file', 'node', 596, 2),
(426, 'file', 'node', 597, 2),
(427, 'file', 'node', 598, 2),
(428, 'file', 'node', 599, 2),
(429, 'file', 'node', 600, 2),
(430, 'file', 'node', 601, 2),
(431, 'file', 'node', 602, 2),
(432, 'file', 'node', 603, 2),
(433, 'file', 'node', 604, 2),
(434, 'file', 'node', 605, 2),
(435, 'file', 'node', 606, 2),
(436, 'file', 'node', 607, 2),
(437, 'file', 'node', 608, 2),
(438, 'file', 'node', 609, 2),
(439, 'file', 'node', 610, 2),
(440, 'file', 'node', 611, 2),
(441, 'file', 'node', 612, 2),
(442, 'file', 'node', 613, 2),
(443, 'file', 'node', 614, 2),
(444, 'file', 'node', 615, 2),
(445, 'file', 'node', 616, 2),
(449, 'file', 'node', 617, 2),
(453, 'file', 'node', 618, 2),
(456, 'file', 'node', 619, 2),
(457, 'file', 'node', 620, 2),
(459, 'file', 'node', 621, 2),
(460, 'file', 'node', 622, 2),
(462, 'file', 'node', 623, 2),
(464, 'file', 'node', 625, 2),
(465, 'file', 'node', 635, 2),
(466, 'file', 'node', 636, 2),
(467, 'file', 'node', 637, 2),
(468, 'file', 'node', 638, 2),
(469, 'file', 'node', 639, 2),
(470, 'file', 'node', 640, 2),
(471, 'file', 'node', 641, 2),
(472, 'file', 'node', 642, 2),
(473, 'file', 'node', 643, 2),
(474, 'file', 'node', 644, 2),
(475, 'file', 'node', 645, 2),
(476, 'file', 'node', 646, 2),
(477, 'file', 'node', 647, 2),
(478, 'file', 'node', 648, 2),
(479, 'file', 'node', 649, 2),
(481, 'file', 'node', 653, 2),
(482, 'file', 'node', 654, 2),
(483, 'file', 'node', 655, 2),
(484, 'file', 'node', 656, 2),
(485, 'file', 'node', 657, 2),
(487, 'file', 'node', 658, 2),
(488, 'file', 'node', 659, 2),
(490, 'file', 'node', 660, 2),
(491, 'file', 'node', 661, 2),
(492, 'file', 'node', 662, 2),
(493, 'file', 'node', 663, 2),
(494, 'file', 'node', 197, 3),
(495, 'file', 'node', 281, 3),
(496, 'file', 'node', 303, 4),
(497, 'file', 'node', 305, 3),
(498, 'file', 'node', 306, 3),
(499, 'file', 'node', 384, 2),
(500, 'file', 'node', 383, 3),
(501, 'file', 'node', 369, 2),
(502, 'file', 'node', 368, 3),
(503, 'file', 'node', 367, 2),
(504, 'file', 'node', 366, 2),
(505, 'file', 'node', 365, 3),
(506, 'file', 'node', 364, 2),
(507, 'file', 'node', 363, 2),
(508, 'file', 'node', 347, 2),
(509, 'file', 'node', 346, 2),
(510, 'file', 'node', 345, 3),
(511, 'file', 'node', 328, 2),
(512, 'file', 'node', 327, 2),
(513, 'file', 'node', 326, 2),
(514, 'file', 'node', 325, 3),
(515, 'file', 'node', 313, 2),
(516, 'file', 'node', 312, 2),
(517, 'file', 'node', 311, 2),
(518, 'file', 'node', 310, 2),
(519, 'file', 'node', 308, 2),
(520, 'file', 'node', 309, 3),
(521, 'file', 'node', 448, 2),
(522, 'file', 'node', 449, 4),
(523, 'file', 'node', 447, 3),
(524, 'file', 'node', 446, 3),
(525, 'file', 'node', 441, 3),
(526, 'file', 'node', 442, 4),
(527, 'file', 'node', 443, 3),
(528, 'file', 'node', 444, 3),
(529, 'file', 'node', 445, 3),
(530, 'file', 'node', 440, 3),
(531, 'file', 'node', 439, 3),
(532, 'file', 'node', 438, 3),
(533, 'file', 'node', 437, 3),
(534, 'file', 'node', 436, 3),
(535, 'file', 'node', 433, 3),
(536, 'file', 'node', 434, 3),
(537, 'file', 'node', 435, 3),
(538, 'file', 'node', 432, 3),
(539, 'file', 'node', 427, 2),
(540, 'file', 'node', 428, 2),
(541, 'file', 'node', 426, 2),
(542, 'file', 'node', 425, 2),
(543, 'file', 'node', 424, 3),
(544, 'file', 'node', 423, 2),
(545, 'file', 'node', 705, 1),
(548, 'file', 'node', 710, 1),
(549, 'file', 'node', 711, 2),
(554, 'file', 'node', 724, 2),
(555, 'file', 'node', 725, 2),
(556, 'file', 'node', 726, 2),
(557, 'file', 'node', 727, 2),
(558, 'file', 'node', 728, 2),
(559, 'file', 'node', 729, 2),
(561, 'file', 'node', 730, 1),
(562, 'file', 'node', 737, 1),
(564, 'file', 'node', 738, 2),
(566, 'file', 'node', 741, 3),
(567, 'file', 'node', 743, 2),
(568, 'file', 'node', 744, 3),
(569, 'file', 'node', 745, 2),
(570, 'file', 'node', 712, 1),
(582, 'user', 'user', 243, 1),
(583, 'user', 'user', 245, 1),
(584, 'user', 'user', 247, 1),
(585, 'user', 'user', 249, 1),
(586, 'user', 'user', 253, 1),
(587, 'user', 'user', 255, 1),
(588, 'user', 'user', 257, 1),
(589, 'user', 'user', 259, 1),
(590, 'user', 'user', 261, 1),
(591, 'user', 'user', 263, 1),
(592, 'user', 'user', 269, 2),
(593, 'user', 'user', 271, 2),
(594, 'user', 'user', 274, 2),
(600, 'imce', 'file', 600, 1),
(601, 'imce', 'file', 601, 1),
(602, 'file', 'node', 763, 1),
(604, 'file', 'node', 764, 1),
(605, 'file', 'node', 765, 1),
(606, 'file', 'node', 766, 1),
(607, 'file', 'node', 767, 1),
(608, 'file', 'node', 768, 1),
(611, 'file', 'node', 769, 1),
(612, 'imce', 'file', 612, 1),
(613, 'file', 'node', 770, 1),
(614, 'imce', 'file', 614, 1),
(615, 'file', 'node', 771, 1),
(616, 'imce', 'file', 616, 1),
(617, 'file', 'node', 772, 1),
(618, 'imce', 'file', 618, 1),
(619, 'file', 'node', 773, 1),
(620, 'imce', 'file', 620, 1),
(621, 'file', 'node', 774, 1),
(622, 'imce', 'file', 622, 1),
(623, 'file', 'node', 775, 1),
(624, 'imce', 'file', 624, 1),
(625, 'file', 'node', 776, 1),
(626, 'imce', 'file', 626, 1),
(627, 'file', 'node', 777, 1),
(628, 'file', 'node', 777, 1),
(629, 'file', 'node', 777, 1),
(630, 'file', 'node', 778, 1),
(631, 'file', 'node', 778, 1),
(632, 'file', 'node', 778, 1),
(633, 'file', 'node', 779, 1),
(634, 'imce', 'file', 634, 1),
(635, 'imce', 'file', 635, 1),
(636, 'imce', 'file', 636, 1),
(638, 'file', 'node', 792, 1),
(639, 'file', 'node', 793, 1),
(640, 'file', 'node', 794, 1),
(643, 'file', 'node', 797, 1),
(644, 'file', 'node', 798, 1),
(645, 'file', 'node', 799, 1),
(646, 'file', 'node', 800, 1),
(647, 'file', 'node', 801, 1),
(648, 'file', 'node', 802, 1),
(649, 'file', 'node', 803, 1),
(650, 'file', 'node', 804, 1),
(651, 'file', 'node', 805, 1),
(653, 'file', 'node', 807, 1),
(654, 'file', 'node', 808, 1),
(655, 'file', 'node', 809, 1),
(656, 'file', 'node', 810, 1),
(657, 'file', 'node', 811, 1),
(658, 'file', 'node', 812, 1),
(659, 'file', 'node', 813, 1),
(660, 'file', 'node', 814, 1),
(661, 'file', 'node', 815, 1),
(662, 'file', 'node', 816, 1),
(663, 'file', 'node', 817, 1),
(664, 'file', 'node', 818, 1),
(665, 'file', 'node', 819, 1),
(666, 'file', 'node', 820, 1),
(667, 'file', 'node', 821, 1),
(668, 'file', 'node', 822, 1),
(669, 'file', 'node', 823, 1),
(670, 'file', 'node', 824, 1),
(671, 'file', 'node', 825, 1),
(672, 'file', 'node', 826, 1),
(673, 'file', 'node', 827, 1),
(674, 'file', 'node', 828, 1),
(675, 'file', 'node', 829, 1),
(676, 'file', 'node', 830, 1),
(677, 'file', 'node', 831, 1),
(678, 'file', 'node', 832, 1),
(679, 'file', 'node', 833, 1),
(681, 'file', 'node', 835, 1),
(682, 'file', 'node', 836, 1),
(683, 'file', 'node', 837, 1),
(684, 'file', 'node', 838, 1),
(685, 'file', 'node', 839, 1),
(686, 'file', 'node', 840, 1),
(687, 'file', 'node', 841, 1),
(688, 'file', 'node', 847, 1),
(689, 'file', 'node', 848, 1),
(690, 'file', 'node', 850, 1),
(691, 'file', 'node', 851, 1),
(692, 'file', 'node', 852, 1),
(693, 'file', 'node', 853, 1),
(694, 'file', 'node', 854, 1),
(695, 'file', 'node', 855, 1),
(696, 'file', 'node', 856, 1),
(697, 'file', 'node', 857, 1),
(705, 'file', 'node', 865, 1),
(707, 'file', 'node', 868, 1),
(752, 'file', 'node', 940, 1),
(753, 'file', 'node', 941, 1),
(754, 'file', 'node', 942, 1),
(755, 'file', 'node', 943, 1),
(756, 'file', 'node', 944, 1),
(757, 'file', 'node', 945, 1),
(758, 'file', 'node', 947, 1),
(759, 'file', 'node', 948, 1),
(760, 'file', 'node', 949, 1),
(761, 'file', 'node', 950, 1),
(762, 'file', 'node', 951, 1),
(763, 'file', 'node', 952, 1),
(764, 'file', 'node', 953, 1),
(765, 'file', 'node', 954, 1),
(766, 'file', 'node', 955, 1),
(767, 'file', 'node', 956, 1),
(768, 'file', 'node', 957, 1),
(769, 'file', 'node', 958, 1),
(770, 'file', 'node', 959, 1),
(771, 'file', 'node', 960, 1),
(772, 'file', 'node', 961, 1),
(773, 'file', 'node', 962, 1),
(776, 'file', 'node', 965, 1),
(777, 'file', 'node', 966, 1),
(778, 'file', 'node', 967, 1),
(779, 'file', 'node', 968, 1),
(780, 'file', 'node', 969, 1),
(781, 'file', 'node', 970, 1),
(782, 'file', 'node', 971, 1),
(783, 'file', 'node', 972, 1),
(784, 'file', 'node', 973, 1),
(785, 'file', 'node', 974, 1),
(787, 'file', 'node', 976, 1),
(788, 'file', 'node', 977, 1),
(789, 'file', 'node', 978, 1),
(790, 'file', 'node', 979, 1),
(791, 'file', 'node', 980, 1),
(792, 'file', 'node', 981, 1),
(793, 'file', 'node', 982, 1),
(794, 'file', 'node', 983, 1),
(795, 'file', 'node', 984, 1),
(796, 'file', 'node', 985, 1),
(797, 'file', 'node', 986, 1),
(798, 'file', 'node', 987, 1),
(799, 'file', 'node', 988, 1),
(800, 'file', 'node', 989, 1),
(801, 'file', 'node', 990, 1),
(802, 'file', 'node', 991, 1),
(803, 'file', 'node', 992, 1),
(804, 'file', 'node', 993, 1),
(805, 'file', 'node', 994, 1),
(806, 'file', 'node', 995, 1),
(807, 'file', 'node', 996, 1),
(808, 'file', 'node', 997, 1),
(809, 'file', 'node', 998, 1),
(810, 'file', 'node', 999, 1),
(811, 'file', 'node', 1000, 1),
(812, 'file', 'node', 1001, 1),
(813, 'file', 'node', 1002, 1),
(814, 'file', 'node', 1003, 1),
(815, 'file', 'node', 1004, 1),
(816, 'file', 'node', 1005, 1),
(817, 'file', 'node', 1006, 1),
(818, 'file', 'node', 1007, 1),
(820, 'file', 'node', 1009, 1),
(821, 'file', 'node', 1010, 1),
(822, 'file', 'node', 1011, 1),
(823, 'file', 'node', 1012, 1),
(824, 'file', 'node', 1013, 1),
(825, 'file', 'node', 1014, 1),
(826, 'file', 'node', 1015, 1),
(827, 'file', 'node', 1016, 1),
(828, 'file', 'node', 1017, 1),
(829, 'file', 'node', 1018, 1),
(830, 'file', 'node', 1019, 1),
(831, 'file', 'node', 1020, 1),
(832, 'file', 'node', 1021, 1),
(833, 'file', 'node', 1022, 1),
(834, 'file', 'node', 1023, 1),
(835, 'file', 'node', 1024, 1),
(836, 'file', 'node', 1025, 1),
(838, 'file', 'node', 1027, 1),
(840, 'file', 'node', 1029, 1),
(841, 'file', 'node', 1030, 1),
(842, 'file', 'node', 1031, 1),
(844, 'file', 'node', 1033, 1),
(845, 'file', 'node', 1034, 1),
(846, 'file', 'node', 1035, 1),
(847, 'file', 'node', 1036, 1),
(848, 'file', 'node', 1037, 1),
(849, 'file', 'node', 1038, 1),
(850, 'file', 'node', 1039, 1),
(851, 'file', 'node', 1040, 1),
(852, 'file', 'node', 1041, 1),
(853, 'file', 'node', 1044, 1),
(854, 'file', 'node', 1047, 1),
(855, 'file', 'node', 1049, 1),
(856, 'file', 'node', 1052, 1),
(857, 'file', 'node', 1055, 1),
(858, 'file', 'node', 1056, 1),
(859, 'file', 'node', 1057, 1),
(860, 'file', 'node', 1058, 1),
(861, 'file', 'node', 1059, 1),
(862, 'file', 'node', 1060, 1),
(863, 'file', 'node', 1061, 1),
(864, 'file', 'node', 1062, 1),
(865, 'file', 'node', 1063, 1),
(866, 'file', 'node', 1064, 1),
(867, 'file', 'node', 1065, 1),
(868, 'file', 'node', 1066, 1),
(869, 'file', 'node', 1067, 1),
(870, 'file', 'node', 1068, 1),
(871, 'file', 'node', 1069, 1),
(872, 'file', 'node', 1070, 1),
(873, 'file', 'node', 1071, 1),
(875, 'file', 'node', 1073, 1),
(876, 'file', 'node', 1074, 1),
(877, 'file', 'node', 1075, 1),
(879, 'file', 'node', 1077, 1),
(880, 'file', 'node', 1078, 1),
(881, 'file', 'node', 1079, 1),
(882, 'file', 'node', 1080, 1),
(884, 'file', 'node', 1082, 1),
(885, 'file', 'node', 1083, 1),
(886, 'file', 'node', 1084, 1),
(887, 'file', 'node', 1085, 1),
(888, 'file', 'node', 1086, 1),
(889, 'file', 'node', 1087, 1),
(891, 'file', 'node', 1089, 1),
(893, 'file', 'node', 1091, 1),
(894, 'file', 'node', 1092, 1),
(895, 'file', 'node', 1093, 1),
(897, 'file', 'node', 1095, 1),
(898, 'file', 'node', 1096, 1),
(899, 'file', 'node', 1097, 1),
(900, 'file', 'node', 1098, 1),
(901, 'file', 'node', 1099, 1),
(902, 'file', 'node', 1100, 1),
(905, 'file', 'node', 1103, 1),
(906, 'file', 'node', 858, 1),
(907, 'file', 'node', 864, 1),
(908, 'file', 'node', 859, 1),
(909, 'file', 'node', 860, 1),
(910, 'file', 'node', 867, 1),
(913, 'file', 'node', 1104, 1),
(915, 'file', 'node', 870, 1),
(916, 'file', 'node', 872, 1),
(917, 'file', 'node', 873, 1),
(918, 'file', 'node', 1105, 1),
(919, 'file', 'node', 874, 1),
(920, 'file', 'node', 875, 1),
(922, 'file', 'node', 1106, 1),
(923, 'file', 'node', 878, 1),
(925, 'file', 'node', 880, 1),
(926, 'file', 'node', 881, 1),
(927, 'file', 'node', 1107, 1),
(928, 'file', 'node', 883, 1),
(929, 'file', 'node', 884, 1),
(930, 'file', 'node', 885, 1),
(931, 'file', 'node', 886, 1),
(932, 'file', 'node', 887, 1),
(933, 'file', 'node', 888, 1),
(934, 'file', 'node', 889, 1),
(936, 'file', 'node', 895, 1),
(937, 'file', 'node', 896, 1),
(938, 'file', 'node', 897, 1),
(939, 'file', 'node', 1109, 1),
(940, 'file', 'node', 1110, 1),
(941, 'file', 'node', 899, 1),
(942, 'file', 'node', 900, 1),
(943, 'file', 'node', 901, 1),
(944, 'file', 'node', 902, 1),
(945, 'file', 'node', 903, 1),
(946, 'file', 'node', 1111, 1),
(947, 'file', 'node', 905, 1),
(948, 'file', 'node', 906, 1),
(949, 'file', 'node', 1112, 1),
(950, 'file', 'node', 907, 1),
(951, 'file', 'node', 908, 1),
(952, 'file', 'node', 909, 1),
(954, 'file', 'node', 910, 1),
(955, 'file', 'node', 911, 1),
(956, 'file', 'node', 912, 1),
(957, 'file', 'node', 913, 1),
(959, 'file', 'node', 1114, 1),
(960, 'file', 'node', 915, 1),
(961, 'file', 'node', 916, 1),
(962, 'file', 'node', 917, 1),
(963, 'file', 'node', 918, 1),
(964, 'file', 'node', 1115, 1),
(965, 'file', 'node', 919, 1),
(967, 'file', 'node', 1117, 1),
(968, 'file', 'node', 1118, 1),
(969, 'file', 'node', 1119, 1),
(970, 'file', 'node', 1120, 1),
(971, 'file', 'node', 1121, 1),
(972, 'file', 'node', 1122, 1),
(973, 'file', 'node', 1123, 1),
(974, 'file', 'node', 1124, 1),
(975, 'file', 'node', 1125, 1),
(976, 'file', 'node', 1126, 1),
(977, 'file', 'node', 1127, 1),
(978, 'file', 'node', 1128, 1),
(979, 'file', 'node', 1129, 1),
(980, 'file', 'node', 1130, 1),
(981, 'file', 'node', 1131, 1),
(982, 'file', 'node', 1132, 1),
(983, 'file', 'node', 1133, 1),
(984, 'file', 'node', 1134, 1),
(986, 'file', 'node', 1136, 1),
(987, 'file', 'node', 1137, 1),
(988, 'file', 'node', 1138, 1),
(989, 'file', 'node', 1139, 1),
(990, 'file', 'node', 1140, 1),
(991, 'file', 'node', 1141, 1),
(992, 'file', 'node', 1142, 1),
(993, 'file', 'node', 1143, 1),
(994, 'file', 'node', 1144, 1),
(995, 'file', 'node', 1145, 1),
(996, 'file', 'node', 1146, 1),
(998, 'file', 'node', 1148, 1),
(1000, 'file', 'node', 1150, 1),
(1001, 'file', 'node', 1151, 1),
(1002, 'file', 'node', 1152, 1),
(1003, 'file', 'node', 1153, 1),
(1004, 'file', 'node', 1154, 1),
(1005, 'file', 'node', 1155, 1),
(1007, 'file', 'node', 1157, 1),
(1008, 'file', 'node', 1158, 1),
(1009, 'file', 'node', 1159, 1),
(1010, 'file', 'node', 1160, 1),
(1011, 'file', 'node', 1161, 1),
(1012, 'file', 'node', 1162, 1),
(1013, 'file', 'node', 795, 1),
(1014, 'file', 'node', 796, 1),
(1015, 'file', 'node', 806, 1),
(1016, 'file', 'node', 834, 1),
(1017, 'file', 'node', 1090, 1),
(1018, 'file', 'node', 1094, 1),
(1019, 'file', 'node', 1102, 1),
(1020, 'file', 'node', 1164, 1),
(1022, 'file', 'node', 1108, 1),
(1023, 'file', 'node', 1113, 1),
(1024, 'file', 'node', 1130, 1),
(1025, 'file', 'node', 1135, 1),
(1026, 'file', 'node', 1147, 1),
(1027, 'file', 'node', 1149, 1),
(1028, 'file', 'node', 1156, 1),
(1029, 'file', 'node', 1165, 1),
(1030, 'file', 'node', 946, 1),
(1031, 'file', 'node', 963, 1),
(1032, 'file', 'node', 964, 1),
(1033, 'file', 'node', 975, 1),
(1034, 'file', 'node', 1008, 1),
(1036, 'file', 'node', 1032, 1),
(1037, 'file', 'node', 1028, 1),
(1038, 'file', 'node', 869, 1),
(1039, 'file', 'node', 871, 1),
(1040, 'file', 'node', 876, 1),
(1041, 'file', 'node', 879, 1),
(1042, 'file', 'node', 898, 1),
(1043, 'file', 'node', 1072, 1),
(1044, 'file', 'node', 904, 1),
(1045, 'file', 'node', 1076, 1),
(1046, 'file', 'node', 1081, 1),
(1047, 'file', 'node', 1088, 1),
(1048, 'file', 'node', 914, 1),
(1049, 'file', 'node', 1101, 1),
(1050, 'file', 'node', 1166, 1),
(1051, 'imce', 'file', 1051, 1),
(1052, 'imce', 'file', 1052, 1),
(1053, 'imce', 'file', 1053, 1),
(1054, 'file', 'node', 1167, 1),
(1055, 'file', 'node', 1167, 1),
(1056, 'file', 'node', 1167, 1),
(1057, 'file', 'node', 1168, 1),
(1058, 'file', 'node', 1168, 1),
(1059, 'file', 'node', 1168, 1),
(1060, 'file', 'node', 1169, 1),
(1061, 'file', 'node', 1169, 1),
(1062, 'file', 'node', 1169, 1),
(1063, 'file', 'node', 1170, 1),
(1064, 'file', 'node', 1170, 1),
(1065, 'file', 'node', 1170, 1),
(1066, 'file', 'node', 1171, 1),
(1067, 'imce', 'file', 1067, 1),
(1068, 'file', 'node', 1172, 1),
(1069, 'imce', 'file', 1069, 1),
(1070, 'imce', 'file', 1070, 1),
(1071, 'file', 'node', 1173, 1),
(1072, 'imce', 'file', 1072, 1);

-- --------------------------------------------------------

--
-- Table structure for table `filter`
--

CREATE TABLE `filter` (
  `format` varchar(255) NOT NULL COMMENT 'Foreign key: The filter_format.format to which this filter is assigned.',
  `module` varchar(64) NOT NULL DEFAULT '' COMMENT 'The origin module of the filter.',
  `name` varchar(32) NOT NULL DEFAULT '' COMMENT 'Name of the filter being referenced.',
  `weight` int(11) NOT NULL DEFAULT '0' COMMENT 'Weight of filter within format.',
  `status` int(11) NOT NULL DEFAULT '0' COMMENT 'Filter enabled status. (1 = enabled, 0 = disabled)',
  `settings` longblob COMMENT 'A serialized array of name value pairs that store the filter settings for the specific format.'
) ENGINE=InnoDB DEFAULT CHARSET=utf8 COMMENT='Table that maps filters (HTML corrector) to text formats ...';

--
-- Dumping data for table `filter`
--

INSERT INTO `filter` (`format`, `module`, `name`, `weight`, `status`, `settings`) VALUES
('filtered_html', 'filter', 'filter_autop', 2, 1, 0x613a303a7b7d),
('filtered_html', 'filter', 'filter_html', 1, 1, 0x613a333a7b733a31323a22616c6c6f7765645f68746d6c223b733a37343a223c613e203c656d3e203c7374726f6e673e203c636974653e203c626c6f636b71756f74653e203c636f64653e203c756c3e203c6f6c3e203c6c693e203c646c3e203c64743e203c64643e223b733a31363a2266696c7465725f68746d6c5f68656c70223b693a313b733a32303a2266696c7465725f68746d6c5f6e6f666f6c6c6f77223b693a303b7d),
('filtered_html', 'filter', 'filter_htmlcorrector', 10, 1, 0x613a303a7b7d),
('filtered_html', 'filter', 'filter_html_escape', 10, 0, 0x613a303a7b7d),
('filtered_html', 'filter', 'filter_url', 0, 1, 0x613a313a7b733a31373a2266696c7465725f75726c5f6c656e677468223b693a37323b7d),
('full_html', 'filter', 'filter_autop', 1, 0, 0x613a303a7b7d),
('full_html', 'filter', 'filter_html', 10, 0, 0x613a333a7b733a31323a22616c6c6f7765645f68746d6c223b733a37343a223c613e203c656d3e203c7374726f6e673e203c636974653e203c626c6f636b71756f74653e203c636f64653e203c756c3e203c6f6c3e203c6c693e203c646c3e203c64743e203c64643e223b733a31363a2266696c7465725f68746d6c5f68656c70223b693a313b733a32303a2266696c7465725f68746d6c5f6e6f666f6c6c6f77223b693a303b7d),
('full_html', 'filter', 'filter_htmlcorrector', 10, 0, 0x613a303a7b7d),
('full_html', 'filter', 'filter_html_escape', 10, 0, 0x613a303a7b7d),
('full_html', 'filter', 'filter_url', 0, 0, 0x613a313a7b733a31373a2266696c7465725f75726c5f6c656e677468223b733a323a223732223b7d),
('full_html', 'php', 'php_code', 0, 0, 0x613a303a7b7d),
('php_code', 'filter', 'filter_autop', 10, 0, 0x613a303a7b7d),
('php_code', 'filter', 'filter_html', 10, 0, 0x613a333a7b733a31323a22616c6c6f7765645f68746d6c223b733a37343a223c613e203c656d3e203c7374726f6e673e203c636974653e203c626c6f636b71756f74653e203c636f64653e203c756c3e203c6f6c3e203c6c693e203c646c3e203c64743e203c64643e223b733a31363a2266696c7465725f68746d6c5f68656c70223b693a313b733a32303a2266696c7465725f68746d6c5f6e6f666f6c6c6f77223b693a303b7d),
('php_code', 'filter', 'filter_htmlcorrector', 10, 0, 0x613a303a7b7d),
('php_code', 'filter', 'filter_html_escape', 10, 0, 0x613a303a7b7d),
('php_code', 'filter', 'filter_url', 10, 0, 0x613a313a7b733a31373a2266696c7465725f75726c5f6c656e677468223b693a37323b7d),
('php_code', 'php', 'php_code', 0, 1, 0x613a303a7b7d),
('plain_text', 'filter', 'filter_autop', 2, 1, 0x613a303a7b7d),
('plain_text', 'filter', 'filter_html', 10, 0, 0x613a333a7b733a31323a22616c6c6f7765645f68746d6c223b733a37343a223c613e203c656d3e203c7374726f6e673e203c636974653e203c626c6f636b71756f74653e203c636f64653e203c756c3e203c6f6c3e203c6c693e203c646c3e203c64743e203c64643e223b733a31363a2266696c7465725f68746d6c5f68656c70223b693a313b733a32303a2266696c7465725f68746d6c5f6e6f666f6c6c6f77223b693a303b7d),
('plain_text', 'filter', 'filter_htmlcorrector', 10, 0, 0x613a303a7b7d),
('plain_text', 'filter', 'filter_html_escape', 0, 1, 0x613a303a7b7d),
('plain_text', 'filter', 'filter_url', 1, 1, 0x613a313a7b733a31373a2266696c7465725f75726c5f6c656e677468223b693a37323b7d);

-- --------------------------------------------------------

--
-- Table structure for table `filter_format`
--

CREATE TABLE `filter_format` (
  `format` varchar(255) NOT NULL COMMENT 'Primary Key: Unique machine name of the format.',
  `name` varchar(255) NOT NULL DEFAULT '' COMMENT 'Name of the text format (Filtered HTML).',
  `cache` tinyint(4) NOT NULL DEFAULT '0' COMMENT 'Flag to indicate whether format is cacheable. (1 = cacheable, 0 = not cacheable)',
  `status` tinyint(3) UNSIGNED NOT NULL DEFAULT '1' COMMENT 'The status of the text format. (1 = enabled, 0 = disabled)',
  `weight` int(11) NOT NULL DEFAULT '0' COMMENT 'Weight of text format to use when listing.'
) ENGINE=InnoDB DEFAULT CHARSET=utf8 COMMENT='Stores text formats: custom groupings of filters, such as...';

--
-- Dumping data for table `filter_format`
--

INSERT INTO `filter_format` (`format`, `name`, `cache`, `status`, `weight`) VALUES
('filtered_html', 'Filtered HTML', 1, 1, -9),
('full_html', 'Full HTML', 1, 1, -10),
('php_code', 'PHP code', 0, 1, -7),
('plain_text', 'Plain text', 1, 1, -8);

-- --------------------------------------------------------

--
-- Table structure for table `flood`
--

CREATE TABLE `flood` (
  `fid` int(11) NOT NULL COMMENT 'Unique flood event ID.',
  `event` varchar(64) NOT NULL DEFAULT '' COMMENT 'Name of event (e.g. contact).',
  `identifier` varchar(128) NOT NULL DEFAULT '' COMMENT 'Identifier of the visitor, such as an IP address or hostname.',
  `timestamp` int(11) NOT NULL DEFAULT '0' COMMENT 'Timestamp of the event.',
  `expiration` int(11) NOT NULL DEFAULT '0' COMMENT 'Expiration timestamp. Expired events are purged on cron run.'
) ENGINE=InnoDB DEFAULT CHARSET=utf8 COMMENT='Flood controls the threshold of events, such as the...';

-- --------------------------------------------------------

--
-- Table structure for table `history`
--

CREATE TABLE `history` (
  `uid` int(11) NOT NULL DEFAULT '0' COMMENT 'The users.uid that read the node nid.',
  `nid` int(10) UNSIGNED NOT NULL DEFAULT '0' COMMENT 'The node.nid that was read.',
  `timestamp` int(11) NOT NULL DEFAULT '0' COMMENT 'The Unix timestamp at which the read occurred.'
) ENGINE=InnoDB DEFAULT CHARSET=utf8 COMMENT='A record of which users have read which nodes.';

--
-- Dumping data for table `history`
--

INSERT INTO `history` (`uid`, `nid`, `timestamp`) VALUES
(1, 1, 1579689674),
(1, 12, 1579685651),
(1, 143, 1579686035);

-- --------------------------------------------------------

--
-- Table structure for table `image_dimensions`
--

CREATE TABLE `image_dimensions` (
  `fid` int(10) UNSIGNED NOT NULL COMMENT 'File ID.',
  `height` int(10) UNSIGNED NOT NULL DEFAULT '0' COMMENT 'The height of the image in pixels.',
  `width` int(10) UNSIGNED NOT NULL DEFAULT '0' COMMENT 'The width of the image in pixels..'
) ENGINE=InnoDB DEFAULT CHARSET=utf8 COMMENT='Cache images dimensions.';

--
-- Dumping data for table `image_dimensions`
--

INSERT INTO `image_dimensions` (`fid`, `height`, `width`) VALUES
(26, 300, 400),
(28, 240, 320),
(29, 480, 640),
(38, 60, 70),
(54, 300, 400),
(55, 600, 800),
(56, 600, 800),
(57, 480, 640),
(58, 486, 648),
(59, 292, 389),
(60, 486, 648),
(61, 486, 648),
(62, 600, 799),
(63, 600, 800),
(64, 600, 800),
(65, 600, 800),
(66, 480, 640),
(67, 480, 640),
(68, 480, 640),
(69, 600, 800),
(70, 480, 640),
(71, 480, 640),
(72, 480, 640),
(73, 480, 640),
(77, 171, 228),
(79, 192, 256),
(80, 171, 228),
(82, 300, 400),
(83, 480, 640),
(84, 480, 640),
(85, 480, 640),
(86, 480, 640),
(87, 480, 640),
(88, 480, 640),
(89, 480, 640),
(90, 300, 400),
(91, 600, 800),
(92, 480, 640),
(93, 300, 400),
(94, 300, 400),
(95, 600, 800),
(96, 600, 800),
(97, 600, 800),
(98, 486, 648),
(99, 480, 640),
(100, 480, 640),
(101, 480, 640),
(102, 480, 640),
(103, 600, 800),
(104, 600, 800),
(105, 600, 800),
(106, 600, 800),
(107, 372, 496),
(108, 480, 640),
(109, 600, 800),
(110, 600, 800),
(111, 600, 800),
(112, 600, 800),
(113, 480, 640),
(114, 600, 800),
(115, 480, 640),
(116, 480, 640),
(117, 480, 640),
(118, 480, 640),
(119, 600, 800),
(120, 486, 648),
(121, 600, 800),
(122, 480, 640),
(123, 480, 640),
(124, 480, 640),
(125, 480, 640),
(126, 334, 500),
(127, 600, 800),
(128, 600, 800),
(129, 600, 800),
(130, 384, 512),
(131, 480, 640),
(132, 480, 640),
(133, 600, 800),
(136, 480, 640),
(137, 480, 640),
(138, 480, 640),
(139, 480, 640),
(140, 480, 640),
(141, 480, 640),
(142, 480, 640),
(143, 480, 640),
(144, 600, 800),
(145, 486, 648),
(146, 600, 800),
(147, 480, 640),
(148, 600, 800),
(149, 600, 800),
(150, 600, 800),
(151, 600, 800),
(152, 480, 640),
(153, 600, 800),
(154, 480, 640),
(155, 300, 400),
(156, 300, 400),
(157, 480, 640),
(158, 480, 640),
(159, 480, 640),
(160, 480, 640),
(161, 480, 640),
(162, 480, 640),
(163, 480, 640),
(164, 480, 640),
(165, 600, 800),
(166, 480, 640),
(167, 480, 640),
(168, 600, 800),
(169, 486, 648),
(170, 480, 640),
(171, 384, 512),
(172, 243, 324),
(173, 243, 324),
(174, 243, 324),
(175, 195, 260),
(176, 480, 640),
(177, 480, 640),
(178, 480, 640),
(179, 486, 648),
(180, 600, 800),
(181, 600, 800),
(182, 600, 800),
(183, 600, 800),
(184, 486, 648),
(185, 486, 648),
(186, 486, 648),
(187, 486, 648),
(188, 533, 800),
(189, 533, 800),
(190, 533, 800),
(191, 480, 640),
(192, 480, 640),
(193, 480, 640),
(194, 480, 640),
(195, 480, 640),
(196, 486, 648),
(197, 486, 648),
(198, 600, 800),
(199, 600, 800),
(200, 480, 640),
(201, 480, 640),
(202, 480, 640),
(203, 480, 640),
(204, 480, 640),
(205, 600, 800),
(206, 486, 648),
(207, 486, 648),
(208, 480, 640),
(209, 480, 640),
(210, 480, 640),
(211, 480, 640),
(212, 480, 640),
(213, 480, 640),
(214, 480, 640),
(216, 480, 640),
(217, 600, 800),
(218, 480, 640),
(219, 480, 640),
(220, 480, 640),
(221, 480, 640),
(223, 480, 640),
(224, 480, 640),
(225, 480, 640),
(226, 480, 640),
(227, 480, 640),
(228, 600, 800),
(229, 480, 640),
(230, 480, 640),
(231, 480, 640),
(232, 480, 640),
(233, 600, 800),
(234, 480, 640),
(235, 338, 450),
(236, 328, 500),
(238, 480, 640),
(239, 480, 640),
(240, 600, 800),
(243, 480, 640),
(244, 480, 640),
(245, 480, 640),
(246, 600, 800),
(247, 600, 800),
(248, 480, 640),
(249, 600, 800),
(250, 600, 800),
(251, 600, 800),
(252, 200, 200),
(253, 213, 320),
(254, 469, 625),
(255, 338, 450),
(256, 194, 259),
(257, 417, 625),
(260, 220, 293),
(261, 400, 400),
(262, 300, 300),
(263, 260, 466),
(264, 480, 600),
(265, 360, 480),
(266, 469, 625),
(267, 480, 600),
(268, 480, 600),
(269, 260, 466),
(270, 480, 600),
(271, 300, 360),
(272, 417, 625),
(273, 480, 600),
(275, 469, 625),
(276, 300, 360),
(277, 450, 450),
(278, 529, 800),
(279, 260, 466),
(280, 260, 466),
(281, 480, 640),
(282, 480, 640),
(283, 480, 640),
(284, 480, 640),
(285, 480, 640),
(286, 480, 640),
(287, 480, 640),
(288, 480, 640),
(289, 480, 640),
(290, 480, 640),
(291, 480, 640),
(292, 480, 640),
(293, 300, 300),
(294, 480, 640),
(295, 480, 640),
(296, 600, 800),
(297, 600, 800),
(298, 600, 800),
(299, 480, 640),
(300, 480, 640),
(301, 480, 640),
(302, 600, 800),
(303, 480, 640),
(304, 480, 640),
(305, 600, 800),
(306, 480, 640),
(308, 480, 640),
(309, 600, 800),
(310, 480, 640),
(311, 600, 800),
(312, 480, 640),
(313, 480, 640),
(314, 480, 640),
(315, 480, 640),
(316, 480, 640),
(317, 480, 640),
(318, 480, 640),
(319, 480, 640),
(320, 480, 640),
(321, 480, 640),
(322, 480, 640),
(323, 480, 640),
(324, 480, 640),
(325, 480, 640),
(326, 480, 640),
(327, 480, 640),
(328, 480, 640),
(329, 480, 640),
(330, 427, 640),
(331, 480, 640),
(332, 480, 640),
(333, 480, 640),
(334, 480, 640),
(335, 480, 640),
(336, 480, 640),
(337, 480, 640),
(338, 480, 640),
(339, 480, 640),
(340, 480, 640),
(341, 416, 740),
(342, 480, 640),
(343, 480, 640),
(344, 480, 640),
(345, 600, 800),
(347, 480, 600),
(348, 480, 600),
(349, 480, 600),
(350, 260, 466),
(351, 260, 466),
(352, 194, 259),
(353, 220, 293),
(354, 400, 400),
(355, 300, 300),
(356, 469, 625),
(357, 300, 360),
(358, 260, 466),
(359, 260, 466),
(361, 194, 259),
(362, 220, 293),
(363, 400, 400),
(364, 338, 450),
(365, 480, 640),
(367, 250, 250),
(368, 300, 300),
(369, 480, 640),
(371, 533, 800),
(372, 257, 385),
(373, 480, 640),
(374, 480, 640),
(375, 480, 640),
(376, 480, 640),
(377, 480, 640),
(378, 480, 640),
(379, 480, 640),
(380, 480, 640),
(381, 480, 640),
(382, 480, 640),
(383, 480, 640),
(384, 480, 640),
(385, 480, 640),
(386, 480, 640),
(387, 480, 640),
(388, 480, 640),
(389, 480, 640),
(390, 480, 640),
(391, 480, 640),
(392, 480, 640),
(393, 480, 640),
(394, 188, 268),
(395, 195, 258),
(396, 183, 275),
(397, 194, 259),
(398, 188, 268),
(399, 188, 268),
(400, 480, 640),
(401, 480, 640),
(403, 480, 640),
(404, 480, 640),
(405, 194, 259),
(406, 480, 640),
(407, 194, 259),
(408, 600, 800),
(409, 600, 800),
(410, 194, 259),
(411, 184, 274),
(412, 194, 259),
(413, 205, 246),
(414, 205, 246),
(415, 188, 268),
(416, 194, 259),
(417, 193, 262),
(418, 186, 271),
(419, 152, 331),
(420, 225, 225),
(421, 201, 251),
(422, 152, 331),
(423, 201, 251),
(424, 205, 246),
(425, 184, 274),
(426, 194, 259),
(427, 600, 800),
(428, 600, 800),
(429, 600, 800),
(430, 194, 259),
(431, 194, 259),
(432, 480, 640),
(433, 480, 640),
(434, 194, 259),
(435, 400, 400),
(436, 426, 640),
(437, 480, 640),
(438, 480, 640),
(439, 480, 600),
(440, 480, 600),
(441, 360, 480),
(442, 469, 625),
(443, 450, 450),
(444, 194, 259),
(445, 300, 380),
(449, 338, 450),
(453, 183, 275),
(456, 193, 262),
(457, 186, 271),
(459, 194, 259),
(460, 201, 251),
(462, 280, 380),
(464, 194, 259),
(465, 480, 640),
(466, 480, 640),
(467, 480, 640),
(468, 512, 384),
(469, 480, 640),
(470, 600, 800),
(471, 200, 200),
(472, 213, 320),
(473, 480, 600),
(474, 480, 600),
(475, 417, 625),
(476, 360, 480),
(477, 469, 625),
(478, 300, 360),
(479, 260, 466),
(481, 260, 466),
(482, 260, 466),
(483, 220, 293),
(484, 400, 400),
(485, 338, 450),
(487, 480, 640),
(488, 480, 640),
(490, 600, 800),
(491, 600, 800),
(492, 194, 259),
(493, 184, 274),
(494, 486, 648),
(495, 480, 640),
(496, 480, 640),
(497, 480, 640),
(498, 480, 640),
(499, 534, 800),
(500, 534, 800),
(501, 518, 774),
(502, 518, 774),
(503, 534, 800),
(504, 480, 640),
(505, 480, 640),
(506, 480, 640),
(507, 480, 640),
(508, 480, 640),
(509, 480, 640),
(510, 480, 640),
(511, 480, 640),
(512, 480, 640),
(513, 386, 522),
(514, 270, 748),
(515, 254, 384),
(516, 490, 410),
(517, 360, 432),
(518, 264, 764),
(519, 296, 680),
(520, 316, 638),
(521, 316, 638),
(522, 600, 600),
(523, 529, 800),
(524, 400, 400),
(525, 388, 518),
(526, 260, 466),
(527, 260, 466),
(528, 260, 466),
(529, 300, 360),
(530, 480, 640),
(531, 480, 640),
(532, 480, 640),
(533, 480, 640),
(534, 480, 640),
(535, 480, 640),
(536, 480, 640),
(537, 480, 640),
(538, 480, 640),
(539, 480, 640),
(540, 480, 640),
(541, 480, 640),
(542, 480, 640),
(543, 450, 450),
(544, 356, 530),
(545, 400, 400),
(548, 220, 220),
(549, 398, 556),
(554, 111, 111),
(555, 111, 111),
(556, 111, 111),
(557, 111, 111),
(558, 111, 111),
(559, 111, 111),
(561, 666, 1380),
(562, 49, 70),
(564, 480, 640),
(566, 518, 774),
(567, 518, 774),
(568, 534, 800),
(569, 534, 800),
(570, 1808, 2719),
(571, 50, 170),
(592, 125, 200),
(593, 125, 200),
(594, 125, 200),
(600, 600, 1200),
(601, 120, 120),
(602, 600, 1200),
(604, 480, 640),
(605, 500, 800),
(606, 480, 640),
(607, 480, 640),
(608, 853, 1280),
(611, 576, 1024),
(612, 683, 1024),
(613, 1331, 2000),
(614, 750, 1000),
(615, 696, 960),
(616, 797, 1200),
(617, 720, 954),
(618, 573, 1024),
(619, 576, 1024),
(620, 683, 1024),
(621, 360, 640),
(622, 576, 1024),
(623, 683, 1024),
(624, 642, 960),
(625, 1536, 2048),
(626, 642, 960),
(627, 600, 800),
(628, 600, 800),
(629, 600, 800),
(630, 600, 800),
(631, 600, 800),
(632, 600, 800),
(633, 533, 780),
(634, 795, 1200),
(635, 540, 960),
(636, 803, 1200),
(638, 480, 640),
(639, 480, 640),
(640, 480, 640),
(643, 480, 640),
(644, 480, 640),
(645, 480, 640),
(646, 480, 640),
(647, 480, 640),
(648, 480, 640),
(649, 480, 640),
(650, 480, 640),
(651, 480, 640),
(653, 480, 640),
(654, 480, 640),
(655, 480, 640),
(656, 480, 640),
(657, 480, 640),
(658, 480, 640),
(659, 480, 640),
(660, 480, 640),
(661, 480, 640),
(662, 480, 640),
(663, 480, 640),
(664, 480, 640),
(665, 480, 640),
(666, 480, 640),
(667, 480, 640),
(668, 480, 640),
(669, 480, 640),
(670, 480, 640),
(671, 480, 640),
(672, 480, 640),
(673, 480, 640),
(674, 480, 640),
(675, 480, 640),
(676, 480, 640),
(677, 480, 640),
(678, 480, 640),
(679, 480, 640),
(681, 480, 640),
(682, 480, 640),
(683, 480, 640),
(684, 480, 640),
(685, 480, 640),
(686, 480, 640),
(687, 480, 640),
(688, 480, 640),
(689, 480, 640),
(690, 480, 640),
(691, 480, 640),
(692, 480, 640),
(693, 480, 640),
(694, 480, 640),
(695, 480, 640),
(696, 480, 640),
(697, 480, 640),
(705, 480, 640),
(707, 480, 640),
(752, 480, 640),
(753, 480, 640),
(754, 480, 640),
(755, 480, 640),
(756, 480, 640),
(757, 480, 640),
(758, 480, 640),
(759, 480, 640),
(760, 480, 640),
(761, 480, 640),
(762, 480, 640),
(763, 480, 640),
(764, 480, 640),
(765, 480, 640),
(766, 480, 640),
(767, 480, 640),
(768, 480, 640),
(769, 480, 640),
(770, 480, 640),
(771, 480, 640),
(772, 480, 640),
(773, 480, 640),
(776, 480, 640),
(777, 480, 640),
(778, 480, 640),
(779, 480, 640),
(780, 480, 640),
(781, 480, 640),
(782, 480, 640),
(783, 480, 640),
(784, 480, 640),
(785, 480, 640),
(787, 480, 640),
(788, 480, 640),
(789, 480, 640),
(790, 480, 640),
(791, 480, 640),
(792, 480, 640),
(793, 480, 640),
(794, 480, 640),
(795, 480, 640),
(796, 480, 640),
(797, 480, 640),
(798, 480, 640),
(799, 480, 640),
(800, 480, 640),
(801, 480, 640),
(802, 480, 640),
(803, 480, 640),
(804, 480, 640),
(805, 480, 640),
(806, 480, 640),
(807, 480, 640),
(808, 480, 640),
(809, 480, 640),
(810, 480, 640),
(811, 480, 640),
(812, 480, 640),
(813, 480, 640),
(814, 480, 640),
(815, 480, 640),
(816, 480, 640),
(817, 480, 640),
(818, 480, 640),
(820, 480, 640),
(821, 480, 640),
(822, 480, 640),
(823, 480, 640),
(824, 480, 640),
(825, 480, 640),
(826, 480, 640),
(827, 480, 640),
(828, 480, 640),
(829, 480, 640),
(830, 480, 640),
(831, 480, 640),
(832, 480, 640),
(833, 480, 640),
(834, 480, 640),
(835, 480, 640),
(836, 480, 640),
(838, 480, 640),
(840, 480, 640),
(841, 480, 640),
(842, 480, 640),
(844, 480, 640),
(845, 480, 640),
(846, 480, 640),
(847, 480, 640),
(848, 480, 640),
(849, 480, 640),
(850, 480, 640),
(851, 480, 640),
(852, 480, 640),
(853, 480, 640),
(854, 480, 640),
(855, 480, 640),
(856, 480, 640),
(857, 480, 640),
(858, 482, 640),
(859, 480, 640),
(860, 480, 640),
(861, 480, 640),
(862, 480, 640),
(863, 480, 640),
(864, 480, 640),
(865, 480, 640),
(866, 480, 640),
(867, 480, 640),
(868, 480, 640),
(869, 480, 640),
(870, 480, 640),
(871, 480, 640),
(872, 480, 640),
(873, 480, 640),
(875, 480, 640),
(876, 480, 640),
(877, 480, 640),
(879, 480, 640),
(880, 480, 640),
(881, 480, 640),
(882, 480, 640),
(884, 480, 640),
(885, 600, 444),
(886, 480, 640),
(887, 480, 640),
(888, 480, 640),
(889, 480, 640),
(891, 480, 640),
(893, 480, 640),
(894, 480, 640),
(895, 480, 640),
(897, 480, 640),
(898, 480, 640),
(899, 480, 640),
(900, 480, 640),
(901, 480, 640),
(902, 480, 640),
(905, 480, 640),
(906, 480, 640),
(907, 480, 640),
(908, 480, 640),
(909, 480, 640),
(910, 480, 640),
(913, 480, 640),
(915, 480, 640),
(916, 480, 640),
(917, 480, 640),
(918, 480, 640),
(919, 480, 640),
(920, 480, 640),
(922, 480, 640),
(923, 480, 640),
(925, 480, 640),
(926, 480, 640),
(927, 480, 640),
(928, 480, 640),
(929, 480, 640),
(930, 480, 640),
(931, 480, 640),
(932, 480, 640),
(933, 480, 640),
(934, 480, 640),
(936, 480, 640),
(937, 480, 640),
(938, 480, 640),
(939, 480, 640),
(940, 480, 640),
(941, 480, 640),
(942, 480, 640),
(943, 480, 640),
(944, 480, 640),
(945, 480, 640),
(946, 480, 640),
(947, 482, 640),
(948, 480, 640),
(949, 480, 640),
(950, 480, 640),
(951, 480, 640),
(952, 480, 640),
(954, 480, 640),
(955, 480, 640),
(956, 480, 640),
(957, 480, 640),
(959, 480, 640),
(960, 480, 640),
(961, 480, 640),
(962, 480, 640),
(963, 480, 640),
(964, 480, 640),
(965, 480, 640),
(967, 480, 640),
(968, 480, 640),
(969, 480, 640),
(970, 480, 640),
(971, 480, 640),
(972, 480, 640),
(973, 480, 640),
(974, 480, 640),
(975, 480, 640),
(976, 480, 640),
(977, 480, 640),
(978, 480, 640),
(979, 480, 640),
(980, 480, 640),
(981, 480, 640),
(982, 480, 640),
(983, 480, 640),
(984, 480, 640),
(986, 480, 640),
(987, 480, 640),
(988, 480, 640),
(989, 480, 640),
(990, 480, 640),
(991, 480, 640),
(992, 480, 640),
(993, 480, 640),
(994, 480, 640),
(995, 480, 640),
(996, 480, 640),
(998, 480, 640),
(1000, 480, 640),
(1001, 480, 640),
(1002, 480, 640),
(1003, 480, 640),
(1004, 480, 640),
(1005, 480, 640),
(1007, 480, 640),
(1008, 480, 640),
(1009, 480, 640),
(1010, 480, 640),
(1011, 480, 640),
(1012, 480, 640),
(1013, 480, 640),
(1014, 480, 640),
(1015, 480, 640),
(1016, 480, 640),
(1017, 480, 640),
(1018, 480, 640),
(1019, 480, 640),
(1020, 480, 640),
(1022, 480, 640),
(1023, 480, 640),
(1024, 480, 640),
(1025, 480, 640),
(1026, 480, 640),
(1027, 480, 640),
(1028, 480, 640),
(1029, 480, 640),
(1030, 480, 640),
(1031, 480, 640),
(1032, 480, 640),
(1033, 480, 640),
(1034, 480, 640),
(1036, 480, 640),
(1037, 480, 640),
(1038, 480, 640),
(1039, 480, 640),
(1040, 480, 640),
(1041, 480, 640),
(1042, 480, 640),
(1043, 480, 640),
(1044, 480, 640),
(1045, 480, 640),
(1046, 480, 640),
(1047, 480, 640),
(1048, 480, 640),
(1049, 480, 640),
(1050, 551, 824),
(1051, 683, 1024),
(1052, 683, 1024),
(1053, 683, 1024),
(1054, 480, 640),
(1055, 480, 640),
(1056, 480, 640),
(1057, 480, 640),
(1058, 480, 640),
(1059, 480, 640),
(1060, 480, 640),
(1061, 480, 640),
(1062, 480, 640),
(1063, 480, 640),
(1064, 480, 640),
(1065, 480, 640),
(1066, 1736, 2349),
(1067, 820, 1024),
(1068, 1704, 2272),
(1069, 540, 960),
(1070, 636, 960),
(1071, 779, 1024),
(1072, 675, 1200);

-- --------------------------------------------------------

--
-- Table structure for table `image_effects`
--

CREATE TABLE `image_effects` (
  `ieid` int(10) UNSIGNED NOT NULL COMMENT 'The primary identifier for an image effect.',
  `isid` int(10) UNSIGNED NOT NULL DEFAULT '0' COMMENT 'The image_styles.isid for an image style.',
  `weight` int(11) NOT NULL DEFAULT '0' COMMENT 'The weight of the effect in the style.',
  `name` varchar(255) NOT NULL COMMENT 'The unique name of the effect to be executed.',
  `data` longblob NOT NULL COMMENT 'The configuration data for the effect.'
) ENGINE=InnoDB DEFAULT CHARSET=utf8 COMMENT='Stores configuration options for image effects.';

--
-- Dumping data for table `image_effects`
--

INSERT INTO `image_effects` (`ieid`, `isid`, `weight`, `name`, `data`) VALUES
(4, 1, 1, 'image_scale_and_crop', 0x613a323a7b733a353a227769647468223b733a333a22323030223b733a363a22686569676874223b733a333a22323030223b7d),
(5, 2, 1, 'image_scale_and_crop', 0x613a323a7b733a353a227769647468223b733a333a22313036223b733a363a22686569676874223b733a333a22313036223b7d);

-- --------------------------------------------------------

--
-- Table structure for table `image_styles`
--

CREATE TABLE `image_styles` (
  `isid` int(10) UNSIGNED NOT NULL COMMENT 'The primary identifier for an image style.',
  `name` varchar(255) NOT NULL COMMENT 'The style name.',
  `label` varchar(255) NOT NULL DEFAULT '' COMMENT 'The style administrative name.'
) ENGINE=InnoDB DEFAULT CHARSET=utf8 COMMENT='Stores configuration options for image styles.';

--
-- Dumping data for table `image_styles`
--

INSERT INTO `image_styles` (`isid`, `name`, `label`) VALUES
(1, '200x200_thumbnail', '200x200_thumbnail'),
(2, 'blog_image', 'Blog image');

-- --------------------------------------------------------

--
-- Table structure for table `login_destination`
--

CREATE TABLE `login_destination` (
  `id` int(10) UNSIGNED NOT NULL COMMENT 'Primary Key: Unique ID.',
  `triggers` text NOT NULL COMMENT 'Triggers on which to perform redirect',
  `roles` text NOT NULL COMMENT 'Roles to perform redirect for',
  `pages_type` tinyint(4) NOT NULL DEFAULT '0' COMMENT 'Flag to indicate from which pages to redirect. (0 = all pages except listed pages, 1 = only listed pages, 2 = Use custom PHP code)',
  `pages` text NOT NULL COMMENT 'Pages from which to redirect',
  `destination_type` tinyint(4) NOT NULL DEFAULT '0' COMMENT 'Flag to indicate the destination type. (0 = static URL, 1 = PHP code)',
  `destination` text NOT NULL COMMENT 'Redirect destination',
  `weight` int(11) NOT NULL DEFAULT '0' COMMENT 'The rule’s weight.',
  `enabled` int(10) UNSIGNED NOT NULL DEFAULT '1'
) ENGINE=InnoDB DEFAULT CHARSET=utf8 COMMENT='Login Destination rules.';

--
-- Dumping data for table `login_destination`
--

INSERT INTO `login_destination` (`id`, `triggers`, `roles`, `pages_type`, `pages`, `destination_type`, `destination`, `weight`, `enabled`) VALUES
(1, 'a:1:{s:5:\"login\";s:5:\"login\";}', 'a:1:{i:4;s:1:\"4\";}', 0, '', 0, 'manage-properties', 0, 1),
(2, 'a:1:{s:5:\"login\";s:5:\"login\";}', 'a:1:{i:3;s:1:\"3\";}', 0, '', 0, 'admin/home', 0, 1);

-- --------------------------------------------------------

--
-- Table structure for table `media_filter_usage`
--

CREATE TABLE `media_filter_usage` (
  `fid` int(10) UNSIGNED NOT NULL DEFAULT '0' COMMENT 'The media file_managed.fid.',
  `timestamp` int(11) NOT NULL DEFAULT '0' COMMENT 'The timestamp the fid was last recorded by media_filter()'
) ENGINE=InnoDB DEFAULT CHARSET=utf8 COMMENT='Stores fids that have been included in the media tag in...';

-- --------------------------------------------------------

--
-- Table structure for table `media_list_type`
--

CREATE TABLE `media_list_type` (
  `uid` int(10) UNSIGNED NOT NULL DEFAULT '0' COMMENT 'The user.uid of the user.',
  `type` varchar(32) NOT NULL DEFAULT '' COMMENT 'The type of display (table or images).'
) ENGINE=InnoDB DEFAULT CHARSET=utf8 COMMENT='Stores the user preference for whether to list as table...';

-- --------------------------------------------------------

--
-- Table structure for table `media_type`
--

CREATE TABLE `media_type` (
  `name` varchar(255) NOT NULL DEFAULT '' COMMENT 'The machine name of the media type.',
  `label` varchar(255) NOT NULL DEFAULT '' COMMENT 'The label of the media type.',
  `base` tinyint(4) NOT NULL DEFAULT '0' COMMENT 'If this is a base type (i.e. cannot be deleted)',
  `weight` int(11) NOT NULL DEFAULT '0' COMMENT 'Weight of media type. Determines which one wins when claiming a piece of media (first wins)',
  `type_callback` varchar(255) DEFAULT '' COMMENT 'Callback to determine if provided media is of this type.',
  `type_callback_args` longtext COMMENT 'A serialized array of name value pairs that will be passed to the callback function'
) ENGINE=InnoDB DEFAULT CHARSET=utf8 COMMENT='Stores the settings for media types.';

--
-- Dumping data for table `media_type`
--

INSERT INTO `media_type` (`name`, `label`, `base`, `weight`, `type_callback`, `type_callback_args`) VALUES
('audio', 'Audio', 1, 0, 'media_is_type', 'a:4:{s:10:\"match_type\";s:3:\"all\";s:9:\"mimetypes\";a:1:{i:0;s:8:\"/^audio/\";}s:10:\"extensions\";a:3:{i:0;s:3:\"mp3\";i:1;s:3:\"ogg\";i:2;s:3:\"wma\";}s:7:\"streams\";a:2:{i:0;s:6:\"public\";i:1;s:7:\"private\";}}'),
('default', 'Other', 1, 1000, 'media_is_type', 'a:2:{s:10:\"match_type\";s:3:\"any\";s:9:\"mimetypes\";a:1:{i:0;s:4:\"/.*/\";}}'),
('image', 'Image', 1, 0, 'media_is_type', 'a:4:{s:10:\"match_type\";s:3:\"all\";s:9:\"mimetypes\";a:1:{i:0;s:8:\"/^image/\";}s:10:\"extensions\";a:5:{i:0;s:3:\"jpg\";i:1;s:4:\"jpeg\";i:2;s:3:\"gif\";i:3;s:3:\"png\";i:4;s:4:\"tiff\";}s:7:\"streams\";a:2:{i:0;s:6:\"public\";i:1;s:7:\"private\";}}'),
('video', 'Video', 1, 0, 'media_is_type', 'a:4:{s:10:\"match_type\";s:3:\"all\";s:9:\"mimetypes\";a:1:{i:0;s:8:\"/^video/\";}s:10:\"extensions\";a:3:{i:0;s:3:\"mov\";i:1;s:3:\"mp4\";i:2;s:3:\"avi\";}s:7:\"streams\";a:2:{i:0;s:6:\"public\";i:1;s:7:\"private\";}}');

-- --------------------------------------------------------

--
-- Table structure for table `menu_custom`
--

CREATE TABLE `menu_custom` (
  `menu_name` varchar(32) NOT NULL DEFAULT '' COMMENT 'Primary Key: Unique key for menu. This is used as a block delta so length is 32.',
  `title` varchar(255) NOT NULL DEFAULT '' COMMENT 'Menu title; displayed at top of block.',
  `description` text COMMENT 'Menu description.'
) ENGINE=InnoDB DEFAULT CHARSET=utf8 COMMENT='Holds definitions for top-level custom menus (for example...';

--
-- Dumping data for table `menu_custom`
--

INSERT INTO `menu_custom` (`menu_name`, `title`, `description`) VALUES
('devel', 'Development', 'Development link'),
('features', 'Features', 'Menu items for any enabled features.'),
('main-menu', 'Main menu', 'The <em>Main</em> menu is used on many sites to show the major sections of the site, often in a top navigation bar.'),
('management', 'Management', 'The <em>Management</em> menu contains links for administrative tasks.'),
('menu-consultancy-verticals', 'Consultancy verticals', 'specialized consultancy verticals'),
('menu-content-administration', 'Content Administration', 'A menu for editing the google analytics and Statcounter for Content Admin'),
('menu-footer-menu', 'Footer Menu1', 'Footer menu1'),
('menu-footer-menu2', 'Footer Menu2', 'Footer menu2'),
('menu-logout', 'logout', ''),
('navigation', 'Navigation', 'The <em>Navigation</em> menu contains links intended for site visitors. Links are added to the <em>Navigation</em> menu automatically by some modules.'),
('user-menu', 'User menu', 'The <em>User</em> menu contains links related to the user\'s account, as well as the \'Log out\' link.');

-- --------------------------------------------------------

--
-- Table structure for table `menu_links`
--

CREATE TABLE `menu_links` (
  `menu_name` varchar(32) NOT NULL DEFAULT '' COMMENT 'The menu name. All links with the same menu name (such as ’navigation’) are part of the same menu.',
  `mlid` int(10) UNSIGNED NOT NULL COMMENT 'The menu link ID (mlid) is the integer primary key.',
  `plid` int(10) UNSIGNED NOT NULL DEFAULT '0' COMMENT 'The parent link ID (plid) is the mlid of the link above in the hierarchy, or zero if the link is at the top level in its menu.',
  `link_path` varchar(255) NOT NULL DEFAULT '' COMMENT 'The Drupal path or external path this link points to.',
  `router_path` varchar(255) NOT NULL DEFAULT '' COMMENT 'For links corresponding to a Drupal path (external = 0), this connects the link to a menu_router.path for joins.',
  `link_title` varchar(255) NOT NULL DEFAULT '' COMMENT 'The text displayed for the link, which may be modified by a title callback stored in menu_router.',
  `options` blob COMMENT 'A serialized array of options to be passed to the url() or l() function, such as a query string or HTML attributes.',
  `module` varchar(255) NOT NULL DEFAULT 'system' COMMENT 'The name of the module that generated this link.',
  `hidden` smallint(6) NOT NULL DEFAULT '0' COMMENT 'A flag for whether the link should be rendered in menus. (1 = a disabled menu item that may be shown on admin screens, -1 = a menu callback, 0 = a normal, visible link)',
  `external` smallint(6) NOT NULL DEFAULT '0' COMMENT 'A flag to indicate if the link points to a full URL starting with a protocol, like http:// (1 = external, 0 = internal).',
  `has_children` smallint(6) NOT NULL DEFAULT '0' COMMENT 'Flag indicating whether any links have this link as a parent (1 = children exist, 0 = no children).',
  `expanded` smallint(6) NOT NULL DEFAULT '0' COMMENT 'Flag for whether this link should be rendered as expanded in menus - expanded links always have their child links displayed, instead of only when the link is in the active trail (1 = expanded, 0 = not expanded)',
  `weight` int(11) NOT NULL DEFAULT '0' COMMENT 'Link weight among links in the same menu at the same depth.',
  `depth` smallint(6) NOT NULL DEFAULT '0' COMMENT 'The depth relative to the top level. A link with plid == 0 will have depth == 1.',
  `customized` smallint(6) NOT NULL DEFAULT '0' COMMENT 'A flag to indicate that the user has manually created or edited the link (1 = customized, 0 = not customized).',
  `p1` int(10) UNSIGNED NOT NULL DEFAULT '0' COMMENT 'The first mlid in the materialized path. If N = depth, then pN must equal the mlid. If depth > 1 then p(N-1) must equal the plid. All pX where X > depth must equal zero. The columns p1 .. p9 are also called the parents.',
  `p2` int(10) UNSIGNED NOT NULL DEFAULT '0' COMMENT 'The second mlid in the materialized path. See p1.',
  `p3` int(10) UNSIGNED NOT NULL DEFAULT '0' COMMENT 'The third mlid in the materialized path. See p1.',
  `p4` int(10) UNSIGNED NOT NULL DEFAULT '0' COMMENT 'The fourth mlid in the materialized path. See p1.',
  `p5` int(10) UNSIGNED NOT NULL DEFAULT '0' COMMENT 'The fifth mlid in the materialized path. See p1.',
  `p6` int(10) UNSIGNED NOT NULL DEFAULT '0' COMMENT 'The sixth mlid in the materialized path. See p1.',
  `p7` int(10) UNSIGNED NOT NULL DEFAULT '0' COMMENT 'The seventh mlid in the materialized path. See p1.',
  `p8` int(10) UNSIGNED NOT NULL DEFAULT '0' COMMENT 'The eighth mlid in the materialized path. See p1.',
  `p9` int(10) UNSIGNED NOT NULL DEFAULT '0' COMMENT 'The ninth mlid in the materialized path. See p1.',
  `updated` smallint(6) NOT NULL DEFAULT '0' COMMENT 'Flag that indicates that this link was generated during the update from Drupal 5.'
) ENGINE=InnoDB DEFAULT CHARSET=utf8 COMMENT='Contains the individual links within a menu.';


INSERT INTO `menu_links` (`menu_name`, `mlid`, `plid`, `link_path`, `router_path`, `link_title`, `options`, `module`, `hidden`, `external`, `has_children`, `expanded`, `weight`, `depth`, `customized`, `p1`, `p2`, `p3`, `p4`, `p5`, `p6`, `p7`, `p8`, `p9`, `updated`) VALUES
('main-menu', 198, 0, '<front>', '', 'Home', 0x613a323a7b733a31303a2261747472696275746573223b613a313a7b733a353a227469746c65223b733a34373a22466f7274756e6550726f7073204f666669636520537061636520666f722072656e7420696e2042616e67616c6f7265223b7d733a353a22616c746572223b623a313b7d, 'menu', 0, 1, 0, 0, -50, 1, 1, 198, 0, 0, 0, 0, 0, 0, 0, 0, 0),
('navigation', 199, 0, 'search', 'search', 'Search', 0x613a313a7b733a353a22616c746572223b623a313b7d, 'system', 1, 0, 0, 0, 0, 1, 0, 199, 0, 0, 0, 0, 0, 0, 0, 0, 0),
('navigation', 200, 199, 'search/node', 'search/node', 'Content', 0x613a313a7b733a353a22616c746572223b623a313b7d, 'system', -1, 0, 0, 0, -10, 2, 0, 199, 200, 0, 0, 0, 0, 0, 0, 0, 0),
('navigation', 201, 199, 'search/user', 'search/user', 'Users', 0x613a313a7b733a353a22616c746572223b623a313b7d, 'system', -1, 0, 0, 0, 0, 2, 0, 199, 201, 0, 0, 0, 0, 0, 0, 0, 0),
('navigation', 202, 6, 'node/add/article', 'node/add/article', 'Article', 0x613a323a7b733a31303a2261747472696275746573223b613a313a7b733a353a227469746c65223b733a38393a22557365203c656d3e61727469636c65733c2f656d3e20666f722074696d652d73656e73697469766520636f6e74656e74206c696b65206e6577732c2070726573732072656c6561736573206f7220626c6f6720706f7374732e223b7d733a353a22616c746572223b623a313b7d, 'system', 0, 0, 0, 0, 0, 2, 0, 6, 202, 0, 0, 0, 0, 0, 0, 0, 0),
('navigation', 203, 6, 'node/add/page', 'node/add/page', 'Basic page', 0x613a323a7b733a31303a2261747472696275746573223b613a313a7b733a353a227469746c65223b733a37373a22557365203c656d3e62617369632070616765733c2f656d3e20666f7220796f75722073746174696320636f6e74656e742c207375636820617320616e202741626f75742075732720706167652e223b7d733a353a22616c746572223b623a313b7d, 'system', 0, 0, 0, 0, 0, 2, 0, 6, 203, 0, 0, 0, 0, 0, 0, 0, 0),
('navigation', 204, 200, 'search/node/%', 'search/node/%', 'Content', 0x613a313a7b733a353a22616c746572223b623a313b7d, 'system', -1, 0, 0, 0, 0, 3, 0, 199, 200, 204, 0, 0, 0, 0, 0, 0, 0),
('navigation', 205, 17, 'user/%/shortcuts', 'user/%/shortcuts', 'Shortcuts', 0x613a313a7b733a353a22616c746572223b623a313b7d, 'system', -1, 0, 0, 0, 0, 2, 0, 17, 205, 0, 0, 0, 0, 0, 0, 0, 0),
('management', 206, 19, 'admin/reports/search', 'admin/reports/search', 'Top search phrases', 0x613a323a7b733a31303a2261747472696275746573223b613a313a7b733a353a227469746c65223b733a33333a2256696577206d6f737420706f70756c61722073656172636820706872617365732e223b7d733a353a22616c746572223b623a313b7d, 'system', 0, 0, 0, 0, 0, 3, 0, 1, 19, 206, 0, 0, 0, 0, 0, 0, 0),
('navigation', 207, 201, 'search/user/%', 'search/user/%', 'Users', 0x613a313a7b733a353a22616c746572223b623a313b7d, 'system', -1, 0, 0, 0, 0, 3, 0, 199, 201, 207, 0, 0, 0, 0, 0, 0, 0),
('management', 208, 12, 'admin/help/number', 'admin/help/number', 'number', 0x613a313a7b733a353a22616c746572223b623a313b7d, 'system', -1, 0, 0, 0, 0, 3, 0, 1, 12, 208, 0, 0, 0, 0, 0, 0, 0),
('management', 210, 12, 'admin/help/path', 'admin/help/path', 'path', 0x613a313a7b733a353a22616c746572223b623a313b7d, 'system', -1, 0, 0, 0, 0, 3, 0, 1, 12, 210, 0, 0, 0, 0, 0, 0, 0),
('management', 211, 12, 'admin/help/rdf', 'admin/help/rdf', 'rdf', 0x613a313a7b733a353a22616c746572223b623a313b7d, 'system', -1, 0, 0, 0, 0, 3, 0, 1, 12, 211, 0, 0, 0, 0, 0, 0, 0),
('management', 212, 12, 'admin/help/search', 'admin/help/search', 'search', 0x613a313a7b733a353a22616c746572223b623a313b7d, 'system', -1, 0, 0, 0, 0, 3, 0, 1, 12, 212, 0, 0, 0, 0, 0, 0, 0),
('management', 213, 12, 'admin/help/shortcut', 'admin/help/shortcut', 'shortcut', 0x613a313a7b733a353a22616c746572223b623a313b7d, 'system', -1, 0, 0, 0, 0, 3, 0, 1, 12, 213, 0, 0, 0, 0, 0, 0, 0),
('management', 214, 12, 'admin/help/toolbar', 'admin/help/toolbar', 'toolbar', 0x613a313a7b733a353a22616c746572223b623a313b7d, 'system', -1, 0, 0, 0, 0, 3, 0, 1, 12, 214, 0, 0, 0, 0, 0, 0, 0),
('management', 215, 53, 'admin/config/search/settings', 'admin/config/search/settings', 'Search settings', 0x613a323a7b733a31303a2261747472696275746573223b613a313a7b733a353a227469746c65223b733a36373a22436f6e6669677572652072656c6576616e63652073657474696e677320666f722073656172636820616e64206f7468657220696e646578696e67206f7074696f6e732e223b7d733a353a22616c746572223b623a313b7d, 'system', 0, 0, 0, 0, -10, 4, 0, 1, 8, 53, 215, 0, 0, 0, 0, 0, 0),
('management', 216, 61, 'admin/config/user-interface/shortcut', 'admin/config/user-interface/shortcut', 'Shortcuts', 0x613a323a7b733a31303a2261747472696275746573223b613a313a7b733a353a227469746c65223b733a32393a2241646420616e64206d6f646966792073686f727463757420736574732e223b7d733a353a22616c746572223b623a313b7d, 'system', 0, 0, 1, 0, 0, 4, 0, 1, 8, 61, 216, 0, 0, 0, 0, 0, 0),
('management', 217, 53, 'admin/config/search/path', 'admin/config/search/path', 'URL aliases', 0x613a323a7b733a31303a2261747472696275746573223b613a313a7b733a353a227469746c65223b733a34363a224368616e676520796f7572207369746527732055524c20706174687320627920616c696173696e67207468656d2e223b7d733a353a22616c746572223b623a313b7d, 'system', 0, 0, 1, 0, -5, 4, 0, 1, 8, 53, 217, 0, 0, 0, 0, 0, 0),
('management', 218, 217, 'admin/config/search/path/add', 'admin/config/search/path/add', 'Add alias', 0x613a313a7b733a353a22616c746572223b623a313b7d, 'system', -1, 0, 0, 0, 0, 5, 0, 1, 8, 53, 217, 218, 0, 0, 0, 0, 0),
('management', 219, 216, 'admin/config/user-interface/shortcut/add-set', 'admin/config/user-interface/shortcut/add-set', 'Add shortcut set', 0x613a313a7b733a353a22616c746572223b623a313b7d, 'system', -1, 0, 0, 0, 0, 5, 0, 1, 8, 61, 216, 219, 0, 0, 0, 0, 0),
('management', 220, 215, 'admin/config/search/settings/reindex', 'admin/config/search/settings/reindex', 'Clear index', 0x613a313a7b733a353a22616c746572223b623a313b7d, 'system', -1, 0, 0, 0, 0, 5, 0, 1, 8, 53, 215, 220, 0, 0, 0, 0, 0),
('management', 221, 216, 'admin/config/user-interface/shortcut/%', 'admin/config/user-interface/shortcut/%', 'Edit shortcuts', 0x613a313a7b733a353a22616c746572223b623a313b7d, 'system', 0, 0, 1, 0, 0, 5, 0, 1, 8, 61, 216, 221, 0, 0, 0, 0, 0),
('management', 222, 217, 'admin/config/search/path/list', 'admin/config/search/path/list', 'List', 0x613a313a7b733a353a22616c746572223b623a313b7d, 'system', -1, 0, 0, 0, -10, 5, 0, 1, 8, 53, 217, 222, 0, 0, 0, 0, 0),
('management', 223, 221, 'admin/config/user-interface/shortcut/%/add-link', 'admin/config/user-interface/shortcut/%/add-link', 'Add shortcut', 0x613a313a7b733a353a22616c746572223b623a313b7d, 'system', -1, 0, 0, 0, 0, 6, 0, 1, 8, 61, 216, 221, 223, 0, 0, 0, 0),
('management', 224, 217, 'admin/config/search/path/delete/%', 'admin/config/search/path/delete/%', 'Delete alias', 0x613a313a7b733a353a22616c746572223b623a313b7d, 'system', 0, 0, 0, 0, 0, 5, 0, 1, 8, 53, 217, 224, 0, 0, 0, 0, 0),
('management', 225, 221, 'admin/config/user-interface/shortcut/%/delete', 'admin/config/user-interface/shortcut/%/delete', 'Delete shortcut set', 0x613a313a7b733a353a22616c746572223b623a313b7d, 'system', 0, 0, 0, 0, 0, 6, 0, 1, 8, 61, 216, 221, 225, 0, 0, 0, 0),
('management', 226, 217, 'admin/config/search/path/edit/%', 'admin/config/search/path/edit/%', 'Edit alias', 0x613a313a7b733a353a22616c746572223b623a313b7d, 'system', 0, 0, 0, 0, 0, 5, 0, 1, 8, 53, 217, 226, 0, 0, 0, 0, 0),
('management', 227, 221, 'admin/config/user-interface/shortcut/%/edit', 'admin/config/user-interface/shortcut/%/edit', 'Edit set name', 0x613a313a7b733a353a22616c746572223b623a313b7d, 'system', -1, 0, 0, 0, 10, 6, 0, 1, 8, 61, 216, 221, 227, 0, 0, 0, 0),
('management', 228, 216, 'admin/config/user-interface/shortcut/link/%', 'admin/config/user-interface/shortcut/link/%', 'Edit shortcut', 0x613a313a7b733a353a22616c746572223b623a313b7d, 'system', 0, 0, 1, 0, 0, 5, 0, 1, 8, 61, 216, 228, 0, 0, 0, 0, 0),
('management', 229, 221, 'admin/config/user-interface/shortcut/%/links', 'admin/config/user-interface/shortcut/%/links', 'List links', 0x613a313a7b733a353a22616c746572223b623a313b7d, 'system', -1, 0, 0, 0, 0, 6, 0, 1, 8, 61, 216, 221, 229, 0, 0, 0, 0),
('management', 230, 228, 'admin/config/user-interface/shortcut/link/%/delete', 'admin/config/user-interface/shortcut/link/%/delete', 'Delete shortcut', 0x613a313a7b733a353a22616c746572223b623a313b7d, 'system', 0, 0, 0, 0, 0, 6, 0, 1, 8, 61, 216, 228, 230, 0, 0, 0, 0),
('main-menu', 307, 0, 'node/2', 'node/%', 'About Us', 0x613a323a7b733a31303a2261747472696275746573223b613a313a7b733a353a227469746c65223b733a31383a2241626f757420466f7274756e6570726f7073223b7d733a353a22616c746572223b623a313b7d, 'menu', 0, 0, 0, 0, -49, 1, 1, 307, 0, 0, 0, 0, 0, 0, 0, 0, 0),
('main-menu', 308, 0, 'node/3', 'node/%', 'Services', 0x613a323a7b733a31303a2261747472696275746573223b613a313a7b733a353a227469746c65223b733a32343a225365727669636573204f6620466f7274756e6570726f7073223b7d733a353a22616c746572223b623a313b7d, 'menu', 0, 0, 0, 0, -48, 1, 1, 308, 0, 0, 0, 0, 0, 0, 0, 0, 0),
('main-menu', 309, 0, 'view-properties', 'view-properties', 'Search Property', 0x613a323a7b733a31303a2261747472696275746573223b613a313a7b733a353a227469746c65223b733a33333a22536561726368204f66666963652053706163657320696e2042616e67616c6f7265223b7d733a353a22616c746572223b623a313b7d, 'menu', 0, 0, 0, 0, -47, 1, 1, 309, 0, 0, 0, 0, 0, 0, 0, 0, 0),
('management', 311, 47, 'admin/structure/menu/manage/menu-consultancy-verticals', 'admin/structure/menu/manage/%', 'Consultancy verticals', 0x613a313a7b733a353a22616c746572223b623a313b7d, 'menu', 0, 0, 0, 0, 0, 4, 0, 1, 21, 47, 311, 0, 0, 0, 0, 0, 0),
('menu-consultancy-verticals', 312, 0, 'node/5', 'node/%', 'Corporate Leasing', 0x613a323a7b733a31303a2261747472696275746573223b613a313a7b733a353a227469746c65223b733a33303a22436f72706f72617465204c656173696e6720696e2042616e67616c6f7265223b7d733a353a22616c746572223b623a313b7d, 'menu', 0, 0, 0, 0, -50, 1, 1, 312, 0, 0, 0, 0, 0, 0, 0, 0, 0),
('menu-consultancy-verticals', 313, 0, 'node/6', 'node/%', 'Retail Leasing', 0x613a323a7b733a31303a2261747472696275746573223b613a313a7b733a353a227469746c65223b733a32373a2252657461696c204c656173696e6720696e2042616e67616c6f7265223b7d733a353a22616c746572223b623a313b7d, 'menu', 0, 0, 0, 0, -49, 1, 1, 313, 0, 0, 0, 0, 0, 0, 0, 0, 0),
('menu-consultancy-verticals', 314, 0, 'node/7', 'node/%', 'Investment Advisory', 0x613a323a7b733a31303a2261747472696275746573223b613a313a7b733a353a227469746c65223b733a33323a22496e766573746d656e742041647669736f727920696e2042616e67616c6f7265223b7d733a353a22616c746572223b623a313b7d, 'menu', 0, 0, 0, 0, -48, 1, 1, 314, 0, 0, 0, 0, 0, 0, 0, 0, 0),
('menu-consultancy-verticals', 315, 0, 'node/8', 'node/%', 'Transaction Management', 0x613a323a7b733a31303a2261747472696275746573223b613a313a7b733a353a227469746c65223b733a33353a225472616e73616374696f6e204d616e6167656d656e7420696e2042616e67616c6f7265223b7d733a353a22616c746572223b623a313b7d, 'menu', 0, 0, 0, 0, -47, 1, 1, 315, 0, 0, 0, 0, 0, 0, 0, 0, 0),
('menu-consultancy-verticals', 316, 0, 'node/9', 'node/%', 'Exclusive Representation', 0x613a323a7b733a31303a2261747472696275746573223b613a313a7b733a353a227469746c65223b733a33373a224578636c757369766520526570726573656e746174696f6e20696e2042616e67616c6f7265223b7d733a353a22616c746572223b623a313b7d, 'menu', 0, 0, 0, 0, -46, 1, 1, 316, 0, 0, 0, 0, 0, 0, 0, 0, 0),
('management', 317, 12, 'admin/help/php', 'admin/help/php', 'php', 0x613a313a7b733a353a22616c746572223b623a313b7d, 'system', -1, 0, 0, 0, 0, 3, 0, 1, 12, 317, 0, 0, 0, 0, 0, 0, 0),
('navigation', 318, 6, 'node/add/press-release', 'node/add/press-release', 'Press Release', 0x613a313a7b733a353a22616c746572223b623a313b7d, 'system', 0, 0, 0, 0, 0, 2, 0, 6, 318, 0, 0, 0, 0, 0, 0, 0, 0),
('navigation', 320, 6, 'node/add/webform', 'node/add/webform', 'Webform', 0x613a323a7b733a31303a2261747472696275746573223b613a313a7b733a353a227469746c65223b733a3133383a224372656174652061206e657720666f726d206f72207175657374696f6e6e616972652061636365737369626c6520746f2075736572732e205375626d697373696f6e20726573756c747320616e64207374617469737469637320617265207265636f7264656420616e642061636365737369626c6520746f2070726976696c656765642075736572732e223b7d733a353a22616c746572223b623a313b7d, 'system', 0, 0, 0, 0, 0, 2, 0, 6, 320, 0, 0, 0, 0, 0, 0, 0, 0),
('management', 340, 21, 'admin/structure/views', 'admin/structure/views', 'Views', 0x613a323a7b733a31303a2261747472696275746573223b613a313a7b733a353a227469746c65223b733a33353a224d616e61676520637573746f6d697a6564206c69737473206f6620636f6e74656e742e223b7d733a353a22616c746572223b623a313b7d, 'system', 0, 0, 1, 0, 0, 3, 0, 1, 21, 340, 0, 0, 0, 0, 0, 0, 0),
('management', 342, 340, 'admin/structure/views/add', 'admin/structure/views/add', 'Add new view', 0x613a313a7b733a353a22616c746572223b623a313b7d, 'system', -1, 0, 0, 0, 0, 4, 0, 1, 21, 340, 342, 0, 0, 0, 0, 0, 0),
('management', 343, 340, 'admin/structure/views/add-template', 'admin/structure/views/add-template', 'Add view from template', 0x613a313a7b733a353a22616c746572223b623a313b7d, 'system', -1, 0, 0, 0, 0, 4, 0, 1, 21, 340, 343, 0, 0, 0, 0, 0, 0),
('management', 344, 340, 'admin/structure/views/import', 'admin/structure/views/import', 'Import', 0x613a313a7b733a353a22616c746572223b623a313b7d, 'system', -1, 0, 0, 0, 0, 4, 0, 1, 21, 340, 344, 0, 0, 0, 0, 0, 0),
('management', 345, 340, 'admin/structure/views/list', 'admin/structure/views/list', 'List', 0x613a313a7b733a353a22616c746572223b623a313b7d, 'system', -1, 0, 0, 0, -10, 4, 0, 1, 21, 340, 345, 0, 0, 0, 0, 0, 0),
('management', 346, 340, 'admin/structure/views/settings', 'admin/structure/views/settings', 'Settings', 0x613a313a7b733a353a22616c746572223b623a313b7d, 'system', -1, 0, 0, 0, 0, 4, 0, 1, 21, 340, 346, 0, 0, 0, 0, 0, 0),
('management', 347, 346, 'admin/structure/views/settings/advanced', 'admin/structure/views/settings/advanced', 'Advanced', 0x613a313a7b733a353a22616c746572223b623a313b7d, 'system', -1, 0, 0, 0, 1, 5, 0, 1, 21, 340, 346, 347, 0, 0, 0, 0, 0),
('management', 348, 346, 'admin/structure/views/settings/basic', 'admin/structure/views/settings/basic', 'Basic', 0x613a313a7b733a353a22616c746572223b623a313b7d, 'system', -1, 0, 0, 0, 0, 5, 0, 1, 21, 340, 346, 348, 0, 0, 0, 0, 0),
('management', 349, 340, 'admin/structure/views/view/%', 'admin/structure/views/view/%', '', 0x613a313a7b733a353a22616c746572223b623a313b7d, 'system', 0, 0, 0, 0, 0, 4, 0, 1, 21, 340, 349, 0, 0, 0, 0, 0, 0),
('management', 350, 349, 'admin/structure/views/view/%/break-lock', 'admin/structure/views/view/%/break-lock', 'Break lock', 0x613a313a7b733a353a22616c746572223b623a313b7d, 'system', -1, 0, 0, 0, 0, 5, 0, 1, 21, 340, 349, 350, 0, 0, 0, 0, 0),
('management', 351, 349, 'admin/structure/views/view/%/edit', 'admin/structure/views/view/%/edit', 'Edit view', 0x613a313a7b733a353a22616c746572223b623a313b7d, 'system', -1, 0, 0, 0, -10, 5, 0, 1, 21, 340, 349, 351, 0, 0, 0, 0, 0),
('management', 352, 349, 'admin/structure/views/view/%/clone', 'admin/structure/views/view/%/clone', 'Clone', 0x613a313a7b733a353a22616c746572223b623a313b7d, 'system', -1, 0, 0, 0, 0, 5, 0, 1, 21, 340, 349, 352, 0, 0, 0, 0, 0),
('management', 353, 349, 'admin/structure/views/view/%/delete', 'admin/structure/views/view/%/delete', 'Delete', 0x613a313a7b733a353a22616c746572223b623a313b7d, 'system', -1, 0, 0, 0, 0, 5, 0, 1, 21, 340, 349, 353, 0, 0, 0, 0, 0),
('management', 354, 349, 'admin/structure/views/view/%/export', 'admin/structure/views/view/%/export', 'Export', 0x613a313a7b733a353a22616c746572223b623a313b7d, 'system', -1, 0, 0, 0, 0, 5, 0, 1, 21, 340, 349, 354, 0, 0, 0, 0, 0),
('management', 355, 349, 'admin/structure/views/view/%/revert', 'admin/structure/views/view/%/revert', 'Revert', 0x613a313a7b733a353a22616c746572223b623a313b7d, 'system', -1, 0, 0, 0, 0, 5, 0, 1, 21, 340, 349, 355, 0, 0, 0, 0, 0),
('management', 356, 340, 'admin/structure/views/nojs/preview/%/%', 'admin/structure/views/nojs/preview/%/%', '', 0x613a313a7b733a353a22616c746572223b623a313b7d, 'system', 0, 0, 0, 0, 0, 4, 0, 1, 21, 340, 356, 0, 0, 0, 0, 0, 0),
('management', 357, 349, 'admin/structure/views/view/%/preview/%', 'admin/structure/views/view/%/preview/%', '', 0x613a313a7b733a353a22616c746572223b623a313b7d, 'system', -1, 0, 0, 0, 0, 5, 0, 1, 21, 340, 349, 357, 0, 0, 0, 0, 0),
('management', 358, 340, 'admin/structure/views/ajax/preview/%/%', 'admin/structure/views/ajax/preview/%/%', '', 0x613a313a7b733a353a22616c746572223b623a313b7d, 'system', 0, 0, 0, 0, 0, 4, 0, 1, 21, 340, 358, 0, 0, 0, 0, 0, 0),
('shortcut-set-1', 385, 0, 'admin/config/development/performance', 'admin/config/development/performance', 'Performance', 0x613a313a7b733a353a22616c746572223b623a313b7d, 'menu', 0, 0, 0, 0, -48, 1, 0, 385, 0, 0, 0, 0, 0, 0, 0, 0, 0),
('shortcut-set-1', 386, 0, 'admin/structure/block', 'admin/structure/block', 'Blocks', 0x613a313a7b733a353a22616c746572223b623a313b7d, 'menu', 0, 0, 0, 0, -47, 1, 0, 386, 0, 0, 0, 0, 0, 0, 0, 0, 0),
('navigation', 569, 5, 'node/%/webform-results', 'node/%/webform-results', 'Results', 0x613a313a7b733a353a22616c746572223b623a313b7d, 'system', -1, 0, 0, 0, 2, 2, 0, 5, 569, 0, 0, 0, 0, 0, 0, 0, 0),
('navigation', 570, 5, 'node/%/webform', 'node/%/webform', 'Webform', 0x613a313a7b733a353a22616c746572223b623a313b7d, 'system', -1, 0, 0, 0, 1, 2, 0, 5, 570, 0, 0, 0, 0, 0, 0, 0, 0),
('management', 571, 9, 'admin/content/webform', 'admin/content/webform', 'Webforms', 0x613a323a7b733a31303a2261747472696275746573223b613a313a7b733a353a227469746c65223b733a35343a225669657720616e64206564697420616c6c2074686520617661696c61626c6520776562666f726d73206f6e20796f757220736974652e223b7d733a353a22616c746572223b623a313b7d, 'system', -1, 0, 0, 0, 0, 3, 0, 1, 9, 571, 0, 0, 0, 0, 0, 0, 0),
('management', 574, 12, 'admin/help/webform', 'admin/help/webform', 'webform', 0x613a313a7b733a353a22616c746572223b623a313b7d, 'system', -1, 0, 0, 0, 0, 3, 0, 1, 12, 574, 0, 0, 0, 0, 0, 0, 0),
('navigation', 575, 569, 'node/%/webform-results/analysis', 'node/%/webform-results/analysis', 'Analysis', 0x613a313a7b733a353a22616c746572223b623a313b7d, 'system', -1, 0, 0, 0, 5, 3, 0, 5, 569, 575, 0, 0, 0, 0, 0, 0, 0),
('navigation', 577, 569, 'node/%/webform-results/clear', 'node/%/webform-results/clear', 'Clear', 0x613a313a7b733a353a22616c746572223b623a313b7d, 'system', -1, 0, 0, 0, 8, 3, 0, 5, 569, 577, 0, 0, 0, 0, 0, 0, 0),
('navigation', 578, 569, 'node/%/webform-results/download', 'node/%/webform-results/download', 'Download', 0x613a313a7b733a353a22616c746572223b623a313b7d, 'system', -1, 0, 0, 0, 7, 3, 0, 5, 569, 578, 0, 0, 0, 0, 0, 0, 0),
('navigation', 579, 570, 'node/%/webform/emails', 'node/%/webform/emails', 'E-mails', 0x613a313a7b733a353a22616c746572223b623a313b7d, 'system', -1, 0, 0, 0, 1, 3, 0, 5, 570, 579, 0, 0, 0, 0, 0, 0, 0),
('navigation', 580, 570, 'node/%/webform/components', 'node/%/webform/components', 'Form components', 0x613a313a7b733a353a22616c746572223b623a313b7d, 'system', -1, 0, 0, 0, 0, 3, 0, 5, 570, 580, 0, 0, 0, 0, 0, 0, 0),
('navigation', 581, 570, 'node/%/webform/configure', 'node/%/webform/configure', 'Form settings', 0x613a313a7b733a353a22616c746572223b623a313b7d, 'system', -1, 0, 0, 0, 2, 3, 0, 5, 570, 581, 0, 0, 0, 0, 0, 0, 0),
('navigation', 582, 569, 'node/%/webform-results/submissions', 'node/%/webform-results/submissions', 'Submissions', 0x613a313a7b733a353a22616c746572223b623a313b7d, 'system', -1, 0, 0, 0, 4, 3, 0, 5, 569, 582, 0, 0, 0, 0, 0, 0, 0),
('navigation', 583, 569, 'node/%/webform-results/table', 'node/%/webform-results/table', 'Table', 0x613a313a7b733a353a22616c746572223b623a313b7d, 'system', -1, 0, 0, 0, 6, 3, 0, 5, 569, 583, 0, 0, 0, 0, 0, 0, 0),
('management', 584, 35, 'admin/config/content/webform', 'admin/config/content/webform', 'Webform settings', 0x613a323a7b733a31303a2261747472696275746573223b613a313a7b733a353a227469746c65223b733a34363a22476c6f62616c20636f6e66696775726174696f6e206f6620776562666f726d2066756e6374696f6e616c6974792e223b7d733a353a22616c746572223b623a313b7d, 'system', 0, 0, 0, 0, 0, 4, 0, 1, 8, 35, 584, 0, 0, 0, 0, 0, 0),
('navigation', 587, 5, 'node/%/submission/%/delete', 'node/%/submission/%/delete', 'Delete', 0x613a313a7b733a353a22616c746572223b623a313b7d, 'system', -1, 0, 0, 0, 2, 2, 0, 5, 587, 0, 0, 0, 0, 0, 0, 0, 0),
('navigation', 588, 5, 'node/%/submission/%/edit', 'node/%/submission/%/edit', 'Edit', 0x613a313a7b733a353a22616c746572223b623a313b7d, 'system', -1, 0, 0, 0, 1, 2, 0, 5, 588, 0, 0, 0, 0, 0, 0, 0, 0),
('navigation', 589, 5, 'node/%/submission/%/view', 'node/%/submission/%/view', 'View', 0x613a313a7b733a353a22616c746572223b623a313b7d, 'system', -1, 0, 0, 0, 0, 2, 0, 5, 589, 0, 0, 0, 0, 0, 0, 0, 0),
('navigation', 590, 580, 'node/%/webform/components/%', 'node/%/webform/components/%', '', 0x613a313a7b733a353a22616c746572223b623a313b7d, 'system', -1, 0, 0, 0, 0, 4, 0, 5, 570, 580, 590, 0, 0, 0, 0, 0, 0),
('navigation', 593, 590, 'node/%/webform/components/%/delete', 'node/%/webform/components/%/delete', '', 0x613a313a7b733a353a22616c746572223b623a313b7d, 'system', -1, 0, 0, 0, 0, 5, 0, 5, 570, 580, 590, 593, 0, 0, 0, 0, 0),
('navigation', 594, 590, 'node/%/webform/components/%/clone', 'node/%/webform/components/%/clone', '', 0x613a313a7b733a353a22616c746572223b623a313b7d, 'system', -1, 0, 0, 0, 0, 5, 0, 5, 570, 580, 590, 594, 0, 0, 0, 0, 0),
('navigation', 602, 6, 'node/add/testimonial', 'node/add/testimonial', 'Testimonial', 0x613a313a7b733a31303a2261747472696275746573223b613a313a7b733a353a227469746c65223b733a34323a22207772697474656e206f722073706f6b656e2073746174656d656e742066726f6d206120706572736f6e223b7d7d, 'system', 1, 0, 0, 0, 0, 2, 1, 6, 602, 0, 0, 0, 0, 0, 0, 0, 0),
('navigation', 651, 0, 'sitemap', 'sitemap', '', 0x613a323a7b733a31303a2261747472696275746573223b613a313a7b733a353a227469746c65223b733a33343a22446973706c617920612073697465206d61702077697468205253532066656564732e223b7d733a353a22616c746572223b623a313b7d, 'system', 1, 0, 0, 0, 0, 1, 0, 651, 0, 0, 0, 0, 0, 0, 0, 0, 0),
('management', 652, 12, 'admin/help/pathauto', 'admin/help/pathauto', 'pathauto', 0x613a313a7b733a353a22616c746572223b623a313b7d, 'system', -1, 0, 0, 0, 0, 3, 0, 1, 12, 652, 0, 0, 0, 0, 0, 0, 0),
('management', 653, 12, 'admin/help/token', 'admin/help/token', 'token', 0x613a313a7b733a353a22616c746572223b623a313b7d, 'system', -1, 0, 0, 0, 0, 3, 0, 1, 12, 653, 0, 0, 0, 0, 0, 0, 0),
('navigation', 655, 570, 'node/%/webform/validation', 'node/%/webform/validation', 'Form validation', 0x613a313a7b733a353a22616c746572223b623a313b7d, 'system', -1, 0, 0, 0, 3, 3, 0, 5, 570, 655, 0, 0, 0, 0, 0, 0, 0),
('management', 656, 53, 'admin/config/search/sitemap', 'admin/config/search/sitemap', 'Site map', 0x613a323a7b733a31303a2261747472696275746573223b613a313a7b733a353a227469746c65223b733a34393a22436f6e74726f6c20776861742073686f756c6420626520646973706c61796564206f6e207468652073697465206d61702e223b7d733a353a22616c746572223b623a313b7d, 'system', 0, 0, 0, 0, 0, 4, 0, 1, 8, 53, 656, 0, 0, 0, 0, 0, 0),
('management', 658, 217, 'admin/config/search/path/update_bulk', 'admin/config/search/path/update_bulk', 'Bulk generate', 0x613a313a7b733a353a22616c746572223b623a313b7d, 'system', -1, 0, 0, 0, 30, 5, 0, 1, 8, 53, 217, 658, 0, 0, 0, 0, 0),
('management', 659, 217, 'admin/config/search/path/delete_bulk', 'admin/config/search/path/delete_bulk', 'Delete aliases', 0x613a313a7b733a353a22616c746572223b623a313b7d, 'system', -1, 0, 0, 0, 40, 5, 0, 1, 8, 53, 217, 659, 0, 0, 0, 0, 0),
('management', 660, 217, 'admin/config/search/path/settings', 'admin/config/search/path/settings', 'Settings', 0x613a313a7b733a353a22616c746572223b623a313b7d, 'system', -1, 0, 0, 0, 20, 5, 0, 1, 8, 53, 217, 660, 0, 0, 0, 0, 0),
('management', 662, 217, 'admin/config/search/path/patterns', 'admin/config/search/path/patterns', 'Patterns', 0x613a313a7b733a353a22616c746572223b623a313b7d, 'system', -1, 0, 0, 0, 10, 5, 0, 1, 8, 53, 217, 662, 0, 0, 0, 0, 0),
('management', 698, 134, 'admin/structure/block/list/bartik/add', 'admin/structure/block/list/bartik/add', 'Add block', 0x613a313a7b733a353a22616c746572223b623a313b7d, 'system', -1, 0, 0, 0, 0, 5, 0, 1, 21, 30, 134, 698, 0, 0, 0, 0, 0),
('shortcut-set-1', 702, 0, 'admin/structure/views', 'admin/structure/views', 'Views', 0x613a313a7b733a353a22616c746572223b623a313b7d, 'menu', 0, 0, 0, 0, -46, 1, 0, 702, 0, 0, 0, 0, 0, 0, 0, 0, 0),
('navigation', 703, 6, 'node/add/property', 'node/add/property', 'Property', 0x613a313a7b733a353a22616c746572223b623a313b7d, 'system', 0, 0, 0, 0, 0, 2, 0, 6, 703, 0, 0, 0, 0, 0, 0, 0, 0),
('navigation', 756, 6, 'node/add/date', 'node/add/date', 'Date', 0x613a323a7b733a31303a2261747472696275746573223b613a313a7b733a353a227469746c65223b733a35353a2241206461746520636f6e74656e7420747970652074686174206973206c696e6b656420746f20612056696577732063616c656e6461722e223b7d733a353a22616c746572223b623a313b7d, 'system', 0, 0, 0, 0, 0, 2, 0, 6, 756, 0, 0, 0, 0, 0, 0, 0, 0),
('main-menu', 765, 0, 'testimonial', 'testimonial', 'Testimonials', 0x613a323a7b733a31303a2261747472696275746573223b613a313a7b733a353a227469746c65223b733a303a22223b7d733a353a22616c746572223b623a313b7d, 'menu', 0, 0, 0, 0, -40, 1, 1, 765, 0, 0, 0, 0, 0, 0, 0, 0, 0),
('main-menu', 766, 0, 'user-list', 'user-list', 'Users', 0x613a323a7b733a353a22616c746572223b623a313b733a31303a2261747472696275746573223b613a313a7b733a353a227469746c65223b733a303a22223b7d7d, 'system', 0, 0, 1, 0, -39, 1, 1, 766, 0, 0, 0, 0, 0, 0, 0, 0, 0),
('navigation', 767, 0, 'testimonial', 'testimonial', '', 0x613a303a7b7d, 'system', -1, 0, 0, 0, 0, 1, 0, 767, 0, 0, 0, 0, 0, 0, 0, 0, 0),
('main-menu', 813, 0, 'manage-properties', 'manage-properties', 'Manage Property', 0x613a323a7b733a353a22616c746572223b623a313b733a31303a2261747472696275746573223b613a313a7b733a353a227469746c65223b733a31373a225365617263682050726f70657274696573223b7d7d, 'system', 0, 0, 1, 0, -43, 1, 1, 813, 0, 0, 0, 0, 0, 0, 0, 0, 0),
('management', 814, 12, 'admin/help/date', 'admin/help/date', 'date', 0x613a313a7b733a353a22616c746572223b623a313b7d, 'system', -1, 0, 0, 0, 0, 3, 0, 1, 12, 814, 0, 0, 0, 0, 0, 0, 0),
('navigation', 822, 6, 'node/add/zones', 'node/add/zones', 'Zones', 0x613a323a7b733a31303a2261747472696275746573223b613a313a7b733a353a227469746c65223b733a31333a227a6f6e65732064657461696c73223b7d733a353a22616c746572223b623a313b7d, 'system', 0, 0, 0, 0, 0, 2, 0, 6, 822, 0, 0, 0, 0, 0, 0, 0, 0),
('navigation', 823, 6, 'node/add/locality', 'node/add/locality', 'Locality', 0x613a323a7b733a31303a2261747472696275746573223b613a313a7b733a353a227469746c65223b733a32373a224c6f63616c6974696573206e616d6520616e642064657461696c73223b7d733a353a22616c746572223b623a313b7d, 'system', 0, 0, 0, 0, 0, 2, 0, 6, 823, 0, 0, 0, 0, 0, 0, 0, 0),
('main-menu', 824, 0, 'zones', 'zones', 'Zones', 0x613a323a7b733a353a22616c746572223b623a313b733a31303a2261747472696275746573223b613a313a7b733a353a227469746c65223b733a303a22223b7d7d, 'system', 0, 0, 1, 0, -41, 1, 1, 824, 0, 0, 0, 0, 0, 0, 0, 0, 0),
('main-menu', 825, 824, 'locality-list', 'locality-list', 'Localities', 0x613a323a7b733a353a22616c746572223b623a313b733a31303a2261747472696275746573223b613a313a7b733a353a227469746c65223b733a303a22223b7d7d, 'system', 0, 0, 0, 0, -50, 2, 1, 824, 825, 0, 0, 0, 0, 0, 0, 0, 0),
('main-menu', 831, 813, 'property-type', 'property-type', 'Property Type', 0x613a323a7b733a353a22616c746572223b623a313b733a31303a2261747472696275746573223b613a313a7b733a353a227469746c65223b733a303a22223b7d7d, 'system', 0, 0, 0, 0, -49, 2, 1, 813, 831, 0, 0, 0, 0, 0, 0, 0, 0),
('main-menu', 832, 813, 'node/add/property', 'node/add/property', 'Post Properties', 0x613a323a7b733a31303a2261747472696275746573223b613a313a7b733a353a227469746c65223b733a303a22223b7d733a353a22616c746572223b623a313b7d, 'menu', 0, 0, 0, 0, -50, 2, 1, 813, 832, 0, 0, 0, 0, 0, 0, 0, 0),
('management', 852, 56, 'admin/config/system/termstatus', 'admin/config/system/termstatus', 'Taxonomy Term Status', 0x613a323a7b733a31303a2261747472696275746573223b613a313a7b733a353a227469746c65223b733a34383a22436f6e74726f6c20616e642072656275696c64207461786f6e6f6d79207465726d20737461747573207265636f726473223b7d733a353a22616c746572223b623a313b7d, 'system', 0, 0, 0, 0, 0, 4, 0, 1, 8, 56, 852, 0, 0, 0, 0, 0, 0),
('main-menu', 855, 766, 'user-groups', 'user-groups', 'User Groups', 0x613a323a7b733a31303a2261747472696275746573223b613a313a7b733a353a227469746c65223b733a303a22223b7d733a353a22616c746572223b623a313b7d, 'menu', 0, 0, 0, 0, -50, 2, 1, 766, 855, 0, 0, 0, 0, 0, 0, 0, 0),
('main-menu', 889, 766, 'user/me/edit', 'user/%/edit', 'My Profile', 0x613a323a7b733a31303a2261747472696275746573223b613a313a7b733a353a227469746c65223b733a303a22223b7d733a353a22616c746572223b623a313b7d, 'menu', 0, 0, 0, 0, -49, 2, 1, 766, 889, 0, 0, 0, 0, 0, 0, 0, 0),
('main-menu', 890, 0, 'enquiries', 'enquiries', 'Enquiries', 0x613a323a7b733a353a22616c746572223b623a313b733a31303a2261747472696275746573223b613a313a7b733a353a227469746c65223b733a303a22223b7d7d, 'system', 0, 0, 0, 0, -42, 1, 1, 890, 0, 0, 0, 0, 0, 0, 0, 0, 0),
('management', 893, 21, 'admin/structure/pages', 'admin/structure/pages', 'Pages', 0x613a323a7b733a31303a2261747472696275746573223b613a313a7b733a353a227469746c65223b733a38343a224164642c206564697420616e642072656d6f7665206f76657272696464656e2073797374656d20706167657320616e64207573657220646566696e65642070616765732066726f6d207468652073797374656d2e223b7d733a353a22616c746572223b623a313b7d, 'system', 0, 0, 1, 0, 0, 3, 0, 1, 21, 893, 0, 0, 0, 0, 0, 0, 0),
('management', 899, 893, 'admin/structure/pages/add', 'admin/structure/pages/add', 'Add custom page', 0x613a313a7b733a353a22616c746572223b623a313b7d, 'system', -1, 0, 0, 0, 0, 4, 0, 1, 21, 893, 899, 0, 0, 0, 0, 0, 0),
('management', 902, 893, 'admin/structure/pages/import', 'admin/structure/pages/import', 'Import page', 0x613a313a7b733a353a22616c746572223b623a313b7d, 'system', -1, 0, 0, 0, 0, 4, 0, 1, 21, 893, 902, 0, 0, 0, 0, 0, 0),
('management', 905, 893, 'admin/structure/pages/list', 'admin/structure/pages/list', 'List', 0x613a313a7b733a353a22616c746572223b623a313b7d, 'system', -1, 0, 0, 0, -10, 4, 0, 1, 21, 893, 905, 0, 0, 0, 0, 0, 0),
('management', 908, 893, 'admin/structure/pages/wizard', 'admin/structure/pages/wizard', 'Wizards', 0x613a313a7b733a353a22616c746572223b623a313b7d, 'system', -1, 0, 0, 0, -5, 4, 0, 1, 21, 893, 908, 0, 0, 0, 0, 0, 0),
('management', 910, 893, 'admin/structure/pages/edit/%', 'admin/structure/pages/edit/%', 'Edit', 0x613a313a7b733a353a22616c746572223b623a313b7d, 'system', 0, 0, 0, 0, 0, 4, 0, 1, 21, 893, 910, 0, 0, 0, 0, 0, 0),
('management', 917, 893, 'admin/structure/pages/%/operation/%', 'admin/structure/pages/%/operation/%', '', 0x613a313a7b733a353a22616c746572223b623a313b7d, 'system', 0, 0, 0, 0, 0, 4, 0, 1, 21, 893, 917, 0, 0, 0, 0, 0, 0),
('management', 923, 21, 'admin/structure/mini-panels', 'admin/structure/mini-panels', 'Mini panels', 0x613a323a7b733a31303a2261747472696275746573223b613a313a7b733a353a227469746c65223b733a39343a224164642c2065646974206f722064656c657465206d696e692070616e656c732c2077686963682063616e206265207573656420617320626c6f636b73206f7220636f6e74656e742070616e657320696e206f746865722070616e656c732e223b7d733a353a22616c746572223b623a313b7d, 'system', 0, 0, 0, 0, 0, 3, 0, 1, 21, 923, 0, 0, 0, 0, 0, 0, 0),
('navigation', 924, 6, 'node/add/panel', 'node/add/panel', 'Panel', 0x613a323a7b733a31303a2261747472696275746573223b613a313a7b733a353a227469746c65223b733a34373a22412070616e656c206c61796f75742062726f6b656e20757020696e746f20726f777320616e6420636f6c756d6e732e223b7d733a353a22616c746572223b623a313b7d, 'system', 0, 0, 0, 0, 0, 2, 0, 6, 924, 0, 0, 0, 0, 0, 0, 0, 0),
('navigation', 925, 5, 'node/%/panel_content', 'node/%/panel_content', 'Panel content', 0x613a313a7b733a353a22616c746572223b623a313b7d, 'system', -1, 0, 0, 0, 3, 2, 0, 5, 925, 0, 0, 0, 0, 0, 0, 0, 0),
('navigation', 926, 5, 'node/%/panel_layout', 'node/%/panel_layout', 'Panel layout', 0x613a313a7b733a353a22616c746572223b623a313b7d, 'system', -1, 0, 0, 0, 2, 2, 0, 5, 926, 0, 0, 0, 0, 0, 0, 0, 0),
('management', 927, 21, 'admin/structure/panels', 'admin/structure/panels', 'Panels', 0x613a323a7b733a31303a2261747472696275746573223b613a313a7b733a353a227469746c65223b733a34393a22476574206120626972642773206579652076696577206f66206974656d732072656c6174656420746f2050616e656c732e223b7d733a353a22616c746572223b623a313b7d, 'system', 0, 0, 0, 0, 0, 3, 0, 1, 21, 927, 0, 0, 0, 0, 0, 0, 0),
('management', 928, 923, 'admin/structure/mini-panels/add', 'admin/structure/mini-panels/add', 'Add', 0x613a313a7b733a353a22616c746572223b623a313b7d, 'system', -1, 0, 0, 0, 0, 4, 0, 1, 21, 923, 928, 0, 0, 0, 0, 0, 0),
('management', 929, 927, 'admin/structure/panels/dashboard', 'admin/structure/panels/dashboard', 'Dashboard', 0x613a313a7b733a353a22616c746572223b623a313b7d, 'system', -1, 0, 0, 0, -10, 4, 0, 1, 21, 927, 929, 0, 0, 0, 0, 0, 0),
('management', 930, 923, 'admin/structure/mini-panels/import', 'admin/structure/mini-panels/import', 'Import', 0x613a313a7b733a353a22616c746572223b623a313b7d, 'system', -1, 0, 0, 0, 0, 4, 0, 1, 21, 923, 930, 0, 0, 0, 0, 0, 0),
('management', 931, 923, 'admin/structure/mini-panels/list', 'admin/structure/mini-panels/list', 'List', 0x613a313a7b733a353a22616c746572223b623a313b7d, 'system', -1, 0, 0, 0, -10, 4, 0, 1, 21, 923, 931, 0, 0, 0, 0, 0, 0),
('management', 932, 927, 'admin/structure/panels/settings', 'admin/structure/panels/settings', 'Settings', 0x613a313a7b733a353a22616c746572223b623a313b7d, 'system', -1, 0, 0, 0, 0, 4, 0, 1, 21, 927, 932, 0, 0, 0, 0, 0, 0),
('management', 933, 923, 'admin/structure/mini-panels/settings', 'admin/structure/mini-panels/settings', 'Settings', 0x613a313a7b733a353a22616c746572223b623a313b7d, 'system', -1, 0, 0, 0, 0, 4, 0, 1, 21, 923, 933, 0, 0, 0, 0, 0, 0),
('management', 934, 932, 'admin/structure/panels/settings/general', 'admin/structure/panels/settings/general', 'General', 0x613a313a7b733a353a22616c746572223b623a313b7d, 'system', -1, 0, 0, 0, -10, 5, 0, 1, 21, 927, 932, 934, 0, 0, 0, 0, 0),
('management', 935, 932, 'admin/structure/panels/settings/panels-mini', 'admin/structure/panels/settings/panels-mini', 'Mini panels', 0x613a313a7b733a353a22616c746572223b623a313b7d, 'system', -1, 0, 0, 0, 0, 5, 0, 1, 21, 927, 932, 935, 0, 0, 0, 0, 0),
('management', 936, 932, 'admin/structure/panels/settings/panel-node', 'admin/structure/panels/settings/panel-node', 'Panel nodes', 0x613a323a7b733a31303a2261747472696275746573223b613a313a7b733a353a227469746c65223b733a36373a22436f6e66696775726520776869636820636f6e74656e7420697320617661696c61626c6520746f2061646420746f2070616e656c206e6f646520646973706c6179732e223b7d733a353a22616c746572223b623a313b7d, 'system', -1, 0, 0, 0, 0, 5, 0, 1, 21, 927, 932, 936, 0, 0, 0, 0, 0),
('management', 937, 932, 'admin/structure/panels/settings/panel-page', 'admin/structure/panels/settings/panel-page', 'Panel pages', 0x613a313a7b733a353a22616c746572223b623a313b7d, 'system', -1, 0, 0, 0, -10, 5, 0, 1, 21, 927, 932, 937, 0, 0, 0, 0, 0),
('management', 938, 931, 'admin/structure/mini-panels/list/%/edit', 'admin/structure/mini-panels/list/%/edit', 'Edit', 0x613a313a7b733a353a22616c746572223b623a313b7d, 'system', -1, 0, 0, 0, -10, 5, 0, 1, 21, 923, 931, 938, 0, 0, 0, 0, 0),
('management', 939, 931, 'admin/structure/mini-panels/list/%/export', 'admin/structure/mini-panels/list/%/export', 'Export', 0x613a313a7b733a353a22616c746572223b623a313b7d, 'system', -1, 0, 0, 0, 0, 5, 0, 1, 21, 923, 931, 939, 0, 0, 0, 0, 0),
('main-menu', 946, 0, 'admin/dashboard', 'admin/dashboard', 'DashBoard', 0x613a323a7b733a31303a2261747472696275746573223b613a313a7b733a353a227469746c65223b733a303a22223b7d733a353a22616c746572223b623a313b7d, 'menu', 0, 0, 0, 0, -46, 1, 1, 946, 0, 0, 0, 0, 0, 0, 0, 0, 0),
('management', 950, 12, 'admin/help/termstatus', 'admin/help/termstatus', 'termstatus', 0x613a313a7b733a353a22616c746572223b623a313b7d, 'system', -1, 0, 0, 0, 0, 3, 0, 1, 12, 950, 0, 0, 0, 0, 0, 0, 0),
('management', 1056, 53, 'admin/config/search/xmlsitemap', 'admin/config/search/xmlsitemap', 'XML sitemap', 0x613a323a7b733a31303a2261747472696275746573223b613a313a7b733a353a227469746c65223b733a39323a22436f6e66696775726520796f75722073697465277320584d4c20736974656d61707320746f2068656c702073656172636820656e67696e65732066696e6420616e6420696e646578207061676573206f6e20796f757220736974652e223b7d733a353a22616c746572223b623a313b7d, 'system', 0, 0, 1, 0, 0, 4, 0, 1, 8, 53, 1056, 0, 0, 0, 0, 0, 0),
('management', 1057, 1056, 'admin/config/search/xmlsitemap/custom', 'admin/config/search/xmlsitemap/custom', 'Custom links', 0x613a313a7b733a353a22616c746572223b623a313b7d, 'system', -1, 0, 1, 0, 0, 5, 0, 1, 8, 53, 1056, 1057, 0, 0, 0, 0, 0),
('management', 1058, 1056, 'admin/config/search/xmlsitemap/list', 'admin/config/search/xmlsitemap/list', 'List', 0x613a313a7b733a353a22616c746572223b623a313b7d, 'system', -1, 0, 0, 0, -10, 5, 0, 1, 8, 53, 1056, 1058, 0, 0, 0, 0, 0),
('management', 1059, 1056, 'admin/config/search/xmlsitemap/rebuild', 'admin/config/search/xmlsitemap/rebuild', 'Rebuild links', 0x613a323a7b733a31303a2261747472696275746573223b613a313a7b733a353a227469746c65223b733a32313a2252656275696c64207468652073697465206d61702e223b7d733a353a22616c746572223b623a313b7d, 'system', -1, 0, 0, 0, 20, 5, 0, 1, 8, 53, 1056, 1059, 0, 0, 0, 0, 0),
('management', 1060, 1056, 'admin/config/search/xmlsitemap/engines', 'admin/config/search/xmlsitemap/engines', 'Search Engines', 0x613a313a7b733a353a22616c746572223b623a313b7d, 'system', -1, 0, 0, 0, 0, 5, 0, 1, 8, 53, 1056, 1060, 0, 0, 0, 0, 0),
('management', 1061, 1056, 'admin/config/search/xmlsitemap/settings', 'admin/config/search/xmlsitemap/settings', 'Settings', 0x613a313a7b733a353a22616c746572223b623a313b7d, 'system', -1, 0, 1, 0, 10, 5, 0, 1, 8, 53, 1056, 1061, 0, 0, 0, 0, 0),
('management', 1062, 1056, 'admin/config/search/xmlsitemap/add', 'admin/config/search/xmlsitemap/add', 'Add new XML sitemap', 0x613a323a7b733a353a226d6f64616c223b623a313b733a353a22616c746572223b623a313b7d, 'system', -1, 0, 0, 0, 0, 5, 0, 1, 8, 53, 1056, 1062, 0, 0, 0, 0, 0),
('management', 1063, 1057, 'admin/config/search/xmlsitemap/custom/add', 'admin/config/search/xmlsitemap/custom/add', 'Add custom link', 0x613a313a7b733a353a22616c746572223b623a313b7d, 'system', -1, 0, 0, 0, 0, 6, 0, 1, 8, 53, 1056, 1057, 1063, 0, 0, 0, 0),
('management', 1064, 1056, 'admin/config/search/xmlsitemap/delete/%', 'admin/config/search/xmlsitemap/delete/%', 'Delete XML sitemap', 0x613a313a7b733a353a22616c746572223b623a313b7d, 'system', 0, 0, 0, 0, 0, 5, 0, 1, 8, 53, 1056, 1064, 0, 0, 0, 0, 0),
('management', 1065, 1056, 'admin/config/search/xmlsitemap/edit/%', 'admin/config/search/xmlsitemap/edit/%', 'Edit XML sitemap', 0x613a313a7b733a353a22616c746572223b623a313b7d, 'system', 0, 0, 0, 0, 0, 5, 0, 1, 8, 53, 1056, 1065, 0, 0, 0, 0, 0),
('management', 1066, 1057, 'admin/config/search/xmlsitemap/custom/delete/%', 'admin/config/search/xmlsitemap/custom/delete/%', 'Delete custom link', 0x613a313a7b733a353a22616c746572223b623a313b7d, 'system', 0, 0, 0, 0, 0, 6, 0, 1, 8, 53, 1056, 1057, 1066, 0, 0, 0, 0),
('management', 1067, 1057, 'admin/config/search/xmlsitemap/custom/edit/%', 'admin/config/search/xmlsitemap/custom/edit/%', 'Edit custom link', 0x613a313a7b733a353a22616c746572223b623a313b7d, 'system', 0, 0, 0, 0, 0, 6, 0, 1, 8, 53, 1056, 1057, 1067, 0, 0, 0, 0),
('management', 1068, 1061, 'admin/config/search/xmlsitemap/settings/%/%', 'admin/config/search/xmlsitemap/settings/%/%', '', 0x613a313a7b733a353a22616c746572223b623a313b7d, 'system', 0, 0, 0, 0, 0, 6, 0, 1, 8, 53, 1056, 1061, 1068, 0, 0, 0, 0),
('management', 1069, 48, 'admin/config/people/login-destination', 'admin/config/people/login-destination', 'Login destinations', 0x613a323a7b733a31303a2261747472696275746573223b613a313a7b733a353a227469746c65223b733a36393a22437573746f6d697a65207468652064657374696e6174696f6e2074686174207468652075736572206973207265646972656374656420746f206166746572206c6f67696e2e223b7d733a353a22616c746572223b623a313b7d, 'system', 0, 0, 1, 0, 10, 4, 0, 1, 8, 48, 1069, 0, 0, 0, 0, 0, 0),
('management', 1070, 1069, 'admin/config/people/login-destination/add', 'admin/config/people/login-destination/add', 'Add login destination rule', 0x613a313a7b733a353a22616c746572223b623a313b7d, 'system', -1, 0, 0, 0, 1, 5, 0, 1, 8, 48, 1069, 1070, 0, 0, 0, 0, 0),
('management', 1071, 1069, 'admin/config/people/login-destination/list', 'admin/config/people/login-destination/list', 'List', 0x613a313a7b733a353a22616c746572223b623a313b7d, 'system', -1, 0, 0, 0, -10, 5, 0, 1, 8, 48, 1069, 1071, 0, 0, 0, 0, 0),
('management', 1072, 1069, 'admin/config/people/login-destination/settings', 'admin/config/people/login-destination/settings', 'Settings', 0x613a323a7b733a31303a2261747472696275746573223b613a313a7b733a353a227469746c65223b733a33343a224368616e6765204c6f67696e2044657374696e6174696f6e2073657474696e67732e223b7d733a353a22616c746572223b623a313b7d, 'system', -1, 0, 0, 0, 10, 5, 0, 1, 8, 48, 1069, 1072, 0, 0, 0, 0, 0),
('management', 1073, 1069, 'admin/config/people/login-destination/delete/%', 'admin/config/people/login-destination/delete/%', 'Delete login destination rule', 0x613a313a7b733a353a22616c746572223b623a313b7d, 'system', 0, 0, 0, 0, 0, 5, 0, 1, 8, 48, 1069, 1073, 0, 0, 0, 0, 0),
('management', 1074, 1069, 'admin/config/people/login-destination/edit/%', 'admin/config/people/login-destination/edit/%', 'Edit login destination rule', 0x613a313a7b733a353a22616c746572223b623a313b7d, 'system', 0, 0, 0, 0, 0, 5, 0, 1, 8, 48, 1069, 1074, 0, 0, 0, 0, 0),
('management', 1075, 12, 'admin/help/login_destination', 'admin/help/login_destination', 'login_destination', 0x613a313a7b733a353a22616c746572223b623a313b7d, 'system', -1, 0, 0, 0, 0, 3, 0, 1, 12, 1075, 0, 0, 0, 0, 0, 0, 0),
('management', 1076, 12, 'admin/help/xmlsitemap', 'admin/help/xmlsitemap', 'xmlsitemap', 0x613a313a7b733a353a22616c746572223b623a313b7d, 'system', -1, 0, 0, 0, 0, 3, 0, 1, 12, 1076, 0, 0, 0, 0, 0, 0, 0),
('management', 1077, 12, 'admin/help/xmlsitemap_engines', 'admin/help/xmlsitemap_engines', 'xmlsitemap_engines', 0x613a313a7b733a353a22616c746572223b623a313b7d, 'system', -1, 0, 0, 0, 0, 3, 0, 1, 12, 1077, 0, 0, 0, 0, 0, 0, 0),
('management', 1101, 12, 'admin/help/nice_menus', 'admin/help/nice_menus', 'nice_menus', 0x613a313a7b733a353a22616c746572223b623a313b7d, 'system', -1, 0, 0, 0, 0, 3, 0, 1, 12, 1101, 0, 0, 0, 0, 0, 0, 0),
('management', 1102, 61, 'admin/config/user-interface/nice_menus', 'admin/config/user-interface/nice_menus', 'Nice menus', 0x613a323a7b733a31303a2261747472696275746573223b613a313a7b733a353a227469746c65223b733a32313a22436f6e666967757265204e696365206d656e75732e223b7d733a353a22616c746572223b623a313b7d, 'system', 0, 0, 0, 0, 0, 4, 0, 1, 8, 61, 1102, 0, 0, 0, 0, 0, 0),
('management', 1104, 12, 'admin/help/unique_field', 'admin/help/unique_field', 'unique_field', 0x613a313a7b733a353a22616c746572223b623a313b7d, 'system', -1, 0, 0, 0, 0, 3, 0, 1, 12, 1104, 0, 0, 0, 0, 0, 0, 0),
('management', 1105, 12, 'admin/help/taxonomy_dupecheck', 'admin/help/taxonomy_dupecheck', 'taxonomy_dupecheck', 0x613a313a7b733a353a22616c746572223b623a313b7d, 'system', -1, 0, 0, 0, 0, 3, 0, 1, 12, 1105, 0, 0, 0, 0, 0, 0, 0),
('management', 1108, 12, 'admin/help/me', 'admin/help/me', 'me', 0x613a313a7b733a353a22616c746572223b623a313b7d, 'system', -1, 0, 0, 0, 0, 3, 0, 1, 12, 1108, 0, 0, 0, 0, 0, 0, 0),
('management', 1109, 19, 'admin/reports/updates', 'admin/reports/updates', 'Available updates', 0x613a323a7b733a31303a2261747472696275746573223b613a313a7b733a353a227469746c65223b733a38323a22476574206120737461747573207265706f72742061626f757420617661696c61626c65207570646174657320666f7220796f757220696e7374616c6c6564206d6f64756c657320616e64207468656d65732e223b7d733a353a22616c746572223b623a313b7d, 'system', 0, 0, 0, 0, -50, 3, 0, 1, 19, 1109, 0, 0, 0, 0, 0, 0, 0),
('management', 1110, 7, 'admin/appearance/update', 'admin/appearance/update', 'Update', 0x613a313a7b733a353a22616c746572223b623a313b7d, 'system', -1, 0, 0, 0, 10, 3, 0, 1, 7, 1110, 0, 0, 0, 0, 0, 0, 0),
('management', 1111, 7, 'admin/appearance/install', 'admin/appearance/install', 'Install new theme', 0x613a313a7b733a353a22616c746572223b623a313b7d, 'system', -1, 0, 0, 0, 25, 3, 0, 1, 7, 1111, 0, 0, 0, 0, 0, 0, 0),
('management', 1112, 16, 'admin/modules/install', 'admin/modules/install', 'Install new module', 0x613a313a7b733a353a22616c746572223b623a313b7d, 'system', -1, 0, 0, 0, 25, 3, 0, 1, 16, 1112, 0, 0, 0, 0, 0, 0, 0),
('management', 1113, 16, 'admin/modules/update', 'admin/modules/update', 'Update', 0x613a313a7b733a353a22616c746572223b623a313b7d, 'system', -1, 0, 0, 0, 10, 3, 0, 1, 16, 1113, 0, 0, 0, 0, 0, 0, 0),
('management', 1114, 12, 'admin/help/update', 'admin/help/update', 'update', 0x613a313a7b733a353a22616c746572223b623a313b7d, 'system', -1, 0, 0, 0, 0, 3, 0, 1, 12, 1114, 0, 0, 0, 0, 0, 0, 0),
('management', 1115, 1109, 'admin/reports/updates/install', 'admin/reports/updates/install', 'Install new module or theme', 0x613a313a7b733a353a22616c746572223b623a313b7d, 'system', -1, 0, 0, 0, 25, 4, 0, 1, 19, 1109, 1115, 0, 0, 0, 0, 0, 0),
('management', 1116, 1109, 'admin/reports/updates/update', 'admin/reports/updates/update', 'Update', 0x613a313a7b733a353a22616c746572223b623a313b7d, 'system', -1, 0, 0, 0, 10, 4, 0, 1, 19, 1109, 1116, 0, 0, 0, 0, 0, 0),
('management', 1117, 1109, 'admin/reports/updates/list', 'admin/reports/updates/list', 'List', 0x613a313a7b733a353a22616c746572223b623a313b7d, 'system', -1, 0, 0, 0, 0, 4, 0, 1, 19, 1109, 1117, 0, 0, 0, 0, 0, 0),
('management', 1118, 1109, 'admin/reports/updates/settings', 'admin/reports/updates/settings', 'Settings', 0x613a313a7b733a353a22616c746572223b623a313b7d, 'system', -1, 0, 0, 0, 50, 4, 0, 1, 19, 1109, 1118, 0, 0, 0, 0, 0, 0),
('management', 1119, 21, 'admin/structure/trigger', 'admin/structure/trigger', 'Triggers', 0x613a323a7b733a31303a2261747472696275746573223b613a313a7b733a353a227469746c65223b733a33343a22436f6e666967757265207768656e20746f206578656375746520616374696f6e732e223b7d733a353a22616c746572223b623a313b7d, 'system', 0, 0, 0, 0, 0, 3, 0, 1, 21, 1119, 0, 0, 0, 0, 0, 0, 0),
('management', 1120, 12, 'admin/help/trigger', 'admin/help/trigger', 'trigger', 0x613a313a7b733a353a22616c746572223b623a313b7d, 'system', -1, 0, 0, 0, 0, 3, 0, 1, 12, 1120, 0, 0, 0, 0, 0, 0, 0),
('management', 1121, 56, 'admin/config/system/mailsystem', 'admin/config/system/mailsystem', 'Mail System', 0x613a323a7b733a31303a2261747472696275746573223b613a313a7b733a353a227469746c65223b733a34323a22436f6e666967757265207065722d6d6f64756c65204d61696c2053797374656d2073657474696e67732e223b7d733a353a22616c746572223b623a313b7d, 'system', 0, 0, 0, 0, 0, 4, 0, 1, 8, 56, 1121, 0, 0, 0, 0, 0, 0),
('management', 1122, 56, 'admin/config/system/mimemail', 'admin/config/system/mimemail', 'Mime Mail', 0x613a323a7b733a31303a2261747472696275746573223b613a313a7b733a353a227469746c65223b733a33333a224d616e616765206d696d65206d61696c2073797374656d2073657474696e67732e223b7d733a353a22616c746572223b623a313b7d, 'system', 0, 0, 0, 0, 0, 4, 0, 1, 8, 56, 1122, 0, 0, 0, 0, 0, 0),
('management', 1123, 1119, 'admin/structure/trigger/node', 'admin/structure/trigger/node', 'Node', 0x613a313a7b733a353a22616c746572223b623a313b7d, 'system', -1, 0, 0, 0, 0, 4, 0, 1, 21, 1119, 1123, 0, 0, 0, 0, 0, 0),
('management', 1124, 1119, 'admin/structure/trigger/system', 'admin/structure/trigger/system', 'System', 0x613a313a7b733a353a22616c746572223b623a313b7d, 'system', -1, 0, 0, 0, 0, 4, 0, 1, 21, 1119, 1124, 0, 0, 0, 0, 0, 0),
('management', 1125, 1119, 'admin/structure/trigger/taxonomy', 'admin/structure/trigger/taxonomy', 'Taxonomy', 0x613a313a7b733a353a22616c746572223b623a313b7d, 'system', -1, 0, 0, 0, 0, 4, 0, 1, 21, 1119, 1125, 0, 0, 0, 0, 0, 0),
('management', 1126, 1119, 'admin/structure/trigger/unassign', 'admin/structure/trigger/unassign', 'Unassign', 0x613a323a7b733a31303a2261747472696275746573223b613a313a7b733a353a227469746c65223b733a33343a22556e61737369676e20616e20616374696f6e2066726f6d206120747269676765722e223b7d733a353a22616c746572223b623a313b7d, 'system', -1, 0, 0, 0, 0, 4, 0, 1, 21, 1119, 1126, 0, 0, 0, 0, 0, 0),
('management', 1127, 1119, 'admin/structure/trigger/user', 'admin/structure/trigger/user', 'User', 0x613a313a7b733a353a22616c746572223b623a313b7d, 'system', -1, 0, 0, 0, 0, 4, 0, 1, 21, 1119, 1127, 0, 0, 0, 0, 0, 0),
('management', 1128, 12, 'admin/help/googleanalytics', 'admin/help/googleanalytics', 'googleanalytics', 0x613a313a7b733a353a22616c746572223b623a313b7d, 'system', -1, 0, 0, 0, 0, 3, 0, 1, 12, 1128, 0, 0, 0, 0, 0, 0, 0),
('management', 1129, 56, 'admin/config/system/googleanalytics', 'admin/config/system/googleanalytics', 'Google Analytics', 0x613a323a7b733a31303a2261747472696275746573223b613a313a7b733a353a227469746c65223b733a39383a22436f6e66696775726520747261636b696e67206265686176696f7220746f2067657420696e73696768747320696e746f20796f75722077656273697465207472616666696320616e64206d61726b6574696e67206566666563746976656e6573732e223b7d733a353a22616c746572223b623a313b7d, 'system', 0, 0, 0, 0, 0, 4, 0, 1, 8, 56, 1129, 0, 0, 0, 0, 0, 0),
('management', 1130, 12, 'admin/help/statcounter', 'admin/help/statcounter', 'statcounter', 0x613a313a7b733a353a22616c746572223b623a313b7d, 'system', -1, 0, 0, 0, 0, 3, 0, 1, 12, 1130, 0, 0, 0, 0, 0, 0, 0),
('management', 1131, 56, 'admin/config/system/statcounter', 'admin/config/system/statcounter', 'Statcounter', 0x613a323a7b733a31303a2261747472696275746573223b613a313a7b733a353a227469746c65223b733a37313a22436f6e666967757265207468652073657474696e6773207573656420746f2067656e657261746520796f75722053746174636f756e74657220747261636b696e6720636f64652e223b7d733a353a22616c746572223b623a313b7d, 'system', 0, 0, 0, 0, 0, 4, 0, 1, 8, 56, 1131, 0, 0, 0, 0, 0, 0),
('management', 1132, 54, 'admin/appearance/settings/fob_theme', 'admin/appearance/settings/fob_theme', 'fob theme', 0x613a313a7b733a353a22616c746572223b623a313b7d, 'system', -1, 0, 0, 0, 0, 4, 0, 1, 7, 54, 1132, 0, 0, 0, 0, 0, 0),
('management', 1133, 30, 'admin/structure/block/list/fob_theme', 'admin/structure/block/list/fob_theme', 'fob theme', 0x613a313a7b733a353a22616c746572223b623a313b7d, 'system', -1, 0, 0, 0, -10, 4, 0, 1, 21, 30, 1133, 0, 0, 0, 0, 0, 0);
INSERT INTO `menu_links` (`menu_name`, `mlid`, `plid`, `link_path`, `router_path`, `link_title`, `options`, `module`, `hidden`, `external`, `has_children`, `expanded`, `weight`, `depth`, `customized`, `p1`, `p2`, `p3`, `p4`, `p5`, `p6`, `p7`, `p8`, `p9`, `updated`) VALUES
('navigation', 1136, 0, 'delete-enquiry', 'delete-enquiry', 'Delete enquiry', 0x613a313a7b733a353a22616c746572223b623a313b7d, 'system', 0, 0, 0, 0, 0, 1, 0, 1136, 0, 0, 0, 0, 0, 0, 0, 0, 0),
('navigation', 1137, 0, 'save-roles', 'save-roles', 'Edit user groups', 0x613a313a7b733a353a22616c746572223b623a313b7d, 'system', 0, 0, 0, 0, 0, 1, 0, 1137, 0, 0, 0, 0, 0, 0, 0, 0, 0),
('navigation', 1138, 0, 'user-groups', 'user-groups', 'User Roles', 0x613a313a7b733a353a22616c746572223b623a313b7d, 'system', 0, 0, 1, 0, 0, 1, 0, 1138, 0, 0, 0, 0, 0, 0, 0, 0, 0),
('navigation', 1139, 0, 'view-details', 'view-details', 'View Enquiry Details', 0x613a313a7b733a353a22616c746572223b623a313b7d, 'system', 0, 0, 0, 0, 0, 1, 0, 1139, 0, 0, 0, 0, 0, 0, 0, 0, 0),
('navigation', 1140, 0, 'delete/%', 'delete/%', 'Delete Node', 0x613a313a7b733a353a22616c746572223b623a313b7d, 'system', 0, 0, 0, 0, 0, 1, 0, 1140, 0, 0, 0, 0, 0, 0, 0, 0, 0),
('navigation', 1141, 0, 'taxonomy-delete/%', 'taxonomy-delete/%', 'Delete term', 0x613a313a7b733a353a22616c746572223b623a313b7d, 'system', 0, 0, 0, 0, 0, 1, 0, 1141, 0, 0, 0, 0, 0, 0, 0, 0, 0),
('navigation', 1142, 0, 'delete-groups/%', 'delete-groups/%', 'Delete user groups', 0x613a313a7b733a353a22616c746572223b623a313b7d, 'system', 0, 0, 0, 0, 0, 1, 0, 1142, 0, 0, 0, 0, 0, 0, 0, 0, 0),
('navigation', 1143, 0, 'edit-groups/%', 'edit-groups/%', 'Edit user groups', 0x613a313a7b733a353a22616c746572223b623a313b7d, 'system', 0, 0, 0, 0, 0, 1, 0, 1143, 0, 0, 0, 0, 0, 0, 0, 0, 0),
('navigation', 1144, 1138, 'user-groups/add', 'user-groups/add', 'User Groups', 0x613a313a7b733a353a22616c746572223b623a313b7d, 'system', 0, 0, 0, 0, 0, 2, 0, 1138, 1144, 0, 0, 0, 0, 0, 0, 0, 0),
('navigation', 1145, 0, 'localities/%', 'localities/%', 'Zone Menu', 0x613a313a7b733a353a22616c746572223b623a313b7d, 'system', 0, 0, 0, 0, 0, 1, 0, 1145, 0, 0, 0, 0, 0, 0, 0, 0, 0),
('navigation', 1146, 0, 'property-type-status/%/%', 'property-type-status/%/%', 'status', 0x613a313a7b733a353a22616c746572223b623a313b7d, 'system', 0, 0, 0, 0, 0, 1, 0, 1146, 0, 0, 0, 0, 0, 0, 0, 0, 0),
('navigation', 1147, 0, 'ddblock_mapping/js/%', 'ddblock_mapping/js/%', '', 0x613a313a7b733a353a22616c746572223b623a313b7d, 'system', 0, 0, 0, 0, 0, 1, 0, 1147, 0, 0, 0, 0, 0, 0, 0, 0, 0),
('management', 1148, 21, 'admin/structure/ddblock', 'admin/structure/ddblock', 'Dynamic display block', 0x613a323a7b733a31303a2261747472696275746573223b613a313a7b733a353a227469746c65223b733a33303a224d616e6167652064796e616d696320646973706c617920626c6f636b732e223b7d733a353a22616c746572223b623a313b7d, 'system', 0, 0, 0, 0, 0, 3, 0, 1, 21, 1148, 0, 0, 0, 0, 0, 0, 0),
('management', 1149, 12, 'admin/help/ddblock', 'admin/help/ddblock', 'ddblock', 0x613a313a7b733a353a22616c746572223b623a313b7d, 'system', -1, 0, 0, 0, 0, 3, 0, 1, 12, 1149, 0, 0, 0, 0, 0, 0, 0),
('management', 1150, 1148, 'admin/structure/ddblock/instances', 'admin/structure/ddblock/instances', 'Instances', 0x613a323a7b733a31303a2261747472696275746573223b613a313a7b733a353a227469746c65223b733a33383a2243726561746520616e642064656c65746520696e7374616e636573206f6620626c6f636b732e223b7d733a353a22616c746572223b623a313b7d, 'system', -1, 0, 0, 0, -1, 4, 0, 1, 21, 1148, 1150, 0, 0, 0, 0, 0, 0),
('management', 1151, 1148, 'admin/structure/ddblock/list', 'admin/structure/ddblock/list', 'List', 0x613a313a7b733a353a22616c746572223b623a313b7d, 'system', -1, 0, 0, 0, -10, 4, 0, 1, 21, 1148, 1151, 0, 0, 0, 0, 0, 0),
('management', 1152, 1148, 'admin/structure/ddblock/settings', 'admin/structure/ddblock/settings', 'Settings', 0x613a313a7b733a353a22616c746572223b623a313b7d, 'system', -1, 0, 0, 0, 10, 4, 0, 1, 21, 1148, 1152, 0, 0, 0, 0, 0, 0),
('shortcut-set-1', 1156, 0, 'admin/structure/menu', 'admin/structure/menu', 'Menus', 0x613a313a7b733a353a22616c746572223b623a313b7d, 'menu', 0, 0, 0, 0, -45, 1, 0, 1156, 0, 0, 0, 0, 0, 0, 0, 0, 0),
('management', 1162, 12, 'admin/help/ckeditor', 'admin/help/ckeditor', 'ckeditor', 0x613a313a7b733a353a22616c746572223b623a313b7d, 'system', -1, 0, 0, 0, 0, 3, 0, 1, 12, 1162, 0, 0, 0, 0, 0, 0, 0),
('management', 1163, 35, 'admin/config/content/ckeditor', 'admin/config/content/ckeditor', 'CKEditor', 0x613a323a7b733a31303a2261747472696275746573223b613a313a7b733a353a227469746c65223b733a33313a22436f6e666967757265207468652072696368207465787420656469746f722e223b7d733a353a22616c746572223b623a313b7d, 'system', 0, 0, 0, 0, 0, 4, 0, 1, 8, 35, 1163, 0, 0, 0, 0, 0, 0),
('management', 1164, 12, 'admin/help/captcha', 'admin/help/captcha', 'captcha', 0x613a313a7b733a353a22616c746572223b623a313b7d, 'system', -1, 0, 0, 0, 0, 3, 0, 1, 12, 1164, 0, 0, 0, 0, 0, 0, 0),
('management', 1165, 12, 'admin/help/image_captcha', 'admin/help/image_captcha', 'image_captcha', 0x613a313a7b733a353a22616c746572223b623a313b7d, 'system', -1, 0, 0, 0, 0, 3, 0, 1, 12, 1165, 0, 0, 0, 0, 0, 0, 0),
('management', 1166, 48, 'admin/config/people/captcha', 'admin/config/people/captcha', 'CAPTCHA', 0x613a323a7b733a31303a2261747472696275746573223b613a313a7b733a353a227469746c65223b733a34333a2241646d696e697374657220686f7720616e642077686572652043415054434841732061726520757365642e223b7d733a353a22616c746572223b623a313b7d, 'system', 0, 0, 0, 0, 0, 4, 0, 1, 8, 48, 1166, 0, 0, 0, 0, 0, 0),
('management', 1167, 1166, 'admin/config/people/captcha/captcha', 'admin/config/people/captcha/captcha', 'CAPTCHA', 0x613a313a7b733a353a22616c746572223b623a313b7d, 'system', -1, 0, 0, 0, -20, 5, 0, 1, 8, 48, 1166, 1167, 0, 0, 0, 0, 0),
('management', 1168, 1166, 'admin/config/people/captcha/image_captcha', 'admin/config/people/captcha/image_captcha', 'Image CAPTCHA', 0x613a313a7b733a353a22616c746572223b623a313b7d, 'system', -1, 0, 0, 0, 0, 5, 0, 1, 8, 48, 1166, 1168, 0, 0, 0, 0, 0),
('management', 1169, 1167, 'admin/config/people/captcha/captcha/examples', 'admin/config/people/captcha/captcha/examples', 'Examples', 0x613a323a7b733a31303a2261747472696275746573223b613a313a7b733a353a227469746c65223b733a35393a22416e206f76657276696577206f662074686520617661696c61626c65206368616c6c656e67652074797065732077697468206578616d706c65732e223b7d733a353a22616c746572223b623a313b7d, 'system', -1, 0, 0, 0, 5, 6, 0, 1, 8, 48, 1166, 1167, 1169, 0, 0, 0, 0),
('management', 1170, 1167, 'admin/config/people/captcha/captcha/settings', 'admin/config/people/captcha/captcha/settings', 'General settings', 0x613a313a7b733a353a22616c746572223b623a313b7d, 'system', -1, 0, 0, 0, 0, 6, 0, 1, 8, 48, 1166, 1167, 1170, 0, 0, 0, 0),
('main-menu', 1172, 0, 'node/143', 'node/%', 'Contact Us', 0x613a323a7b733a353a22616c746572223b623a313b733a31303a2261747472696275746573223b613a313a7b733a353a227469746c65223b733a32303a22436f6e7461637420466f7274756e6570726f7073223b7d7d, 'menu', 0, 0, 0, 0, -44, 1, 1, 1172, 0, 0, 0, 0, 0, 0, 0, 0, 0),
('management', 1173, 53, 'admin/config/search/metatags_quick', 'admin/config/search/metatags_quick', 'Meta tags (quick) settings', 0x613a313a7b733a353a22616c746572223b623a313b7d, 'system', 0, 0, 0, 0, 0, 4, 0, 1, 8, 53, 1173, 0, 0, 0, 0, 0, 0),
('management', 1175, 1173, 'admin/config/search/metatags_quick/auto', 'admin/config/search/metatags_quick/auto', 'Auto settings', 0x613a313a7b733a353a22616c746572223b623a313b7d, 'system', -1, 0, 0, 0, 10, 5, 0, 1, 8, 53, 1173, 1175, 0, 0, 0, 0, 0),
('management', 1176, 1173, 'admin/config/search/metatags_quick/path_based', 'admin/config/search/metatags_quick/path_based', 'Path-Based Metatags', 0x613a313a7b733a353a22616c746572223b623a313b7d, 'system', -1, 0, 0, 0, 50, 5, 0, 1, 8, 53, 1173, 1176, 0, 0, 0, 0, 0),
('management', 1177, 1173, 'admin/config/search/metatags_quick/settings', 'admin/config/search/metatags_quick/settings', 'General', 0x613a313a7b733a353a22616c746572223b623a313b7d, 'system', -1, 0, 0, 0, 0, 5, 0, 1, 8, 53, 1173, 1177, 0, 0, 0, 0, 0),
('management', 1187, 12, 'admin/help/page_title', 'admin/help/page_title', 'page_title', 0x613a313a7b733a353a22616c746572223b623a313b7d, 'system', -1, 0, 0, 0, 0, 3, 0, 1, 12, 1187, 0, 0, 0, 0, 0, 0, 0),
('navigation', 1188, 0, 'admin/reports/page-title', 'admin/reports/page-title', 'Page Title List', 0x613a323a7b733a31303a2261747472696275746573223b613a313a7b733a353a227469746c65223b733a33373a224c69737420616c6c206e6f64657320776974682074686569722050616765205469746c6573223b7d733a353a22616c746572223b623a313b7d, 'system', 0, 0, 0, 0, 0, 1, 0, 1188, 0, 0, 0, 0, 0, 0, 0, 0, 0),
('management', 1189, 53, 'admin/config/search/page-title', 'admin/config/search/page-title', 'Page titles', 0x613a323a7b733a31303a2261747472696275746573223b613a313a7b733a353a227469746c65223b733a37363a22436f6e666967757265207468652070616765207469746c657320666f7220796f757220736974652028746865207469746c6520696e2074686520266c743b686561642667743b20746167292e223b7d733a353a22616c746572223b623a313b7d, 'system', 0, 0, 0, 0, 0, 4, 0, 1, 8, 53, 1189, 0, 0, 0, 0, 0, 0),
('management', 1190, 47, 'admin/structure/menu/manage/menu-content-administration', 'admin/structure/menu/manage/%', 'Content Administration', 0x613a313a7b733a353a22616c746572223b623a313b7d, 'menu', 0, 0, 0, 0, 0, 4, 0, 1, 21, 47, 1190, 0, 0, 0, 0, 0, 0),
('menu-content-administration', 1191, 0, 'admin/config/system/googleanalytics', 'admin/config/system/googleanalytics', 'Google Analytics', 0x613a323a7b733a31303a2261747472696275746573223b613a313a7b733a353a227469746c65223b733a303a22223b7d733a353a22616c746572223b623a313b7d, 'menu', 0, 0, 0, 0, 0, 1, 1, 1191, 0, 0, 0, 0, 0, 0, 0, 0, 0),
('menu-content-administration', 1192, 0, 'admin/config/system/statcounter', 'admin/config/system/statcounter', 'Statcounter', 0x613a323a7b733a31303a2261747472696275746573223b613a313a7b733a353a227469746c65223b733a303a22223b7d733a353a22616c746572223b623a313b7d, 'menu', 0, 0, 0, 0, 0, 1, 1, 1192, 0, 0, 0, 0, 0, 0, 0, 0, 0),
('menu-content-administration', 1193, 0, 'admin/config/search/page-title', 'admin/config/search/page-title', 'Page Title', 0x613a323a7b733a31303a2261747472696275746573223b613a313a7b733a353a227469746c65223b733a303a22223b7d733a353a22616c746572223b623a313b7d, 'menu', 0, 0, 0, 0, 0, 1, 1, 1193, 0, 0, 0, 0, 0, 0, 0, 0, 0),
('main-menu', 1194, 0, '<front>', '', 'SEO', 0x613a323a7b733a31303a2261747472696275746573223b613a313a7b733a353a227469746c65223b733a303a22223b7d733a353a22616c746572223b623a313b7d, 'menu', 0, 1, 1, 1, -38, 1, 1, 1194, 0, 0, 0, 0, 0, 0, 0, 0, 0),
('main-menu', 1195, 1194, 'admin/config/system/googleanalytics', 'admin/config/system/googleanalytics', 'Google Analytics', 0x613a323a7b733a31303a2261747472696275746573223b613a313a7b733a353a227469746c65223b733a303a22223b7d733a353a22616c746572223b623a313b7d, 'menu', 0, 0, 0, 0, -50, 2, 1, 1194, 1195, 0, 0, 0, 0, 0, 0, 0, 0),
('main-menu', 1196, 1194, 'admin/config/system/statcounter', 'admin/config/system/statcounter', 'Statcounter', 0x613a323a7b733a31303a2261747472696275746573223b613a313a7b733a353a227469746c65223b733a303a22223b7d733a353a22616c746572223b623a313b7d, 'menu', 0, 0, 0, 0, -49, 2, 1, 1194, 1196, 0, 0, 0, 0, 0, 0, 0, 0),
('management', 1197, 12, 'admin/help/redirect', 'admin/help/redirect', 'redirect', 0x613a313a7b733a353a22616c746572223b623a313b7d, 'system', -1, 0, 0, 0, 0, 3, 0, 1, 12, 1197, 0, 0, 0, 0, 0, 0, 0),
('management', 1198, 59, 'admin/reports/page-not-found/redirect', 'admin/reports/page-not-found/redirect', 'Fix 404 pages with URL redirects', 0x613a313a7b733a353a22616c746572223b623a313b7d, 'system', -1, 0, 0, 0, 0, 4, 0, 1, 19, 59, 1198, 0, 0, 0, 0, 0, 0),
('management', 1199, 53, 'admin/config/search/redirect', 'admin/config/search/redirect', 'URL redirects', 0x613a323a7b733a31303a2261747472696275746573223b613a313a7b733a353a227469746c65223b733a33393a2252656469726563742075736572732066726f6d206f6e652055524c20746f20616e6f746865722e223b7d733a353a22616c746572223b623a313b7d, 'system', 0, 0, 1, 0, 0, 4, 0, 1, 8, 53, 1199, 0, 0, 0, 0, 0, 0),
('management', 1200, 1199, 'admin/config/search/redirect/add', 'admin/config/search/redirect/add', 'Add redirect', 0x613a313a7b733a353a22616c746572223b623a313b7d, 'system', -1, 0, 0, 0, 0, 5, 0, 1, 8, 53, 1199, 1200, 0, 0, 0, 0, 0),
('management', 1201, 1199, 'admin/config/search/redirect/404', 'admin/config/search/redirect/404', 'Fix 404 pages', 0x613a323a7b733a31303a2261747472696275746573223b613a313a7b733a353a227469746c65223b733a32383a224164642072656469726563747320666f72203430342070616765732e223b7d733a353a22616c746572223b623a313b7d, 'system', -1, 0, 0, 0, 20, 5, 0, 1, 8, 53, 1199, 1201, 0, 0, 0, 0, 0),
('management', 1202, 1199, 'admin/config/search/redirect/list', 'admin/config/search/redirect/list', 'List', 0x613a313a7b733a353a22616c746572223b623a313b7d, 'system', -1, 0, 0, 0, -10, 5, 0, 1, 8, 53, 1199, 1202, 0, 0, 0, 0, 0),
('management', 1203, 1199, 'admin/config/search/redirect/settings', 'admin/config/search/redirect/settings', 'Settings', 0x613a323a7b733a31303a2261747472696275746573223b613a313a7b733a353a227469746c65223b733a33373a22436f6e666967757265206265686176696f7220666f722055524c207265646972656374732e223b7d733a353a22616c746572223b623a313b7d, 'system', -1, 0, 0, 0, 50, 5, 0, 1, 8, 53, 1199, 1203, 0, 0, 0, 0, 0),
('management', 1204, 1199, 'admin/config/search/redirect/delete/%', 'admin/config/search/redirect/delete/%', 'Delete redirect', 0x613a313a7b733a353a22616c746572223b623a313b7d, 'system', 0, 0, 0, 0, 0, 5, 0, 1, 8, 53, 1199, 1204, 0, 0, 0, 0, 0),
('management', 1205, 1199, 'admin/config/search/redirect/edit/%', 'admin/config/search/redirect/edit/%', 'Edit redirect', 0x613a313a7b733a353a22616c746572223b623a313b7d, 'system', 0, 0, 0, 0, 0, 5, 0, 1, 8, 53, 1199, 1205, 0, 0, 0, 0, 0),
('management', 1206, 21, 'admin/structure/features', 'admin/structure/features', 'Features', 0x613a323a7b733a31303a2261747472696275746573223b613a313a7b733a353a227469746c65223b733a31363a224d616e6167652066656174757265732e223b7d733a353a22616c746572223b623a313b7d, 'system', 0, 0, 0, 0, 0, 3, 0, 1, 21, 1206, 0, 0, 0, 0, 0, 0, 0),
('navigation', 1207, 6, 'node/add/looking-for', 'node/add/looking-for', 'Looking for', 0x613a313a7b733a353a22616c746572223b623a313b7d, 'system', 0, 0, 0, 0, 0, 2, 0, 6, 1207, 0, 0, 0, 0, 0, 0, 0, 0),
('management', 1208, 12, 'admin/help/features', 'admin/help/features', 'features', 0x613a313a7b733a353a22616c746572223b623a313b7d, 'system', -1, 0, 0, 0, 0, 3, 0, 1, 12, 1208, 0, 0, 0, 0, 0, 0, 0),
('management', 1209, 12, 'admin/help/fivestar', 'admin/help/fivestar', 'fivestar', 0x613a313a7b733a353a22616c746572223b623a313b7d, 'system', -1, 0, 0, 0, 0, 3, 0, 1, 12, 1209, 0, 0, 0, 0, 0, 0, 0),
('management', 1211, 1206, 'admin/structure/features/create', 'admin/structure/features/create', 'Create feature', 0x613a323a7b733a31303a2261747472696275746573223b613a313a7b733a353a227469746c65223b733a32313a224372656174652061206e657720666561747572652e223b7d733a353a22616c746572223b623a313b7d, 'system', -1, 0, 0, 0, 10, 4, 0, 1, 21, 1206, 1211, 0, 0, 0, 0, 0, 0),
('management', 1212, 35, 'admin/config/content/fivestar', 'admin/config/content/fivestar', 'Fivestar', 0x613a323a7b733a31303a2261747472696275746573223b613a313a7b733a353a227469746c65223b733a35333a22436f6e66696775726520736974652d776964652077696467657473207573656420666f7220466976657374617220726174696e672e223b7d733a353a22616c746572223b623a313b7d, 'system', 0, 0, 0, 0, 0, 4, 0, 1, 8, 35, 1212, 0, 0, 0, 0, 0, 0),
('management', 1213, 1206, 'admin/structure/features/manage', 'admin/structure/features/manage', 'Manage', 0x613a323a7b733a31303a2261747472696275746573223b613a313a7b733a353a227469746c65223b733a32383a22456e61626c6520616e642064697361626c652066656174757265732e223b7d733a353a22616c746572223b623a313b7d, 'system', -1, 0, 0, 0, 0, 4, 0, 1, 21, 1206, 1213, 0, 0, 0, 0, 0, 0),
('management', 1215, 53, 'admin/config/search/votingapi', 'admin/config/search/votingapi', 'Voting API', 0x613a323a7b733a31303a2261747472696275746573223b613a313a7b733a353a227469746c65223b733a36353a22436f6e6669677572652073697465776964652073657474696e677320666f7220757365722d67656e65726174656420726174696e677320616e6420766f7465732e223b7d733a353a22616c746572223b623a313b7d, 'system', 0, 0, 0, 0, 0, 4, 0, 1, 8, 53, 1215, 0, 0, 0, 0, 0, 0),
('management', 1217, 1206, 'admin/structure/features/%/view', 'admin/structure/features/%/view', 'View', 0x613a323a7b733a31303a2261747472696275746573223b613a313a7b733a353a227469746c65223b733a33323a22446973706c617920636f6d706f6e656e7473206f66206120666561747572652e223b7d733a353a22616c746572223b623a313b7d, 'system', -1, 0, 0, 0, -10, 4, 0, 1, 21, 1206, 1217, 0, 0, 0, 0, 0, 0),
('management', 1219, 1206, 'admin/structure/features/%/recreate', 'admin/structure/features/%/recreate', 'Recreate', 0x613a323a7b733a31303a2261747472696275746573223b613a313a7b733a353a227469746c65223b733a32393a22526563726561746520616e206578697374696e6720666561747572652e223b7d733a353a22616c746572223b623a313b7d, 'system', -1, 0, 0, 0, 11, 4, 0, 1, 21, 1206, 1219, 0, 0, 0, 0, 0, 0),
('management', 1221, 12, 'admin/help/microdata', 'admin/help/microdata', 'microdata', 0x613a313a7b733a353a22616c746572223b623a313b7d, 'system', -1, 0, 0, 0, 0, 3, 0, 1, 12, 1221, 0, 0, 0, 0, 0, 0, 0),
('management', 1222, 64, 'admin/config/services/microdata', 'admin/config/services/microdata', 'Microdata settings', 0x613a323a7b733a31303a2261747472696275746573223b613a313a7b733a353a227469746c65223b733a35353a22436f6e66696775726520686f77207369746520636f6e74656e742067657473207075626c697368656420696e204d6963726f646174612e223b7d733a353a22616c746572223b623a313b7d, 'system', 0, 0, 0, 0, 0, 4, 0, 1, 8, 64, 1222, 0, 0, 0, 0, 0, 0),
('management', 1223, 1222, 'admin/config/services/microdata/mappings', 'admin/config/services/microdata/mappings', 'Mappings', 0x613a323a7b733a31303a2261747472696275746573223b613a313a7b733a353a227469746c65223b733a34313a22436f6e666967757265206d6963726f64617461206d617070696e677320666f722062756e646c65732e223b7d733a353a22616c746572223b623a313b7d, 'system', -1, 0, 1, 0, 0, 5, 0, 1, 8, 64, 1222, 1223, 0, 0, 0, 0, 0),
('management', 1224, 1222, 'admin/config/services/microdata/vocabularies', 'admin/config/services/microdata/vocabularies', 'Vocabularies', 0x613a323a7b733a31303a2261747472696275746573223b613a313a7b733a353a227469746c65223b733a35353a22436f6e66696775726520766f636162756c617269657320746f2075736520696e206175746f636f6d706c6574652064726f70646f776e2e223b7d733a353a22616c746572223b623a313b7d, 'system', -1, 0, 0, 0, 0, 5, 0, 1, 8, 64, 1222, 1224, 0, 0, 0, 0, 0),
('management', 1225, 1223, 'admin/config/services/microdata/mappings/manage/%/%/%', 'admin/config/services/microdata/mappings/manage/%/%/%', 'Edit microdata mapping', 0x613a323a7b733a31303a2261747472696275746573223b613a313a7b733a353a227469746c65223b733a36303a22436f6e66696775726520746865206d6963726f64617461206d617070696e6720666f7220612062756e646c6520616e6420697473206669656c64732e223b7d733a353a22616c746572223b623a313b7d, 'system', 0, 0, 0, 0, 0, 6, 0, 1, 8, 64, 1222, 1223, 1225, 0, 0, 0, 0),
('main-menu', 1226, 1194, 'node/add/looking-for', 'node/add/looking-for', 'Add Looking for', 0x613a323a7b733a31303a2261747472696275746573223b613a313a7b733a353a227469746c65223b733a303a22223b7d733a353a22616c746572223b623a313b7d, 'menu', 0, 0, 0, 0, -48, 2, 1, 1194, 1226, 0, 0, 0, 0, 0, 0, 0, 0),
('main-menu', 1227, 1194, 'admin/config/search/xmlsitemap', 'admin/config/search/xmlsitemap', 'Sitemap', 0x613a323a7b733a31303a2261747472696275746573223b613a313a7b733a353a227469746c65223b733a303a22223b7d733a353a22616c746572223b623a313b7d, 'menu', 0, 0, 0, 0, -47, 2, 1, 1194, 1227, 0, 0, 0, 0, 0, 0, 0, 0),
('main-menu', 1228, 1194, 'node/1/edit', 'node/%/edit', 'Edit Home Page', 0x613a323a7b733a31303a2261747472696275746573223b613a313a7b733a353a227469746c65223b733a32333a226c696e6b20746f206564697420686f6d6520706167652e223b7d733a353a22616c746572223b623a313b7d, 'menu', 0, 0, 0, 0, 4, 2, 1, 1194, 1228, 0, 0, 0, 0, 0, 0, 0, 0),
('main-menu', 1229, 1194, 'admin/config/search/metatags_quick/path_based', 'admin/config/search/metatags_quick/path_based', 'Meta Management', 0x613a323a7b733a31303a2261747472696275746573223b613a313a7b733a353a227469746c65223b733a32383a224c696e6b20746f2073656520616e6420616464206d65746174616773223b7d733a353a22616c746572223b623a313b7d, 'menu', 0, 0, 0, 0, 6, 2, 1, 1194, 1229, 0, 0, 0, 0, 0, 0, 0, 0),
('main-menu', 1230, 1194, 'admin/config/search/redirect', 'admin/config/search/redirect', 'Manage Redirect', 0x613a323a7b733a31303a2261747472696275746573223b613a313a7b733a353a227469746c65223b733a303a22223b7d733a353a22616c746572223b623a313b7d, 'menu', 0, 0, 0, 0, 0, 2, 1, 1194, 1230, 0, 0, 0, 0, 0, 0, 0, 0),
('navigation', 1231, 6, 'node/add/footer-content', 'node/add/footer-content', 'Footer Content', 0x613a323a7b733a31303a2261747472696275746573223b613a313a7b733a353a227469746c65223b733a31343a22466f6f74657220436f6e74656e74223b7d733a353a22616c746572223b623a313b7d, 'system', 0, 0, 0, 0, 0, 2, 0, 6, 1231, 0, 0, 0, 0, 0, 0, 0, 0),
('management', 1234, 54, 'admin/appearance/settings/bootstrap', 'admin/appearance/settings/bootstrap', 'Bootstrap', 0x613a313a7b733a353a22616c746572223b623a313b7d, 'system', -1, 0, 0, 0, 0, 4, 0, 1, 7, 54, 1234, 0, 0, 0, 0, 0, 0),
('management', 1235, 30, 'admin/structure/block/list/bootstrap', 'admin/structure/block/list/bootstrap', 'Bootstrap', 0x613a313a7b733a353a22616c746572223b623a313b7d, 'system', -1, 0, 0, 0, 0, 4, 0, 1, 21, 30, 1235, 0, 0, 0, 0, 0, 0),
('management', 1238, 927, 'admin/structure/panels/layouts', 'admin/structure/panels/layouts', 'Layouts', 0x613a323a7b733a31303a2261747472696275746573223b613a313a7b733a353a227469746c65223b733a34333a224164642c2065646974206f722064656c65746520637573746f6d20636f6e74656e74206c61796f7574732e223b7d733a353a22616c746572223b623a313b7d, 'system', -1, 0, 0, 0, 0, 4, 0, 1, 21, 927, 1238, 0, 0, 0, 0, 0, 0),
('management', 1239, 1238, 'admin/structure/panels/layouts/add-flexible', 'admin/structure/panels/layouts/add-flexible', 'Add flexible layout', 0x613a313a7b733a353a22616c746572223b623a313b7d, 'system', -1, 0, 0, 0, 0, 5, 0, 1, 21, 927, 1238, 1239, 0, 0, 0, 0, 0),
('management', 1240, 1238, 'admin/structure/panels/layouts/import', 'admin/structure/panels/layouts/import', 'Import', 0x613a313a7b733a353a22616c746572223b623a313b7d, 'system', -1, 0, 0, 0, 0, 5, 0, 1, 21, 927, 1238, 1240, 0, 0, 0, 0, 0),
('management', 1241, 1238, 'admin/structure/panels/layouts/list', 'admin/structure/panels/layouts/list', 'List', 0x613a313a7b733a353a22616c746572223b623a313b7d, 'system', -1, 0, 0, 0, -10, 5, 0, 1, 21, 927, 1238, 1241, 0, 0, 0, 0, 0),
('management', 1242, 1235, 'admin/structure/block/list/bootstrap/add', 'admin/structure/block/list/bootstrap/add', 'Add block', 0x613a313a7b733a353a22616c746572223b623a313b7d, 'system', -1, 0, 0, 0, 0, 5, 0, 1, 21, 30, 1235, 1242, 0, 0, 0, 0, 0),
('management', 1243, 1241, 'admin/structure/panels/layouts/list/%/edit', 'admin/structure/panels/layouts/list/%/edit', 'Edit', 0x613a313a7b733a353a22616c746572223b623a313b7d, 'system', -1, 0, 0, 0, -10, 6, 0, 1, 21, 927, 1238, 1241, 1243, 0, 0, 0, 0),
('management', 1244, 1241, 'admin/structure/panels/layouts/list/%/export', 'admin/structure/panels/layouts/list/%/export', 'Export', 0x613a313a7b733a353a22616c746572223b623a313b7d, 'system', -1, 0, 0, 0, 0, 6, 0, 1, 21, 927, 1238, 1241, 1244, 0, 0, 0, 0),
('navigation', 1309, 6, 'node/add/homepage-slider', 'node/add/homepage-slider', 'Homepage slider', 0x613a323a7b733a31303a2261747472696275746573223b613a313a7b733a353a227469746c65223b733a33373a22486f6d65207061676520736c69646572206261736564206f6e20666c657820736c69646572223b7d733a353a22616c746572223b623a313b7d, 'system', 0, 0, 0, 0, 0, 2, 0, 6, 1309, 0, 0, 0, 0, 0, 0, 0, 0),
('navigation', 1310, 6, 'node/add/news', 'node/add/news', 'News', 0x613a323a7b733a31303a2261747472696275746573223b613a313a7b733a353a227469746c65223b733a33313a2247657420746865206c6174657374206e657773206f6e207468652070616765223b7d733a353a22616c746572223b623a313b7d, 'system', 0, 0, 0, 0, 0, 2, 0, 6, 1310, 0, 0, 0, 0, 0, 0, 0, 0),
('navigation', 1311, 6, 'node/add/testimonials', 'node/add/testimonials', 'Testimonials', 0x613a313a7b733a31303a2261747472696275746573223b613a313a7b733a353a227469746c65223b733a33313a22416464696e6720636f6e74656e7420666f722074657374696d6f6e69616c73223b7d7d, 'system', 1, 0, 0, 0, 0, 2, 1, 6, 1311, 0, 0, 0, 0, 0, 0, 0, 0),
('management', 1312, 47, 'admin/structure/menu/manage/menu-footer-menu', 'admin/structure/menu/manage/%', 'Footer Menu1', 0x613a313a7b733a353a22616c746572223b623a313b7d, 'menu', 0, 0, 0, 0, 0, 4, 0, 1, 21, 47, 1312, 0, 0, 0, 0, 0, 0),
('management', 1313, 47, 'admin/structure/menu/manage/menu-footer-menu2', 'admin/structure/menu/manage/%', 'Footer Menu2', 0x613a313a7b733a353a22616c746572223b623a313b7d, 'menu', 0, 0, 0, 0, 0, 4, 0, 1, 21, 47, 1313, 0, 0, 0, 0, 0, 0),
('menu-footer-menu', 1315, 0, 'node/713', 'node/%', 'Company Overview', 0x613a323a7b733a31303a2261747472696275746573223b613a313a7b733a353a227469746c65223b733a303a22223b7d733a353a22616c746572223b623a313b7d, 'menu', 0, 0, 0, 0, 0, 1, 1, 1315, 0, 0, 0, 0, 0, 0, 0, 0, 0),
('menu-footer-menu2', 1316, 0, 'node/5', 'node/%', 'Corporate Leasing', 0x613a323a7b733a31303a2261747472696275746573223b613a313a7b733a353a227469746c65223b733a303a22223b7d733a353a22616c746572223b623a313b7d, 'menu', 0, 0, 0, 0, -50, 1, 1, 1316, 0, 0, 0, 0, 0, 0, 0, 0, 0),
('menu-footer-menu', 1318, 0, 'node/716', 'node/%', 'Our approach', 0x613a323a7b733a31303a2261747472696275746573223b613a313a7b733a353a227469746c65223b733a303a22223b7d733a353a22616c746572223b623a313b7d, 'menu', 0, 0, 0, 0, 0, 1, 1, 1318, 0, 0, 0, 0, 0, 0, 0, 0, 0),
('menu-footer-menu', 1319, 0, 'node/717', 'node/%', 'What our clients say', 0x613a323a7b733a31303a2261747472696275746573223b613a313a7b733a353a227469746c65223b733a303a22223b7d733a353a22616c746572223b623a313b7d, 'menu', 1, 0, 0, 0, 0, 1, 1, 1319, 0, 0, 0, 0, 0, 0, 0, 0, 0),
('menu-footer-menu', 1320, 0, 'node/718', 'node/%', 'Partnership', 0x613a323a7b733a31303a2261747472696275746573223b613a313a7b733a353a227469746c65223b733a303a22223b7d733a353a22616c746572223b623a313b7d, 'menu', 1, 0, 0, 0, 0, 1, 1, 1320, 0, 0, 0, 0, 0, 0, 0, 0, 0),
('menu-footer-menu', 1321, 0, 'node/719', 'node/%', 'Our team', 0x613a323a7b733a31303a2261747472696275746573223b613a313a7b733a353a227469746c65223b733a303a22223b7d733a353a22616c746572223b623a313b7d, 'menu', 0, 0, 0, 0, 0, 1, 1, 1321, 0, 0, 0, 0, 0, 0, 0, 0, 0),
('menu-footer-menu2', 1322, 0, 'node/6', 'node/%', 'Retail Leasing', 0x613a323a7b733a31303a2261747472696275746573223b613a313a7b733a353a227469746c65223b733a303a22223b7d733a353a22616c746572223b623a313b7d, 'menu', 0, 0, 0, 0, -47, 1, 1, 1322, 0, 0, 0, 0, 0, 0, 0, 0, 0),
('menu-footer-menu2', 1323, 0, 'node/7', 'node/%', 'Investment Advisory', 0x613a323a7b733a31303a2261747472696275746573223b613a313a7b733a353a227469746c65223b733a303a22223b7d733a353a22616c746572223b623a313b7d, 'menu', 0, 0, 0, 0, -48, 1, 1, 1323, 0, 0, 0, 0, 0, 0, 0, 0, 0),
('menu-footer-menu2', 1324, 0, 'node/8', 'node/%', 'Transaction Management', 0x613a323a7b733a31303a2261747472696275746573223b613a313a7b733a353a227469746c65223b733a303a22223b7d733a353a22616c746572223b623a313b7d, 'menu', 0, 0, 0, 0, -46, 1, 1, 1324, 0, 0, 0, 0, 0, 0, 0, 0, 0),
('menu-footer-menu2', 1325, 0, 'node/9', 'node/%', 'Exclusive Representation', 0x613a323a7b733a31303a2261747472696275746573223b613a313a7b733a353a227469746c65223b733a303a22223b7d733a353a22616c746572223b623a313b7d, 'menu', 0, 0, 0, 0, -49, 1, 1, 1325, 0, 0, 0, 0, 0, 0, 0, 0, 0),
('management', 1326, 19, 'admin/reports/views-plugins', 'admin/reports/views-plugins', 'Views plugins', 0x613a323a7b733a31303a2261747472696275746573223b613a313a7b733a353a227469746c65223b733a33383a224f76657276696577206f6620706c7567696e73207573656420696e20616c6c2076696577732e223b7d733a353a22616c746572223b623a313b7d, 'system', 0, 0, 0, 0, 0, 3, 0, 1, 19, 1326, 0, 0, 0, 0, 0, 0, 0),
('management', 1327, 42, 'admin/reports/fields/list', 'admin/reports/fields/list', 'List', 0x613a313a7b733a353a22616c746572223b623a313b7d, 'system', -1, 0, 0, 0, -10, 4, 0, 1, 19, 42, 1327, 0, 0, 0, 0, 0, 0),
('management', 1328, 42, 'admin/reports/fields/views-fields', 'admin/reports/fields/views-fields', 'Used in views', 0x613a323a7b733a31303a2261747472696275746573223b613a313a7b733a353a227469746c65223b733a33373a224f76657276696577206f66206669656c6473207573656420696e20616c6c2076696577732e223b7d733a353a22616c746572223b623a313b7d, 'system', -1, 0, 0, 0, 0, 4, 0, 1, 19, 42, 1328, 0, 0, 0, 0, 0, 0),
('management', 1383, 12, 'admin/help/views_slideshow', 'admin/help/views_slideshow', 'views_slideshow', 0x613a313a7b733a353a22616c746572223b623a313b7d, 'system', -1, 0, 0, 0, 0, 3, 0, 1, 12, 1383, 0, 0, 0, 0, 0, 0, 0),
('navigation', 1384, 6, 'node/add/our-services', 'node/add/our-services', 'Our Services', 0x613a323a7b733a31303a2261747472696275746573223b613a313a7b733a353a227469746c65223b733a34343a224f757220736572766963657320736c69646573686f77207573696e6720766965777320736c69646573686f77223b7d733a353a22616c746572223b623a313b7d, 'system', 0, 0, 0, 0, 0, 2, 0, 6, 1384, 0, 0, 0, 0, 0, 0, 0, 0),
('management', 1386, 12, 'admin/help/views_slideshow_cycle', 'admin/help/views_slideshow_cycle', 'views_slideshow_cycle', 0x613a313a7b733a353a22616c746572223b623a313b7d, 'system', -1, 0, 0, 0, 0, 3, 0, 1, 12, 1386, 0, 0, 0, 0, 0, 0, 0),
('management', 1387, 12, 'admin/help/jcarousel', 'admin/help/jcarousel', 'jcarousel', 0x613a313a7b733a353a22616c746572223b623a313b7d, 'system', -1, 0, 0, 0, 0, 3, 0, 1, 12, 1387, 0, 0, 0, 0, 0, 0, 0),
('main-menu', 1388, 0, 'admin/enquiries', 'admin/enquiries', 'Enquiries', 0x613a313a7b733a353a22616c746572223b623a313b7d, 'system', 0, 0, 0, 0, -37, 1, 1, 1388, 0, 0, 0, 0, 0, 0, 0, 0, 0),
('navigation', 1391, 6, 'node/add/events', 'node/add/events', 'Events', 0x613a313a7b733a353a22616c746572223b623a313b7d, 'system', 0, 0, 0, 0, 0, 2, 0, 6, 1391, 0, 0, 0, 0, 0, 0, 0, 0),
('management', 1392, 47, 'admin/structure/menu/manage/menu-logout', 'admin/structure/menu/manage/%', 'logout', 0x613a313a7b733a353a22616c746572223b623a313b7d, 'menu', 0, 0, 0, 0, 0, 4, 0, 1, 21, 47, 1392, 0, 0, 0, 0, 0, 0),
('menu-logout', 1393, 0, 'http://furnishedofficebangalore.dev-fsit.com/user/logout', '', 'logout', 0x613a323a7b733a31303a2261747472696275746573223b613a313a7b733a353a227469746c65223b733a303a22223b7d733a353a22616c746572223b623a313b7d, 'menu', 0, 1, 0, 0, 0, 1, 1, 1393, 0, 0, 0, 0, 0, 0, 0, 0, 0),
('main-menu', 1396, 0, 'testimonials', 'testimonials', 'Testimonials', 0x613a313a7b733a353a22616c746572223b623a313b7d, 'system', 1, 0, 0, 0, -35, 1, 1, 1396, 0, 0, 0, 0, 0, 0, 0, 0, 0),
('devel', 1398, 0, 'devel/settings', 'devel/settings', 'Devel settings', 0x613a323a7b733a31303a2261747472696275746573223b613a313a7b733a353a227469746c65223b733a3136383a2248656c7065722066756e6374696f6e732c2070616765732c20616e6420626c6f636b7320746f206173736973742044727570616c20646576656c6f706572732e2054686520646576656c20626c6f636b732063616e206265206d616e616765642076696120746865203c6120687265663d222f61646d696e2f7374727563747572652f626c6f636b223e626c6f636b2061646d696e697374726174696f6e3c2f613e20706167652e223b7d733a353a22616c746572223b623a313b7d, 'system', 0, 0, 0, 0, 0, 1, 0, 1398, 0, 0, 0, 0, 0, 0, 0, 0, 0),
('devel', 1399, 0, 'devel/php', 'devel/php', 'Execute PHP Code', 0x613a323a7b733a31303a2261747472696275746573223b613a313a7b733a353a227469746c65223b733a32313a224578656375746520736f6d652050485020636f6465223b7d733a353a22616c746572223b623a313b7d, 'system', 0, 0, 0, 0, 0, 1, 0, 1399, 0, 0, 0, 0, 0, 0, 0, 0, 0),
('devel', 1400, 0, 'devel/reference', 'devel/reference', 'Function reference', 0x613a323a7b733a31303a2261747472696275746573223b613a313a7b733a353a227469746c65223b733a37333a22566965772061206c697374206f662063757272656e746c7920646566696e656420757365722066756e6374696f6e73207769746820646f63756d656e746174696f6e206c696e6b732e223b7d733a353a22616c746572223b623a313b7d, 'system', 0, 0, 0, 0, 0, 1, 0, 1400, 0, 0, 0, 0, 0, 0, 0, 0, 0),
('devel', 1401, 0, 'devel/elements', 'devel/elements', 'Hook_elements()', 0x613a323a7b733a31303a2261747472696275746573223b613a313a7b733a353a227469746c65223b733a35313a2256696577207468652061637469766520666f726d2f72656e64657220656c656d656e747320666f72207468697320736974652e223b7d733a353a22616c746572223b623a313b7d, 'system', 0, 0, 0, 0, 0, 1, 0, 1401, 0, 0, 0, 0, 0, 0, 0, 0, 0),
('devel', 1402, 0, 'devel/phpinfo', 'devel/phpinfo', 'PHPinfo()', 0x613a323a7b733a31303a2261747472696275746573223b613a313a7b733a353a227469746c65223b733a33363a225669657720796f75722073657276657227732050485020636f6e66696775726174696f6e223b7d733a353a22616c746572223b623a313b7d, 'system', 0, 0, 0, 0, 0, 1, 0, 1402, 0, 0, 0, 0, 0, 0, 0, 0, 0),
('devel', 1403, 0, 'devel/reinstall', 'devel/reinstall', 'Reinstall modules', 0x613a323a7b733a31303a2261747472696275746573223b613a313a7b733a353a227469746c65223b733a36343a2252756e20686f6f6b5f756e696e7374616c6c282920616e64207468656e20686f6f6b5f696e7374616c6c282920666f72206120676976656e206d6f64756c652e223b7d733a353a22616c746572223b623a313b7d, 'system', 0, 0, 0, 0, 0, 1, 0, 1403, 0, 0, 0, 0, 0, 0, 0, 0, 0),
('devel', 1404, 0, 'devel/run-cron', 'devel/run-cron', 'Run cron', 0x613a313a7b733a353a22616c746572223b623a313b7d, 'system', 0, 0, 0, 0, 0, 1, 0, 1404, 0, 0, 0, 0, 0, 0, 0, 0, 0),
('devel', 1405, 0, 'devel/session', 'devel/session', 'Session viewer', 0x613a323a7b733a31303a2261747472696275746573223b613a313a7b733a353a227469746c65223b733a33313a224c6973742074686520636f6e74656e7473206f6620245f53455353494f4e2e223b7d733a353a22616c746572223b623a313b7d, 'system', 0, 0, 0, 0, 0, 1, 0, 1405, 0, 0, 0, 0, 0, 0, 0, 0, 0),
('devel', 1406, 0, 'devel/variable', 'devel/variable', 'Variable editor', 0x613a323a7b733a31303a2261747472696275746573223b613a313a7b733a353a227469746c65223b733a33313a224564697420616e642064656c6574652073697465207661726961626c65732e223b7d733a353a22616c746572223b623a313b7d, 'system', 0, 0, 0, 0, 0, 1, 0, 1406, 0, 0, 0, 0, 0, 0, 0, 0, 0),
('devel', 1408, 0, 'devel/cache/clear', 'devel/cache/clear', 'Clear cache', 0x613a323a7b733a31303a2261747472696275746573223b613a313a7b733a353a227469746c65223b733a3130303a22436c656172207468652043535320636163686520616e6420616c6c206461746162617365206361636865207461626c65732077686963682073746f726520706167652c206e6f64652c207468656d6520616e64207661726961626c65206361636865732e223b7d733a353a22616c746572223b623a313b7d, 'system', 0, 0, 0, 0, 0, 1, 0, 1408, 0, 0, 0, 0, 0, 0, 0, 0, 0),
('navigation', 1409, 5, 'node/%/devel', 'node/%/devel', 'Devel', 0x613a313a7b733a353a22616c746572223b623a313b7d, 'system', -1, 0, 0, 0, 100, 2, 0, 5, 1409, 0, 0, 0, 0, 0, 0, 0, 0),
('navigation', 1410, 17, 'user/%/devel', 'user/%/devel', 'Devel', 0x613a313a7b733a353a22616c746572223b623a313b7d, 'system', -1, 0, 0, 0, 100, 2, 0, 17, 1410, 0, 0, 0, 0, 0, 0, 0, 0),
('devel', 1411, 0, 'devel/entity/info', 'devel/entity/info', 'Entity info', 0x613a323a7b733a31303a2261747472696275746573223b613a313a7b733a353a227469746c65223b733a34363a225669657720656e7469747920696e666f726d6174696f6e206163726f7373207468652077686f6c6520736974652e223b7d733a353a22616c746572223b623a313b7d, 'system', 0, 0, 0, 0, 0, 1, 0, 1411, 0, 0, 0, 0, 0, 0, 0, 0, 0),
('devel', 1412, 0, 'devel/field/info', 'devel/field/info', 'Field info', 0x613a323a7b733a31303a2261747472696275746573223b613a313a7b733a353a227469746c65223b733a34363a2256696577206669656c647320696e666f726d6174696f6e206163726f7373207468652077686f6c6520736974652e223b7d733a353a22616c746572223b623a313b7d, 'system', 0, 0, 0, 0, 0, 1, 0, 1412, 0, 0, 0, 0, 0, 0, 0, 0, 0),
('devel', 1413, 0, 'devel/menu/item', 'devel/menu/item', 'Menu item', 0x613a323a7b733a31303a2261747472696275746573223b613a313a7b733a353a227469746c65223b733a33323a2244657461696c732061626f7574206120676976656e206d656e75206974656d2e223b7d733a353a22616c746572223b623a313b7d, 'system', 0, 0, 0, 0, 0, 1, 0, 1413, 0, 0, 0, 0, 0, 0, 0, 0, 0),
('devel', 1414, 0, 'devel/menu/reset', 'devel/menu/reset', 'Rebuild menus', 0x613a323a7b733a31303a2261747472696275746573223b613a313a7b733a353a227469746c65223b733a3131333a2252656275696c64206d656e75206261736564206f6e20686f6f6b5f6d656e75282920616e642072657665727420616e7920637573746f6d206368616e6765732e20416c6c206d656e75206974656d732072657475726e20746f2074686569722064656661756c742073657474696e67732e223b7d733a353a22616c746572223b623a313b7d, 'system', 0, 0, 0, 0, 0, 1, 0, 1414, 0, 0, 0, 0, 0, 0, 0, 0, 0),
('devel', 1415, 0, 'devel/theme/registry', 'devel/theme/registry', 'Theme registry', 0x613a323a7b733a31303a2261747472696275746573223b613a313a7b733a353a227469746c65223b733a36333a22566965772061206c697374206f6620617661696c61626c65207468656d652066756e6374696f6e73206163726f7373207468652077686f6c6520736974652e223b7d733a353a22616c746572223b623a313b7d, 'system', 0, 0, 0, 0, 0, 1, 0, 1415, 0, 0, 0, 0, 0, 0, 0, 0, 0),
('management', 1416, 12, 'admin/help/devel', 'admin/help/devel', 'devel', 0x613a313a7b733a353a22616c746572223b623a313b7d, 'system', -1, 0, 0, 0, 0, 3, 0, 1, 12, 1416, 0, 0, 0, 0, 0, 0, 0),
('navigation', 1420, 27, 'taxonomy/term/%/devel', 'taxonomy/term/%/devel', 'Devel', 0x613a313a7b733a353a22616c746572223b623a313b7d, 'system', -1, 0, 0, 0, 100, 2, 0, 27, 1420, 0, 0, 0, 0, 0, 0, 0, 0),
('management', 1421, 39, 'admin/config/development/devel', 'admin/config/development/devel', 'Devel settings', 0x613a323a7b733a31303a2261747472696275746573223b613a313a7b733a353a227469746c65223b733a3136383a2248656c7065722066756e6374696f6e732c2070616765732c20616e6420626c6f636b7320746f206173736973742044727570616c20646576656c6f706572732e2054686520646576656c20626c6f636b732063616e206265206d616e616765642076696120746865203c6120687265663d222f61646d696e2f7374727563747572652f626c6f636b223e626c6f636b2061646d696e697374726174696f6e3c2f613e20706167652e223b7d733a353a22616c746572223b623a313b7d, 'system', 0, 0, 0, 0, 0, 4, 0, 1, 8, 39, 1421, 0, 0, 0, 0, 0, 0),
('navigation', 1422, 1410, 'user/%/devel/load', 'user/%/devel/load', 'Load', 0x613a313a7b733a353a22616c746572223b623a313b7d, 'system', -1, 0, 0, 0, 0, 3, 0, 17, 1410, 1422, 0, 0, 0, 0, 0, 0, 0),
('navigation', 1423, 1409, 'node/%/devel/load', 'node/%/devel/load', 'Load', 0x613a313a7b733a353a22616c746572223b623a313b7d, 'system', -1, 0, 0, 0, 0, 3, 0, 5, 1409, 1423, 0, 0, 0, 0, 0, 0, 0),
('navigation', 1424, 1409, 'node/%/devel/render', 'node/%/devel/render', 'Render', 0x613a313a7b733a353a22616c746572223b623a313b7d, 'system', -1, 0, 0, 0, 100, 3, 0, 5, 1409, 1424, 0, 0, 0, 0, 0, 0, 0),
('navigation', 1425, 1410, 'user/%/devel/render', 'user/%/devel/render', 'Render', 0x613a313a7b733a353a22616c746572223b623a313b7d, 'system', -1, 0, 0, 0, 100, 3, 0, 17, 1410, 1425, 0, 0, 0, 0, 0, 0, 0),
('navigation', 1426, 1410, 'user/%/devel/token', 'user/%/devel/token', 'Tokens', 0x613a313a7b733a353a22616c746572223b623a313b7d, 'system', -1, 0, 0, 0, 5, 3, 0, 17, 1410, 1426, 0, 0, 0, 0, 0, 0, 0),
('navigation', 1427, 1409, 'node/%/devel/token', 'node/%/devel/token', 'Tokens', 0x613a313a7b733a353a22616c746572223b623a313b7d, 'system', -1, 0, 0, 0, 5, 3, 0, 5, 1409, 1427, 0, 0, 0, 0, 0, 0, 0),
('navigation', 1428, 1420, 'taxonomy/term/%/devel/load', 'taxonomy/term/%/devel/load', 'Load', 0x613a313a7b733a353a22616c746572223b623a313b7d, 'system', -1, 0, 0, 0, 0, 3, 0, 27, 1420, 1428, 0, 0, 0, 0, 0, 0, 0),
('navigation', 1429, 1420, 'taxonomy/term/%/devel/render', 'taxonomy/term/%/devel/render', 'Render', 0x613a313a7b733a353a22616c746572223b623a313b7d, 'system', -1, 0, 0, 0, 100, 3, 0, 27, 1420, 1429, 0, 0, 0, 0, 0, 0, 0),
('navigation', 1430, 1420, 'taxonomy/term/%/devel/token', 'taxonomy/term/%/devel/token', 'Tokens', 0x613a313a7b733a353a22616c746572223b623a313b7d, 'system', -1, 0, 0, 0, 5, 3, 0, 27, 1420, 1430, 0, 0, 0, 0, 0, 0, 0),
('management', 1431, 19, 'admin/reports/hacked', 'admin/reports/hacked', 'Hacked', 0x613a323a7b733a31303a2261747472696275746573223b613a313a7b733a353a227469746c65223b733a36363a22476574206120636f6465206861636b696e67207265706f72742061626f757420796f757220696e7374616c6c6564206d6f64756c657320616e64207468656d65732e223b7d733a353a22616c746572223b623a313b7d, 'system', 0, 0, 0, 0, 10, 3, 0, 1, 19, 1431, 0, 0, 0, 0, 0, 0, 0),
('management', 1432, 1431, 'admin/reports/hacked/list', 'admin/reports/hacked/list', 'List projects', 0x613a313a7b733a353a22616c746572223b623a313b7d, 'system', -1, 0, 0, 0, 0, 4, 0, 1, 19, 1431, 1432, 0, 0, 0, 0, 0, 0),
('management', 1433, 1431, 'admin/reports/hacked/settings', 'admin/reports/hacked/settings', 'Settings', 0x613a313a7b733a353a22616c746572223b623a313b7d, 'system', -1, 0, 0, 0, 0, 4, 0, 1, 19, 1431, 1433, 0, 0, 0, 0, 0, 0),
('main-menu', 1434, 0, 'user/logout', 'user/logout', 'Logout', 0x613a323a7b733a31303a2261747472696275746573223b613a313a7b733a353a227469746c65223b733a303a22223b7d733a353a22616c746572223b623a313b7d, 'menu', 0, 0, 0, 0, -36, 1, 1, 1434, 0, 0, 0, 0, 0, 0, 0, 0, 0),
('menu-footer-menu2', 1435, 0, 'node/726', 'node/%', '  Business Incubation Services', 0x613a323a7b733a31303a2261747472696275746573223b613a313a7b733a353a227469746c65223b733a303a22223b7d733a353a22616c746572223b623a313b7d, 'menu', 0, 0, 0, 0, -45, 1, 1, 1435, 0, 0, 0, 0, 0, 0, 0, 0, 0),
('navigation', 1438, 0, 'media/%', 'media/%', '', 0x613a313a7b733a353a22616c746572223b623a313b7d, 'system', 0, 0, 1, 0, 0, 1, 0, 1438, 0, 0, 0, 0, 0, 0, 0, 0, 0),
('navigation', 1439, 1438, 'media/%/delete', 'media/%/delete', 'Delete', 0x613a313a7b733a353a22616c746572223b623a313b7d, 'system', -1, 0, 0, 0, 1, 2, 0, 1438, 1439, 0, 0, 0, 0, 0, 0, 0, 0),
('navigation', 1440, 1438, 'media/%/edit', 'media/%/edit', 'Edit', 0x613a313a7b733a353a22616c746572223b623a313b7d, 'system', -1, 0, 0, 0, 0, 2, 0, 1438, 1440, 0, 0, 0, 0, 0, 0, 0, 0),
('navigation', 1441, 1438, 'media/%/multiedit', 'media/%/multiedit', 'Multi Edit', 0x613a313a7b733a353a22616c746572223b623a313b7d, 'system', 0, 0, 0, 0, 0, 2, 0, 1438, 1441, 0, 0, 0, 0, 0, 0, 0, 0),
('navigation', 1442, 1438, 'media/%/format-form', 'media/%/format-form', 'Style selector', 0x613a323a7b733a31303a2261747472696275746573223b613a313a7b733a353a227469746c65223b733a33363a2243686f6f7365206120666f726d617420666f722061207069656365206f66206d65646961223b7d733a353a22616c746572223b623a313b7d, 'system', 0, 0, 0, 0, 0, 2, 0, 1438, 1442, 0, 0, 0, 0, 0, 0, 0, 0),
('navigation', 1443, 1438, 'media/%/view', 'media/%/view', 'View', 0x613a313a7b733a353a22616c746572223b623a313b7d, 'system', -1, 0, 0, 0, -10, 2, 0, 1438, 1443, 0, 0, 0, 0, 0, 0, 0, 0),
('management', 1444, 9, 'admin/content/media', 'admin/content/media', 'Media', 0x613a323a7b733a31303a2261747472696275746573223b613a313a7b733a353a227469746c65223b733a33313a224d616e6167652066696c65732075736564206f6e20796f757220736974652e223b7d733a353a22616c746572223b623a313b7d, 'system', 0, 0, 0, 0, 0, 3, 0, 1, 9, 1444, 0, 0, 0, 0, 0, 0, 0),
('management', 1445, 12, 'admin/help/file_entity', 'admin/help/file_entity', 'file_entity', 0x613a313a7b733a353a22616c746572223b623a313b7d, 'system', -1, 0, 0, 0, 0, 3, 0, 1, 12, 1445, 0, 0, 0, 0, 0, 0, 0),
('management', 1446, 12, 'admin/help/media', 'admin/help/media', 'media', 0x613a313a7b733a353a22616c746572223b623a313b7d, 'system', -1, 0, 0, 0, 0, 3, 0, 1, 12, 1446, 0, 0, 0, 0, 0, 0, 0),
('management', 1448, 46, 'admin/config/media/file-types', 'admin/config/media/file-types', 'File types', 0x613a323a7b733a31303a2261747472696275746573223b613a313a7b733a353a227469746c65223b733a33313a224d616e6167652066696c65732075736564206f6e20796f757220736974652e223b7d733a353a22616c746572223b623a313b7d, 'system', 0, 0, 1, 0, 0, 4, 0, 1, 8, 46, 1448, 0, 0, 0, 0, 0, 0),
('management', 1449, 1444, 'admin/content/media/import', 'admin/content/media/import', 'Import media', 0x613a323a7b733a31303a2261747472696275746573223b613a313a7b733a353a227469746c65223b733a33373a22496d706f72742066696c657320696e746f20796f7572206d65646961206c6962726172792e223b7d733a353a22616c746572223b623a313b7d, 'system', -1, 0, 0, 0, 0, 4, 0, 1, 9, 1444, 1449, 0, 0, 0, 0, 0, 0),
('management', 1450, 46, 'admin/config/media/browser', 'admin/config/media/browser', 'Media browser settings', 0x613a323a7b733a31303a2261747472696275746573223b613a313a7b733a353a227469746c65223b733a35363a22436f6e66696775726520746865206265686176696f7220616e6420646973706c6179206f6620746865206d656469612062726f777365722e223b7d733a353a22616c746572223b623a313b7d, 'system', 0, 0, 0, 0, 0, 4, 0, 1, 8, 46, 1450, 0, 0, 0, 0, 0, 0),
('management', 1451, 46, 'admin/config/media/rebuild_types', 'admin/config/media/rebuild_types', 'Rebuild type information for media', 0x613a323a7b733a31303a2261747472696275746573223b613a313a7b733a353a227469746c65223b733a37393a22496e2063617365207468657265206172652066696c657320696e2066696c655f6d616e6167656420772f6f206120747970652c20746869732066756e6374696f6e2072656275696c6473207468656d223b7d733a353a22616c746572223b623a313b7d, 'system', 0, 0, 0, 0, 0, 4, 0, 1, 8, 46, 1451, 0, 0, 0, 0, 0, 0),
('management', 1452, 1448, 'admin/config/media/file-types/manage/%', 'admin/config/media/file-types/manage/%', 'Manage file types', 0x613a323a7b733a31303a2261747472696275746573223b613a313a7b733a353a227469746c65223b733a33313a224d616e6167652066696c65732075736564206f6e20796f757220736974652e223b7d733a353a22616c746572223b623a313b7d, 'system', 0, 0, 0, 0, 0, 5, 0, 1, 8, 46, 1448, 1452, 0, 0, 0, 0, 0),
('management', 1456, 1452, 'admin/config/media/file-types/manage/%/file-display', 'admin/config/media/file-types/manage/%/file-display', 'Manage file display', 0x613a313a7b733a353a22616c746572223b623a313b7d, 'system', -1, 0, 0, 0, 3, 6, 0, 1, 8, 46, 1448, 1452, 1456, 0, 0, 0, 0),
('management', 1457, 1456, 'admin/config/media/file-types/manage/%/file-display/default', 'admin/config/media/file-types/manage/%/file-display/default', 'Default', 0x613a313a7b733a353a22616c746572223b623a313b7d, 'system', -1, 0, 0, 0, -10, 7, 0, 1, 8, 46, 1448, 1452, 1456, 1457, 0, 0, 0),
('management', 1459, 1456, 'admin/config/media/file-types/manage/%/file-display/media_large', 'admin/config/media/file-types/manage/%/file-display/media_large', 'Large', 0x613a313a7b733a353a22616c746572223b623a313b7d, 'system', -1, 0, 0, 0, 3, 7, 0, 1, 8, 46, 1448, 1452, 1456, 1459, 0, 0, 0),
('management', 1461, 1456, 'admin/config/media/file-types/manage/%/file-display/media_link', 'admin/config/media/file-types/manage/%/file-display/media_link', 'Link', 0x613a313a7b733a353a22616c746572223b623a313b7d, 'system', -1, 0, 0, 0, 0, 7, 0, 1, 8, 46, 1448, 1452, 1456, 1461, 0, 0, 0),
('management', 1463, 1456, 'admin/config/media/file-types/manage/%/file-display/media_original', 'admin/config/media/file-types/manage/%/file-display/media_original', 'Original', 0x613a313a7b733a353a22616c746572223b623a313b7d, 'system', -1, 0, 0, 0, 4, 7, 0, 1, 8, 46, 1448, 1452, 1456, 1463, 0, 0, 0),
('management', 1465, 1456, 'admin/config/media/file-types/manage/%/file-display/media_preview', 'admin/config/media/file-types/manage/%/file-display/media_preview', 'Preview', 0x613a313a7b733a353a22616c746572223b623a313b7d, 'system', -1, 0, 0, 0, 1, 7, 0, 1, 8, 46, 1448, 1452, 1456, 1465, 0, 0, 0),
('management', 1467, 1456, 'admin/config/media/file-types/manage/%/file-display/media_small', 'admin/config/media/file-types/manage/%/file-display/media_small', 'Small', 0x613a313a7b733a353a22616c746572223b623a313b7d, 'system', -1, 0, 0, 0, 2, 7, 0, 1, 8, 46, 1448, 1452, 1456, 1467, 0, 0, 0),
('management', 1469, 1456, 'admin/config/media/file-types/manage/%/file-display/token', 'admin/config/media/file-types/manage/%/file-display/token', 'Tokens', 0x613a313a7b733a353a22616c746572223b623a313b7d, 'system', -1, 0, 0, 0, 5, 7, 0, 1, 8, 46, 1448, 1452, 1456, 1469, 0, 0, 0),
('management', 1478, 12, 'admin/help/metatag', 'admin/help/metatag', 'metatag', 0x613a313a7b733a353a22616c746572223b623a313b7d, 'system', -1, 0, 0, 0, 0, 3, 0, 1, 12, 1478, 0, 0, 0, 0, 0, 0, 0),
('management', 1479, 53, 'admin/config/search/metatags', 'admin/config/search/metatags', 'Metatag', 0x613a323a7b733a31303a2261747472696275746573223b613a313a7b733a353a227469746c65223b733a32373a22436f6e666967757265204d6574617461672064656661756c74732e223b7d733a353a22616c746572223b623a313b7d, 'system', 0, 0, 0, 0, 0, 4, 0, 1, 8, 53, 1479, 0, 0, 0, 0, 0, 0),
('management', 1480, 1479, 'admin/config/search/metatags/bulk-revert', 'admin/config/search/metatags/bulk-revert', 'Bulk revert', 0x613a313a7b733a353a22616c746572223b623a313b7d, 'system', -1, 0, 0, 0, 40, 5, 0, 1, 8, 53, 1479, 1480, 0, 0, 0, 0, 0),
('management', 1481, 1479, 'admin/config/search/metatags/config', 'admin/config/search/metatags/config', 'Defaults', 0x613a313a7b733a353a22616c746572223b623a313b7d, 'system', -1, 0, 1, 0, -10, 5, 0, 1, 8, 53, 1479, 1481, 0, 0, 0, 0, 0),
('management', 1482, 1479, 'admin/config/search/metatags/settings', 'admin/config/search/metatags/settings', 'Settings', 0x613a313a7b733a353a22616c746572223b623a313b7d, 'system', -1, 0, 0, 0, 30, 5, 0, 1, 8, 53, 1479, 1482, 0, 0, 0, 0, 0),
('management', 1483, 1481, 'admin/config/search/metatags/config/%', 'admin/config/search/metatags/config/%', '', 0x613a313a7b733a353a22616c746572223b623a313b7d, 'system', 0, 0, 1, 0, 0, 6, 0, 1, 8, 53, 1479, 1481, 1483, 0, 0, 0, 0),
('management', 1484, 1481, 'admin/config/search/metatags/config/add', 'admin/config/search/metatags/config/add', 'Add default meta tags', 0x613a313a7b733a353a22616c746572223b623a313b7d, 'system', -1, 0, 0, 0, 0, 6, 0, 1, 8, 53, 1479, 1481, 1484, 0, 0, 0, 0),
('management', 1486, 1483, 'admin/config/search/metatags/config/%/delete', 'admin/config/search/metatags/config/%/delete', 'Delete', 0x613a313a7b733a353a22616c746572223b623a313b7d, 'system', 0, 0, 0, 0, 0, 7, 0, 1, 8, 53, 1479, 1481, 1483, 1486, 0, 0, 0),
('management', 1487, 1483, 'admin/config/search/metatags/config/%/disable', 'admin/config/search/metatags/config/%/disable', 'Disable', 0x613a313a7b733a353a22616c746572223b623a313b7d, 'system', 0, 0, 0, 0, 0, 7, 0, 1, 8, 53, 1479, 1481, 1483, 1487, 0, 0, 0),
('management', 1488, 1483, 'admin/config/search/metatags/config/%/edit', 'admin/config/search/metatags/config/%/edit', 'Edit', 0x613a313a7b733a353a22616c746572223b623a313b7d, 'system', -1, 0, 0, 0, -10, 7, 0, 1, 8, 53, 1479, 1481, 1483, 1488, 0, 0, 0),
('management', 1489, 1483, 'admin/config/search/metatags/config/%/enable', 'admin/config/search/metatags/config/%/enable', 'Enable', 0x613a313a7b733a353a22616c746572223b623a313b7d, 'system', 0, 0, 0, 0, 0, 7, 0, 1, 8, 53, 1479, 1481, 1483, 1489, 0, 0, 0);
INSERT INTO `menu_links` (`menu_name`, `mlid`, `plid`, `link_path`, `router_path`, `link_title`, `options`, `module`, `hidden`, `external`, `has_children`, `expanded`, `weight`, `depth`, `customized`, `p1`, `p2`, `p3`, `p4`, `p5`, `p6`, `p7`, `p8`, `p9`, `updated`) VALUES
('management', 1490, 1483, 'admin/config/search/metatags/config/%/export', 'admin/config/search/metatags/config/%/export', 'Export', 0x613a313a7b733a353a22616c746572223b623a313b7d, 'system', -1, 0, 0, 0, 10, 7, 0, 1, 8, 53, 1479, 1481, 1483, 1490, 0, 0, 0),
('management', 1491, 1483, 'admin/config/search/metatags/config/%/revert', 'admin/config/search/metatags/config/%/revert', 'Revert', 0x613a313a7b733a353a22616c746572223b623a313b7d, 'system', -1, 0, 0, 0, 0, 7, 0, 1, 8, 53, 1479, 1481, 1483, 1491, 0, 0, 0),
('navigation', 1492, 6, 'node/add/blog', 'node/add/blog', 'Blog', 0x613a323a7b733a31303a2261747472696275746573223b613a313a7b733a353a227469746c65223b733a33313a22426c6f6720636f6e74656e747320617265206372656174656420686572652e223b7d733a353a22616c746572223b623a313b7d, 'system', 0, 0, 0, 0, 0, 2, 0, 6, 1492, 0, 0, 0, 0, 0, 0, 0, 0),
('main-menu', 1528, 0, 'blog', 'blog', 'Blog', 0x613a323a7b733a31303a2261747472696275746573223b613a313a7b733a353a227469746c65223b733a303a22223b7d733a353a22616c746572223b623a313b7d, 'menu', 0, 0, 0, 0, -45, 1, 1, 1528, 0, 0, 0, 0, 0, 0, 0, 0, 0),
('management', 1529, 12, 'admin/help/sharethis', 'admin/help/sharethis', 'sharethis', 0x613a313a7b733a353a22616c746572223b623a313b7d, 'system', -1, 0, 0, 0, 0, 3, 0, 1, 12, 1529, 0, 0, 0, 0, 0, 0, 0),
('management', 1530, 64, 'admin/config/services/sharethis', 'admin/config/services/sharethis', 'ShareThis', 0x613a323a7b733a31303a2261747472696275746573223b613a313a7b733a353a227469746c65223b733a39313a2243686f6f736520746865207769646765742c20627574746f6e2066616d696c792c20616e6420736572766963657320666f72207573696e672053686172655468697320746f20736861726520636f6e74656e74206f6e6c696e652e223b7d733a353a22616c746572223b623a313b7d, 'system', 0, 0, 0, 0, 0, 4, 0, 1, 8, 64, 1530, 0, 0, 0, 0, 0, 0),
('management', 1545, 64, 'admin/config/services/oauth', 'admin/config/services/oauth', 'OAuth', 0x613a323a7b733a31303a2261747472696275746573223b613a313a7b733a353a227469746c65223b733a31383a2253657474696e677320666f72204f41757468223b7d733a353a22616c746572223b623a313b7d, 'system', 0, 0, 0, 0, 0, 4, 0, 1, 8, 64, 1545, 0, 0, 0, 0, 0, 0),
('management', 1549, 1545, 'admin/config/services/oauth/settings', 'admin/config/services/oauth/settings', 'Settings', 0x613a323a7b733a31303a2261747472696275746573223b613a313a7b733a353a227469746c65223b733a31383a2253657474696e677320666f72204f41757468223b7d733a353a22616c746572223b623a313b7d, 'system', -1, 0, 0, 0, 0, 5, 0, 1, 8, 64, 1545, 1549, 0, 0, 0, 0, 0),
('management', 1563, 12, 'admin/help/disqus', 'admin/help/disqus', 'disqus', 0x613a313a7b733a353a22616c746572223b623a313b7d, 'system', -1, 0, 0, 0, 0, 3, 0, 1, 12, 1563, 0, 0, 0, 0, 0, 0, 0),
('management', 1564, 64, 'admin/config/services/disqus', 'admin/config/services/disqus', 'Disqus', 0x613a323a7b733a31303a2261747472696275746573223b613a313a7b733a353a227469746c65223b733a36313a2250726f766964657320636f6e66696775726174696f6e206f7074696f6e7320666f72207468652044697371757320636f6d6d656e742073797374656d2e223b7d733a353a22616c746572223b623a313b7d, 'system', 0, 0, 0, 0, 0, 4, 0, 1, 8, 64, 1564, 0, 0, 0, 0, 0, 0),
('navigation', 1569, 17, 'user/%/imce', 'user/%/imce', 'File browser', 0x613a313a7b733a353a22616c746572223b623a313b7d, 'system', -1, 0, 0, 0, 10, 2, 0, 17, 1569, 0, 0, 0, 0, 0, 0, 0, 0),
('management', 1570, 46, 'admin/config/media/imce', 'admin/config/media/imce', 'IMCE', 0x613a323a7b733a31303a2261747472696275746573223b613a313a7b733a353a227469746c65223b733a34323a22436f6e74726f6c20686f7720796f757220696d6167652f66696c652062726f7773657220776f726b732e223b7d733a353a22616c746572223b623a313b7d, 'system', 0, 0, 0, 0, 0, 4, 0, 1, 8, 46, 1570, 0, 0, 0, 0, 0, 0),
('management', 1571, 1570, 'admin/config/media/imce/profile', 'admin/config/media/imce/profile', 'Add new profile', 0x613a313a7b733a353a22616c746572223b623a313b7d, 'system', -1, 0, 0, 0, 0, 5, 0, 1, 8, 46, 1570, 1571, 0, 0, 0, 0, 0),
('management', 1572, 46, 'admin/config/media/colorbox', 'admin/config/media/colorbox', 'Colorbox', 0x613a323a7b733a31303a2261747472696275746573223b613a313a7b733a353a227469746c65223b733a32353a2241646a75737420436f6c6f72626f782073657474696e67732e223b7d733a353a22616c746572223b623a313b7d, 'system', 0, 0, 0, 0, 0, 4, 0, 1, 8, 46, 1572, 0, 0, 0, 0, 0, 0),
('navigation', 1573, 0, 'comment/%', 'comment/%', 'Comment permalink', 0x613a313a7b733a353a22616c746572223b623a313b7d, 'system', 0, 0, 1, 0, 0, 1, 0, 1573, 0, 0, 0, 0, 0, 0, 0, 0, 0),
('navigation', 1574, 0, 'comment/reply/%', 'comment/reply/%', 'Add new comment', 0x613a313a7b733a353a22616c746572223b623a313b7d, 'system', 0, 0, 0, 0, 0, 1, 0, 1574, 0, 0, 0, 0, 0, 0, 0, 0, 0),
('navigation', 1575, 1573, 'comment/%/approve', 'comment/%/approve', 'Approve', 0x613a313a7b733a353a22616c746572223b623a313b7d, 'system', 0, 0, 0, 0, 1, 2, 0, 1573, 1575, 0, 0, 0, 0, 0, 0, 0, 0),
('navigation', 1576, 1573, 'comment/%/delete', 'comment/%/delete', 'Delete', 0x613a313a7b733a353a22616c746572223b623a313b7d, 'system', -1, 0, 0, 0, 2, 2, 0, 1573, 1576, 0, 0, 0, 0, 0, 0, 0, 0),
('navigation', 1577, 1573, 'comment/%/devel', 'comment/%/devel', 'Devel', 0x613a313a7b733a353a22616c746572223b623a313b7d, 'system', -1, 0, 0, 0, 100, 2, 0, 1573, 1577, 0, 0, 0, 0, 0, 0, 0, 0),
('navigation', 1578, 1573, 'comment/%/edit', 'comment/%/edit', 'Edit', 0x613a313a7b733a353a22616c746572223b623a313b7d, 'system', -1, 0, 0, 0, 0, 2, 0, 1573, 1578, 0, 0, 0, 0, 0, 0, 0, 0),
('navigation', 1579, 1573, 'comment/%/view', 'comment/%/view', 'View comment', 0x613a313a7b733a353a22616c746572223b623a313b7d, 'system', -1, 0, 0, 0, -10, 2, 0, 1573, 1579, 0, 0, 0, 0, 0, 0, 0, 0),
('management', 1580, 9, 'admin/content/comment', 'admin/content/comment', 'Comments', 0x613a323a7b733a31303a2261747472696275746573223b613a313a7b733a353a227469746c65223b733a35393a224c69737420616e642065646974207369746520636f6d6d656e747320616e642074686520636f6d6d656e7420617070726f76616c2071756575652e223b7d733a353a22616c746572223b623a313b7d, 'system', 0, 0, 0, 0, 0, 3, 0, 1, 9, 1580, 0, 0, 0, 0, 0, 0, 0),
('management', 1581, 12, 'admin/help/comment', 'admin/help/comment', 'comment', 0x613a313a7b733a353a22616c746572223b623a313b7d, 'system', -1, 0, 0, 0, 0, 3, 0, 1, 12, 1581, 0, 0, 0, 0, 0, 0, 0),
('navigation', 1582, 1577, 'comment/%/devel/load', 'comment/%/devel/load', 'Load', 0x613a313a7b733a353a22616c746572223b623a313b7d, 'system', -1, 0, 0, 0, 0, 3, 0, 1573, 1577, 1582, 0, 0, 0, 0, 0, 0, 0),
('navigation', 1583, 1577, 'comment/%/devel/render', 'comment/%/devel/render', 'Render', 0x613a313a7b733a353a22616c746572223b623a313b7d, 'system', -1, 0, 0, 0, 100, 3, 0, 1573, 1577, 1583, 0, 0, 0, 0, 0, 0, 0),
('navigation', 1584, 1577, 'comment/%/devel/token', 'comment/%/devel/token', 'Tokens', 0x613a313a7b733a353a22616c746572223b623a313b7d, 'system', -1, 0, 0, 0, 5, 3, 0, 1573, 1577, 1584, 0, 0, 0, 0, 0, 0, 0),
('management', 1586, 1119, 'admin/structure/trigger/comment', 'admin/structure/trigger/comment', 'Comment', 0x613a313a7b733a353a22616c746572223b623a313b7d, 'system', -1, 0, 0, 0, 0, 4, 0, 1, 21, 1119, 1586, 0, 0, 0, 0, 0, 0),
('management', 1587, 1580, 'admin/content/comment/new', 'admin/content/comment/new', 'Published comments', 0x613a313a7b733a353a22616c746572223b623a313b7d, 'system', -1, 0, 0, 0, -10, 4, 0, 1, 9, 1580, 1587, 0, 0, 0, 0, 0, 0),
('management', 1588, 1580, 'admin/content/comment/approval', 'admin/content/comment/approval', 'Unapproved comments', 0x613a313a7b733a353a22616c746572223b623a313b7d, 'system', -1, 0, 0, 0, 0, 4, 0, 1, 9, 1580, 1588, 0, 0, 0, 0, 0, 0),
('management', 1590, 138, 'admin/structure/types/manage/%/comment/display', 'admin/structure/types/manage/%/comment/display', 'Comment display', 0x613a313a7b733a353a22616c746572223b623a313b7d, 'system', -1, 0, 0, 0, 4, 5, 0, 1, 21, 36, 138, 1590, 0, 0, 0, 0, 0),
('management', 1591, 138, 'admin/structure/types/manage/%/comment/fields', 'admin/structure/types/manage/%/comment/fields', 'Comment fields', 0x613a313a7b733a353a22616c746572223b623a313b7d, 'system', -1, 0, 1, 0, 3, 5, 0, 1, 21, 36, 138, 1591, 0, 0, 0, 0, 0),
('management', 1600, 12, 'admin/help/jquery_update', 'admin/help/jquery_update', 'jquery_update', 0x613a313a7b733a353a22616c746572223b623a313b7d, 'system', -1, 0, 0, 0, 0, 3, 0, 1, 12, 1600, 0, 0, 0, 0, 0, 0, 0),
('management', 1601, 39, 'admin/config/development/jquery_update', 'admin/config/development/jquery_update', 'jQuery update', 0x613a323a7b733a31303a2261747472696275746573223b613a313a7b733a353a227469746c65223b733a38333a22436f6e6669677572652073657474696e67732072656c6174656420746f20746865206a517565727920757067726164652c20746865206c696272617279207061746820616e6420636f6d7072657373696f6e2e223b7d733a353a22616c746572223b623a313b7d, 'system', 0, 0, 0, 0, 0, 4, 0, 1, 8, 39, 1601, 0, 0, 0, 0, 0, 0),
('navigation', 1605, 1410, 'user/%/devel/load-by-uuid', 'user/%/devel/load-by-uuid', 'Load by UUID', 0x613a313a7b733a353a22616c746572223b623a313b7d, 'system', -1, 0, 0, 0, 100, 3, 0, 17, 1410, 1605, 0, 0, 0, 0, 0, 0, 0),
('navigation', 1606, 1577, 'comment/%/devel/load-by-uuid', 'comment/%/devel/load-by-uuid', 'Load by UUID', 0x613a313a7b733a353a22616c746572223b623a313b7d, 'system', -1, 0, 0, 0, 100, 3, 0, 1573, 1577, 1606, 0, 0, 0, 0, 0, 0, 0),
('navigation', 1607, 1409, 'node/%/devel/load-by-uuid', 'node/%/devel/load-by-uuid', 'Load by UUID', 0x613a313a7b733a353a22616c746572223b623a313b7d, 'system', -1, 0, 0, 0, 100, 3, 0, 5, 1409, 1607, 0, 0, 0, 0, 0, 0, 0),
('management', 1608, 56, 'admin/config/system/uuid', 'admin/config/system/uuid', 'Universally unique identifiers', 0x613a323a7b733a31303a2261747472696275746573223b613a313a7b733a353a227469746c65223b733a34313a22436f6e66696775726520756e6976657273616c6c7920756e69717565206964656e746966696572732e223b7d733a353a22616c746572223b623a313b7d, 'system', 0, 0, 0, 0, 0, 4, 0, 1, 8, 56, 1608, 0, 0, 0, 0, 0, 0),
('navigation', 1609, 1420, 'taxonomy/term/%/devel/load-by-uuid', 'taxonomy/term/%/devel/load-by-uuid', 'Load by UUID', 0x613a313a7b733a353a22616c746572223b623a313b7d, 'system', -1, 0, 0, 0, 100, 3, 0, 27, 1420, 1609, 0, 0, 0, 0, 0, 0, 0),
('management', 1611, 12, 'admin/help/data_export_import', 'admin/help/data_export_import', 'data_export_import', 0x613a313a7b733a353a22616c746572223b623a313b7d, 'system', -1, 0, 0, 0, 0, 3, 0, 1, 12, 1611, 0, 0, 0, 0, 0, 0, 0),
('management', 1612, 56, 'admin/config/system/data_export_import', 'admin/config/system/data_export_import', 'Data export import', 0x613a323a7b733a31303a2261747472696275746573223b613a313a7b733a353a227469746c65223b733a31383a2244617461206578706f727420696d706f7274223b7d733a353a22616c746572223b623a313b7d, 'system', 0, 0, 0, 0, 0, 4, 0, 1, 8, 56, 1612, 0, 0, 0, 0, 0, 0),
('management', 1613, 1612, 'admin/config/system/data_export_import/nodes', 'admin/config/system/data_export_import/nodes', 'Nodes', 0x613a323a7b733a31303a2261747472696275746573223b613a313a7b733a353a227469746c65223b733a31323a224578706f7274204e6f646573223b7d733a353a22616c746572223b623a313b7d, 'system', -1, 0, 0, 0, 1, 5, 0, 1, 8, 56, 1612, 1613, 0, 0, 0, 0, 0),
('management', 1614, 1612, 'admin/config/system/data_export_import/overview', 'admin/config/system/data_export_import/overview', 'Overview', 0x613a323a7b733a31303a2261747472696275746573223b613a313a7b733a353a227469746c65223b733a33313a2244617461206578706f727420696d706f727420696e74726f64756374696f6e223b7d733a353a22616c746572223b623a313b7d, 'system', -1, 0, 0, 0, 0, 5, 0, 1, 8, 56, 1612, 1614, 0, 0, 0, 0, 0),
('management', 1615, 1612, 'admin/config/system/data_export_import/taxonomy_terms', 'admin/config/system/data_export_import/taxonomy_terms', 'Taxonomy terms', 0x613a323a7b733a31303a2261747472696275746573223b613a313a7b733a353a227469746c65223b733a32313a224578706f7274207461786f6e6f6d79207465726d73223b7d733a353a22616c746572223b623a313b7d, 'system', -1, 0, 0, 0, 4, 5, 0, 1, 8, 56, 1612, 1615, 0, 0, 0, 0, 0),
('management', 1616, 1612, 'admin/config/system/data_export_import/users', 'admin/config/system/data_export_import/users', 'Users', 0x613a323a7b733a31303a2261747472696275746573223b613a313a7b733a353a227469746c65223b733a31323a224578706f7274205573657273223b7d733a353a22616c746572223b623a313b7d, 'system', -1, 0, 0, 0, 7, 5, 0, 1, 8, 56, 1612, 1616, 0, 0, 0, 0, 0),
('management', 1617, 1613, 'admin/config/system/data_export_import/nodes/export', 'admin/config/system/data_export_import/nodes/export', 'Export', 0x613a313a7b733a353a22616c746572223b623a313b7d, 'system', -1, 0, 0, 0, 2, 6, 0, 1, 8, 56, 1612, 1613, 1617, 0, 0, 0, 0),
('management', 1618, 1615, 'admin/config/system/data_export_import/taxonomy_terms/export', 'admin/config/system/data_export_import/taxonomy_terms/export', 'Export', 0x613a313a7b733a353a22616c746572223b623a313b7d, 'system', -1, 0, 0, 0, 5, 6, 0, 1, 8, 56, 1612, 1615, 1618, 0, 0, 0, 0),
('management', 1619, 1616, 'admin/config/system/data_export_import/users/export', 'admin/config/system/data_export_import/users/export', 'Export', 0x613a313a7b733a353a22616c746572223b623a313b7d, 'system', -1, 0, 0, 0, 8, 6, 0, 1, 8, 56, 1612, 1616, 1619, 0, 0, 0, 0),
('management', 1620, 1613, 'admin/config/system/data_export_import/nodes/import', 'admin/config/system/data_export_import/nodes/import', 'Import', 0x613a323a7b733a31303a2261747472696275746573223b613a313a7b733a353a227469746c65223b733a31323a22496d706f7274204e6f646573223b7d733a353a22616c746572223b623a313b7d, 'system', -1, 0, 0, 0, 3, 6, 0, 1, 8, 56, 1612, 1613, 1620, 0, 0, 0, 0),
('management', 1621, 1616, 'admin/config/system/data_export_import/users/import', 'admin/config/system/data_export_import/users/import', 'Import', 0x613a323a7b733a31303a2261747472696275746573223b613a313a7b733a353a227469746c65223b733a31323a22496d706f7274205573657273223b7d733a353a22616c746572223b623a313b7d, 'system', -1, 0, 0, 0, 9, 6, 0, 1, 8, 56, 1612, 1616, 1621, 0, 0, 0, 0),
('management', 1622, 1615, 'admin/config/system/data_export_import/taxonomy_terms/import', 'admin/config/system/data_export_import/taxonomy_terms/import', 'Import', 0x613a323a7b733a31303a2261747472696275746573223b613a313a7b733a353a227469746c65223b733a32313a22496d706f7274207461786f6e6f6d79207465726d73223b7d733a353a22616c746572223b623a313b7d, 'system', -1, 0, 0, 0, 6, 6, 0, 1, 8, 56, 1612, 1615, 1622, 0, 0, 0, 0),
('navigation', 1630, 6, 'node/add/feed', 'node/add/feed', 'Feed', 0x613a323a7b733a31303a2261747472696275746573223b613a313a7b733a353a227469746c65223b733a39363a2253756273637269626520746f20525353206f722041746f6d2066656564732e2043726561746573206e6f646573206f662074686520636f6e74656e742074797065202246656564206974656d222066726f6d206665656420636f6e74656e742e223b7d733a353a22616c746572223b623a313b7d, 'system', 0, 0, 0, 0, 0, 2, 0, 6, 1630, 0, 0, 0, 0, 0, 0, 0, 0),
('navigation', 1631, 6, 'node/add/feed-item', 'node/add/feed-item', 'Feed item', 0x613a323a7b733a31303a2261747472696275746573223b613a313a7b733a353a227469746c65223b733a38303a225468697320636f6e74656e742074797065206973206265696e67207573656420666f72206175746f6d61746963616c6c79206167677265676174656420636f6e74656e742066726f6d2066656564732e223b7d733a353a22616c746572223b623a313b7d, 'system', 0, 0, 0, 0, 0, 2, 0, 6, 1631, 0, 0, 0, 0, 0, 0, 0, 0),
('navigation', 1646, 5, 'node/%/node_export', 'node/%/node_export', 'Node export', 0x613a313a7b733a353a22616c746572223b623a313b7d, 'system', -1, 0, 0, 0, 5, 2, 0, 5, 1646, 0, 0, 0, 0, 0, 0, 0, 0),
('navigation', 1647, 6, 'node/add/node_export', 'node/add/node_export', 'Node export: import', 0x613a323a7b733a31303a2261747472696275746573223b613a313a7b733a353a227469746c65223b733a34323a22496d706f727420636f6e74656e74207573696e67203c656d3e4e6f6465206578706f72743c2f656d3e2e223b7d733a353a22616c746572223b623a313b7d, 'system', 0, 0, 0, 0, 0, 2, 0, 6, 1647, 0, 0, 0, 0, 0, 0, 0, 0),
('management', 1648, 35, 'admin/config/content/node_export', 'admin/config/content/node_export', 'Node export', 0x613a323a7b733a31303a2261747472696275746573223b613a313a7b733a353a227469746c65223b733a33393a22436f6e666967757265207468652073657474696e677320666f72204e6f6465206578706f72742e223b7d733a353a22616c746572223b623a313b7d, 'system', 0, 0, 0, 0, 0, 4, 0, 1, 8, 35, 1648, 0, 0, 0, 0, 0, 0),
('management', 1649, 12, 'admin/help/backup_migrate', 'admin/help/backup_migrate', 'backup_migrate', 0x613a313a7b733a353a22616c746572223b623a313b7d, 'system', -1, 0, 0, 0, 0, 3, 0, 1, 12, 1649, 0, 0, 0, 0, 0, 0, 0),
('management', 1650, 56, 'admin/config/system/backup_migrate', 'admin/config/system/backup_migrate', 'Backup and Migrate', 0x613a323a7b733a31303a2261747472696275746573223b613a313a7b733a353a227469746c65223b733a38363a224261636b75702f726573746f726520796f757220646174616261736520616e642066696c6573206f72206d696772617465206461746120746f206f722066726f6d20616e6f746865722044727570616c20736974652e223b7d733a353a22616c746572223b623a313b7d, 'system', 0, 0, 0, 0, 0, 4, 0, 1, 8, 56, 1650, 0, 0, 0, 0, 0, 0),
('management', 1651, 1650, 'admin/config/system/backup_migrate/export', 'admin/config/system/backup_migrate/export', 'Backup', 0x613a323a7b733a31303a2261747472696275746573223b613a313a7b733a353a227469746c65223b733a32303a224261636b7570207468652064617461626173652e223b7d733a353a22616c746572223b623a313b7d, 'system', -1, 0, 0, 0, 0, 5, 0, 1, 8, 56, 1650, 1651, 0, 0, 0, 0, 0),
('management', 1652, 1650, 'admin/config/system/backup_migrate/nodesquirrel', 'admin/config/system/backup_migrate/nodesquirrel', 'NodeSquirrel', 0x613a313a7b733a353a22616c746572223b623a313b7d, 'system', -1, 0, 0, 0, 10, 5, 0, 1, 8, 56, 1650, 1652, 0, 0, 0, 0, 0),
('management', 1653, 1650, 'admin/config/system/backup_migrate/restore', 'admin/config/system/backup_migrate/restore', 'Restore', 0x613a323a7b733a31303a2261747472696275746573223b613a313a7b733a353a227469746c65223b733a34333a22526573746f7265207468652064617461626173652066726f6d20612070726576696f7573206261636b7570223b7d733a353a22616c746572223b623a313b7d, 'system', -1, 0, 0, 0, 1, 5, 0, 1, 8, 56, 1650, 1653, 0, 0, 0, 0, 0),
('management', 1654, 1650, 'admin/config/system/backup_migrate/backups', 'admin/config/system/backup_migrate/backups', 'Saved Backups', 0x613a323a7b733a31303a2261747472696275746573223b613a313a7b733a353a227469746c65223b733a32363a2250726576696f75736c792063726561746564206261636b757073223b7d733a353a22616c746572223b623a313b7d, 'system', -1, 0, 0, 0, 2, 5, 0, 1, 8, 56, 1650, 1654, 0, 0, 0, 0, 0),
('management', 1655, 1650, 'admin/config/system/backup_migrate/schedule', 'admin/config/system/backup_migrate/schedule', 'Schedules', 0x613a313a7b733a353a22616c746572223b623a313b7d, 'system', -1, 0, 0, 0, 2, 5, 0, 1, 8, 56, 1650, 1655, 0, 0, 0, 0, 0),
('management', 1656, 1650, 'admin/config/system/backup_migrate/settings', 'admin/config/system/backup_migrate/settings', 'Settings', 0x613a323a7b733a31303a2261747472696275746573223b613a313a7b733a353a227469746c65223b733a31363a224d6f64756c652073657474696e67732e223b7d733a353a22616c746572223b623a313b7d, 'system', -1, 0, 0, 0, 4, 5, 0, 1, 8, 56, 1650, 1656, 0, 0, 0, 0, 0),
('management', 1657, 1655, 'admin/config/system/backup_migrate/schedule/add', 'admin/config/system/backup_migrate/schedule/add', 'Add !type', 0x613a313a7b733a353a22616c746572223b623a313b7d, 'system', -1, 0, 0, 0, 2, 6, 0, 1, 8, 56, 1650, 1655, 1657, 0, 0, 0, 0),
('management', 1658, 1651, 'admin/config/system/backup_migrate/export/advanced', 'admin/config/system/backup_migrate/export/advanced', 'Advanced Backup', 0x613a323a7b733a31303a2261747472696275746573223b613a313a7b733a353a227469746c65223b733a32303a224261636b7570207468652064617461626173652e223b7d733a353a22616c746572223b623a313b7d, 'system', -1, 0, 0, 0, 1, 6, 0, 1, 8, 56, 1650, 1651, 1658, 0, 0, 0, 0),
('management', 1659, 1656, 'admin/config/system/backup_migrate/settings/destination', 'admin/config/system/backup_migrate/settings/destination', 'Destinations', 0x613a313a7b733a353a22616c746572223b623a313b7d, 'system', -1, 0, 0, 0, 2, 6, 0, 1, 8, 56, 1650, 1656, 1659, 0, 0, 0, 0),
('management', 1660, 1656, 'admin/config/system/backup_migrate/settings/import', 'admin/config/system/backup_migrate/settings/import', 'Import', 0x613a323a7b733a31303a2261747472696275746573223b613a313a7b733a353a227469746c65223b733a33353a22496d706f7274206261636b757020616e64206d6967726174652073657474696e67732e223b7d733a353a22616c746572223b623a313b7d, 'system', -1, 0, 0, 0, 10, 6, 0, 1, 8, 56, 1650, 1656, 1660, 0, 0, 0, 0),
('management', 1661, 1655, 'admin/config/system/backup_migrate/schedule/list', 'admin/config/system/backup_migrate/schedule/list', 'List !type', 0x613a313a7b733a353a22616c746572223b623a313b7d, 'system', -1, 0, 0, 0, 1, 6, 0, 1, 8, 56, 1650, 1655, 1661, 0, 0, 0, 0),
('management', 1662, 1651, 'admin/config/system/backup_migrate/export/quick', 'admin/config/system/backup_migrate/export/quick', 'Quick Backup', 0x613a323a7b733a31303a2261747472696275746573223b613a313a7b733a353a227469746c65223b733a32303a224261636b7570207468652064617461626173652e223b7d733a353a22616c746572223b623a313b7d, 'system', -1, 0, 0, 0, 0, 6, 0, 1, 8, 56, 1650, 1651, 1662, 0, 0, 0, 0),
('management', 1663, 1656, 'admin/config/system/backup_migrate/settings/profile', 'admin/config/system/backup_migrate/settings/profile', 'Settings Profiles', 0x613a313a7b733a353a22616c746572223b623a313b7d, 'system', -1, 0, 0, 0, 2, 6, 0, 1, 8, 56, 1650, 1656, 1663, 0, 0, 0, 0),
('management', 1664, 1656, 'admin/config/system/backup_migrate/settings/source', 'admin/config/system/backup_migrate/settings/source', 'Sources', 0x613a313a7b733a353a22616c746572223b623a313b7d, 'system', -1, 0, 0, 0, 2, 6, 0, 1, 8, 56, 1650, 1656, 1664, 0, 0, 0, 0),
('management', 1665, 1659, 'admin/config/system/backup_migrate/settings/destination/add', 'admin/config/system/backup_migrate/settings/destination/add', 'Add !type', 0x613a313a7b733a353a22616c746572223b623a313b7d, 'system', -1, 0, 0, 0, 2, 7, 0, 1, 8, 56, 1650, 1656, 1659, 1665, 0, 0, 0),
('management', 1666, 1663, 'admin/config/system/backup_migrate/settings/profile/add', 'admin/config/system/backup_migrate/settings/profile/add', 'Add !type', 0x613a313a7b733a353a22616c746572223b623a313b7d, 'system', -1, 0, 0, 0, 2, 7, 0, 1, 8, 56, 1650, 1656, 1663, 1666, 0, 0, 0),
('management', 1667, 1664, 'admin/config/system/backup_migrate/settings/source/add', 'admin/config/system/backup_migrate/settings/source/add', 'Add !type', 0x613a313a7b733a353a22616c746572223b623a313b7d, 'system', -1, 0, 0, 0, 2, 7, 0, 1, 8, 56, 1650, 1656, 1664, 1667, 0, 0, 0),
('management', 1668, 1659, 'admin/config/system/backup_migrate/settings/destination/list', 'admin/config/system/backup_migrate/settings/destination/list', 'List !type', 0x613a313a7b733a353a22616c746572223b623a313b7d, 'system', -1, 0, 0, 0, 1, 7, 0, 1, 8, 56, 1650, 1656, 1659, 1668, 0, 0, 0),
('management', 1669, 1663, 'admin/config/system/backup_migrate/settings/profile/list', 'admin/config/system/backup_migrate/settings/profile/list', 'List !type', 0x613a313a7b733a353a22616c746572223b623a313b7d, 'system', -1, 0, 0, 0, 1, 7, 0, 1, 8, 56, 1650, 1656, 1663, 1669, 0, 0, 0),
('management', 1670, 1664, 'admin/config/system/backup_migrate/settings/source/list', 'admin/config/system/backup_migrate/settings/source/list', 'List !type', 0x613a313a7b733a353a22616c746572223b623a313b7d, 'system', -1, 0, 0, 0, 1, 7, 0, 1, 8, 56, 1650, 1656, 1664, 1670, 0, 0, 0),
('management', 1671, 1668, 'admin/config/system/backup_migrate/settings/destination/list/deletefile', 'admin/config/system/backup_migrate/settings/destination/list/deletefile', 'Delete File', 0x613a323a7b733a31303a2261747472696275746573223b613a313a7b733a353a227469746c65223b733a32303a2244656c6574652061206261636b75702066696c65223b7d733a353a22616c746572223b623a313b7d, 'system', -1, 0, 0, 0, 0, 8, 0, 1, 8, 56, 1650, 1656, 1659, 1668, 1671, 0, 0),
('management', 1672, 1668, 'admin/config/system/backup_migrate/settings/destination/list/files', 'admin/config/system/backup_migrate/settings/destination/list/files', 'Destination Files', 0x613a313a7b733a353a22616c746572223b623a313b7d, 'system', -1, 0, 0, 0, 0, 8, 0, 1, 8, 56, 1650, 1656, 1659, 1668, 1672, 0, 0),
('management', 1673, 1668, 'admin/config/system/backup_migrate/settings/destination/list/restorefile', 'admin/config/system/backup_migrate/settings/destination/list/restorefile', 'Restore from backup', 0x613a323a7b733a31303a2261747472696275746573223b613a313a7b733a353a227469746c65223b733a34393a22526573746f72652064617461626173652066726f6d2061206261636b75702066696c65206f6e2074686520736572766572223b7d733a353a22616c746572223b623a313b7d, 'system', -1, 0, 0, 0, 0, 8, 0, 1, 8, 56, 1650, 1656, 1659, 1668, 1673, 0, 0),
('navigation', 1674, 4, 'filter/tips/%', 'filter/tips/%', 'Compose tips', 0x613a313a7b733a353a22616c746572223b623a313b7d, 'system', 0, 0, 0, 0, 0, 2, 0, 4, 1674, 0, 0, 0, 0, 0, 0, 0, 0),
('management', 2978, 48, 'admin/config/people/me', 'admin/config/people/me', '\'Me\' Aliases', 0x613a323a7b733a31303a2261747472696275746573223b613a313a7b733a353a227469746c65223b733a35323a22436f6e6669677572652074686520276d652720616c69617365732c20616e6420686f772074686579277265206d6174636865642e223b7d733a353a22616c746572223b623a313b7d, 'system', 0, 0, 0, 0, 0, 4, 0, 1, 8, 48, 2978, 0, 0, 0, 0, 0, 0),
('management', 3465, 8, 'admin/config/date', 'admin/config/date', 'Date API', 0x613a323a7b733a31303a2261747472696275746573223b613a313a7b733a353a227469746c65223b733a34323a2253657474696e677320666f72206d6f64756c65732074686520757365207468652044617465204150492e223b7d733a353a22616c746572223b623a313b7d, 'system', 0, 0, 1, 0, -10, 3, 0, 1, 8, 3465, 0, 0, 0, 0, 0, 0, 0),
('management', 3466, 3465, 'admin/config/date/date_popup', 'admin/config/date/date_popup', 'Date Popup', 0x613a323a7b733a31303a2261747472696275746573223b613a313a7b733a353a227469746c65223b733a33343a22436f6e66696775726520746865204461746520506f7075702073657474696e67732e223b7d733a353a22616c746572223b623a313b7d, 'system', 0, 0, 0, 0, 0, 4, 0, 1, 8, 3465, 3466, 0, 0, 0, 0, 0, 0),
('management', 3467, 98, 'admin/config/regional/date-time/date-views', 'admin/config/regional/date-time/date-views', 'Date views', 0x613a323a7b733a31303a2261747472696275746573223b613a313a7b733a353a227469746c65223b733a33343a22436f6e6669677572652073657474696e677320666f7220646174652076696577732e223b7d733a353a22616c746572223b623a313b7d, 'system', -1, 0, 0, 0, 0, 5, 0, 1, 8, 51, 98, 3467, 0, 0, 0, 0, 0),
('management', 3792, 1206, 'admin/structure/features/settings', 'admin/structure/features/settings', 'Settings', 0x613a323a7b733a31303a2261747472696275746573223b613a313a7b733a353a227469746c65223b733a34323a2241646a7573742073657474696e677320666f72207573696e67206665617475726573206d6f64756c652e223b7d733a353a22616c746572223b623a313b7d, 'system', -1, 0, 0, 0, 11, 4, 0, 1, 21, 1206, 3792, 0, 0, 0, 0, 0, 0),
('management', 3874, 54, 'admin/appearance/settings/bluemasters', 'admin/appearance/settings/bluemasters', 'Blue Masters', 0x613a313a7b733a353a22616c746572223b623a313b7d, 'system', -1, 0, 0, 0, 0, 4, 0, 1, 7, 54, 3874, 0, 0, 0, 0, 0, 0),
('management', 3875, 30, 'admin/structure/block/list/bluemasters', 'admin/structure/block/list/bluemasters', 'Blue Masters', 0x613a313a7b733a353a22616c746572223b623a313b7d, 'system', -1, 0, 0, 0, 0, 4, 0, 1, 21, 30, 3875, 0, 0, 0, 0, 0, 0),
('management', 3876, 3875, 'admin/structure/block/list/bluemasters/add', 'admin/structure/block/list/bluemasters/add', 'Add block', 0x613a313a7b733a353a22616c746572223b623a313b7d, 'system', -1, 0, 0, 0, 0, 5, 0, 1, 21, 30, 3875, 3876, 0, 0, 0, 0, 0),
('management', 4120, 19, 'admin/reports/libraries', 'admin/reports/libraries', 'Libraries', 0x613a323a7b733a31303a2261747472696275746573223b613a313a7b733a353a227469746c65223b733a34383a22416e206f76657276696577206f66206c696272617269657320696e7374616c6c6564206f6e207468697320736974652e223b7d733a353a22616c746572223b623a313b7d, 'system', 0, 0, 1, 0, 0, 3, 0, 1, 19, 4120, 0, 0, 0, 0, 0, 0, 0),
('management', 4121, 12, 'admin/help/libraries', 'admin/help/libraries', 'libraries', 0x613a313a7b733a353a22616c746572223b623a313b7d, 'system', -1, 0, 0, 0, 0, 3, 0, 1, 12, 4121, 0, 0, 0, 0, 0, 0, 0),
('management', 4122, 4120, 'admin/reports/libraries/%', 'admin/reports/libraries/%', 'Library status report', 0x613a323a7b733a31303a2261747472696275746573223b613a313a7b733a353a227469746c65223b733a33363a22537461747573206f7665727669657720666f7220612073696e676c65206c696272617279223b7d733a353a22616c746572223b623a313b7d, 'system', 0, 0, 0, 0, 0, 4, 0, 1, 19, 4120, 4122, 0, 0, 0, 0, 0, 0),
('management', 4447, 1648, 'admin/config/content/node_export/settings', 'admin/config/content/node_export/settings', 'Settings', 0x613a313a7b733a353a22616c746572223b623a313b7d, 'system', -1, 0, 0, 0, 0, 5, 0, 1, 8, 35, 1648, 4447, 0, 0, 0, 0, 0),
('management', 5015, 12, 'admin/help/tabtamer', 'admin/help/tabtamer', 'tabtamer', 0x613a313a7b733a353a22616c746572223b623a313b7d, 'system', -1, 0, 0, 0, 0, 3, 0, 1, 12, 5015, 0, 0, 0, 0, 0, 0, 0),
('management', 5016, 56, 'admin/config/system/tabtamer', 'admin/config/system/tabtamer', 'Tab Tamer', 0x613a323a7b733a31303a2261747472696275746573223b613a313a7b733a353a227469746c65223b733a36373a225461622054616d6572206c65747320796f7520686964652c2064697361626c6520616e642072652d6f7264657220616c6c2044727570616c206d656e7520746162732e223b7d733a353a22616c746572223b623a313b7d, 'system', 0, 0, 0, 0, 0, 4, 0, 1, 8, 56, 5016, 0, 0, 0, 0, 0, 0),
('management', 5017, 35, 'admin/config/content/taxonomy_dupecheck', 'admin/config/content/taxonomy_dupecheck', 'Taxonomy dupecheck', 0x613a323a7b733a31303a2261747472696275746573223b613a313a7b733a353a227469746c65223b733a34383a22436f6e66696775726174696f6e20666f7220746865205461786f6e6f6d792064757065636865636b206d6f64756c652e223b7d733a353a22616c746572223b623a313b7d, 'system', 0, 0, 0, 0, 0, 4, 0, 1, 8, 35, 5017, 0, 0, 0, 0, 0, 0),
('management', 5018, 5016, 'admin/config/system/tabtamer/tabs', 'admin/config/system/tabtamer/tabs', 'Edit tabs', 0x613a313a7b733a353a22616c746572223b623a313b7d, 'system', -1, 0, 0, 0, -1, 5, 0, 1, 8, 56, 5016, 5018, 0, 0, 0, 0, 0),
('management', 5019, 5016, 'admin/config/system/tabtamer/settings', 'admin/config/system/tabtamer/settings', 'Settings', 0x613a313a7b733a353a22616c746572223b623a313b7d, 'system', -1, 0, 0, 0, 0, 5, 0, 1, 8, 56, 5016, 5019, 0, 0, 0, 0, 0),
('management', 5182, 21, 'admin/structure/dependencies', 'admin/structure/dependencies', 'Field dependencies', 0x613a323a7b733a31303a2261747472696275746573223b613a313a7b733a353a227469746c65223b733a34333a2241646d696e6973746572206669656c6420646570656e64656e6369657320666f722074686520736974652e223b7d733a353a22616c746572223b623a313b7d, 'system', 0, 0, 1, 0, 0, 3, 0, 1, 21, 5182, 0, 0, 0, 0, 0, 0, 0),
('management', 5183, 5182, 'admin/structure/dependencies/comment', 'admin/structure/dependencies/comment', 'Comment', 0x613a313a7b733a353a22616c746572223b623a313b7d, 'system', -1, 0, 0, 0, 2, 4, 0, 1, 21, 5182, 5183, 0, 0, 0, 0, 0, 0),
('management', 5184, 5182, 'admin/structure/dependencies/node', 'admin/structure/dependencies/node', 'Content', 0x613a313a7b733a353a22616c746572223b623a313b7d, 'system', -1, 0, 0, 0, 2, 4, 0, 1, 21, 5182, 5184, 0, 0, 0, 0, 0, 0),
('management', 5185, 5182, 'admin/structure/dependencies/file', 'admin/structure/dependencies/file', 'File', 0x613a313a7b733a353a22616c746572223b623a313b7d, 'system', -1, 0, 0, 0, 2, 4, 0, 1, 21, 5182, 5185, 0, 0, 0, 0, 0, 0),
('management', 5186, 5182, 'admin/structure/dependencies/overview', 'admin/structure/dependencies/overview', 'Overview', 0x613a313a7b733a353a22616c746572223b623a313b7d, 'system', -1, 0, 0, 0, 1, 4, 0, 1, 21, 5182, 5186, 0, 0, 0, 0, 0, 0),
('management', 5187, 5182, 'admin/structure/dependencies/metatags_path_based', 'admin/structure/dependencies/metatags_path_based', 'Path-based meta tags', 0x613a313a7b733a353a22616c746572223b623a313b7d, 'system', -1, 0, 0, 0, 2, 4, 0, 1, 21, 5182, 5187, 0, 0, 0, 0, 0, 0),
('management', 5188, 5182, 'admin/structure/dependencies/taxonomy_term', 'admin/structure/dependencies/taxonomy_term', 'Taxonomy term', 0x613a313a7b733a353a22616c746572223b623a313b7d, 'system', -1, 0, 0, 0, 2, 4, 0, 1, 21, 5182, 5188, 0, 0, 0, 0, 0, 0),
('management', 5189, 5182, 'admin/structure/dependencies/user', 'admin/structure/dependencies/user', 'User', 0x613a313a7b733a353a22616c746572223b623a313b7d, 'system', -1, 0, 0, 0, 2, 4, 0, 1, 21, 5182, 5189, 0, 0, 0, 0, 0, 0),
('management', 5190, 5182, 'admin/structure/dependencies/delete/%', 'admin/structure/dependencies/delete/%', 'Delete dependency', 0x613a313a7b733a353a22616c746572223b623a313b7d, 'system', 0, 0, 0, 0, 0, 4, 0, 1, 21, 5182, 5190, 0, 0, 0, 0, 0, 0),
('management', 5191, 5182, 'admin/structure/dependencies/edit/%', 'admin/structure/dependencies/edit/%', 'Edit dependency', 0x613a313a7b733a353a22616c746572223b623a313b7d, 'system', 0, 0, 0, 0, 0, 4, 0, 1, 21, 5182, 5191, 0, 0, 0, 0, 0, 0),
('management', 5192, 1173, 'admin/config/search/metatags_quick/dependencies', 'admin/config/search/metatags_quick/dependencies', 'Manage dependencies', 0x613a313a7b733a353a22616c746572223b623a313b7d, 'system', -1, 0, 0, 0, 2, 5, 0, 1, 8, 53, 1173, 5192, 0, 0, 0, 0, 0),
('management', 5193, 89, 'admin/config/people/accounts/dependencies', 'admin/config/people/accounts/dependencies', 'Manage dependencies', 0x613a313a7b733a353a22616c746572223b623a313b7d, 'system', -1, 0, 0, 0, 2, 5, 0, 1, 8, 48, 89, 5193, 0, 0, 0, 0, 0),
('management', 5194, 127, 'admin/structure/taxonomy/%/dependencies', 'admin/structure/taxonomy/%/dependencies', 'Manage dependencies', 0x613a313a7b733a353a22616c746572223b623a313b7d, 'system', -1, 0, 0, 0, 2, 5, 0, 1, 21, 57, 127, 5194, 0, 0, 0, 0, 0),
('management', 5195, 1173, 'admin/config/search/metatags_quick/display', 'admin/config/search/metatags_quick/display', 'Manage display', 0x613a313a7b733a353a22616c746572223b623a313b7d, 'system', -1, 0, 0, 0, 2, 5, 0, 1, 8, 53, 1173, 5195, 0, 0, 0, 0, 0),
('management', 5196, 127, 'admin/structure/taxonomy/%/display', 'admin/structure/taxonomy/%/display', 'Manage display', 0x613a313a7b733a353a22616c746572223b623a313b7d, 'system', -1, 0, 0, 0, 2, 5, 0, 1, 21, 57, 127, 5196, 0, 0, 0, 0, 0),
('management', 5197, 89, 'admin/config/people/accounts/display', 'admin/config/people/accounts/display', 'Manage display', 0x613a313a7b733a353a22616c746572223b623a313b7d, 'system', -1, 0, 0, 0, 2, 5, 0, 1, 8, 48, 89, 5197, 0, 0, 0, 0, 0),
('management', 5198, 1173, 'admin/config/search/metatags_quick/fields', 'admin/config/search/metatags_quick/fields', 'Manage fields', 0x613a313a7b733a353a22616c746572223b623a313b7d, 'system', -1, 0, 1, 0, 1, 5, 0, 1, 8, 53, 1173, 5198, 0, 0, 0, 0, 0),
('management', 5199, 127, 'admin/structure/taxonomy/%/fields', 'admin/structure/taxonomy/%/fields', 'Manage fields', 0x613a313a7b733a353a22616c746572223b623a313b7d, 'system', -1, 0, 1, 0, 1, 5, 0, 1, 21, 57, 127, 5199, 0, 0, 0, 0, 0),
('management', 5200, 89, 'admin/config/people/accounts/fields', 'admin/config/people/accounts/fields', 'Manage fields', 0x613a313a7b733a353a22616c746572223b623a313b7d, 'system', -1, 0, 1, 0, 1, 5, 0, 1, 8, 48, 89, 5200, 0, 0, 0, 0, 0),
('management', 5201, 5195, 'admin/config/search/metatags_quick/display/default', 'admin/config/search/metatags_quick/display/default', 'Default', 0x613a313a7b733a353a22616c746572223b623a313b7d, 'system', -1, 0, 0, 0, -10, 6, 0, 1, 8, 53, 1173, 5195, 5201, 0, 0, 0, 0),
('management', 5202, 5196, 'admin/structure/taxonomy/%/display/default', 'admin/structure/taxonomy/%/display/default', 'Default', 0x613a313a7b733a353a22616c746572223b623a313b7d, 'system', -1, 0, 0, 0, -10, 6, 0, 1, 21, 57, 127, 5196, 5202, 0, 0, 0, 0),
('management', 5203, 5197, 'admin/config/people/accounts/display/default', 'admin/config/people/accounts/display/default', 'Default', 0x613a313a7b733a353a22616c746572223b623a313b7d, 'system', -1, 0, 0, 0, -10, 6, 0, 1, 8, 48, 89, 5197, 5203, 0, 0, 0, 0),
('management', 5204, 138, 'admin/structure/types/manage/%/dependencies', 'admin/structure/types/manage/%/dependencies', 'Manage dependencies', 0x613a313a7b733a353a22616c746572223b623a313b7d, 'system', -1, 0, 0, 0, 2, 5, 0, 1, 21, 36, 138, 5204, 0, 0, 0, 0, 0),
('management', 5205, 138, 'admin/structure/types/manage/%/display', 'admin/structure/types/manage/%/display', 'Manage display', 0x613a313a7b733a353a22616c746572223b623a313b7d, 'system', -1, 0, 0, 0, 2, 5, 0, 1, 21, 36, 138, 5205, 0, 0, 0, 0, 0),
('management', 5206, 138, 'admin/structure/types/manage/%/fields', 'admin/structure/types/manage/%/fields', 'Manage fields', 0x613a313a7b733a353a22616c746572223b623a313b7d, 'system', -1, 0, 1, 0, 1, 5, 0, 1, 21, 36, 138, 5206, 0, 0, 0, 0, 0),
('management', 5207, 5196, 'admin/structure/taxonomy/%/display/full', 'admin/structure/taxonomy/%/display/full', 'Taxonomy term page', 0x613a313a7b733a353a22616c746572223b623a313b7d, 'system', -1, 0, 0, 0, 0, 6, 0, 1, 21, 57, 127, 5196, 5207, 0, 0, 0, 0),
('management', 5208, 5195, 'admin/config/search/metatags_quick/display/token', 'admin/config/search/metatags_quick/display/token', 'Tokens', 0x613a313a7b733a353a22616c746572223b623a313b7d, 'system', -1, 0, 0, 0, 0, 6, 0, 1, 8, 53, 1173, 5195, 5208, 0, 0, 0, 0),
('management', 5209, 5196, 'admin/structure/taxonomy/%/display/token', 'admin/structure/taxonomy/%/display/token', 'Tokens', 0x613a313a7b733a353a22616c746572223b623a313b7d, 'system', -1, 0, 0, 0, 1, 6, 0, 1, 21, 57, 127, 5196, 5209, 0, 0, 0, 0),
('management', 5210, 5197, 'admin/config/people/accounts/display/token', 'admin/config/people/accounts/display/token', 'Tokens', 0x613a313a7b733a353a22616c746572223b623a313b7d, 'system', -1, 0, 0, 0, 1, 6, 0, 1, 8, 48, 89, 5197, 5210, 0, 0, 0, 0),
('management', 5211, 5197, 'admin/config/people/accounts/display/full', 'admin/config/people/accounts/display/full', 'User account', 0x613a313a7b733a353a22616c746572223b623a313b7d, 'system', -1, 0, 0, 0, 0, 6, 0, 1, 8, 48, 89, 5197, 5211, 0, 0, 0, 0),
('management', 5212, 5198, 'admin/config/search/metatags_quick/fields/%', 'admin/config/search/metatags_quick/fields/%', '', 0x613a313a7b733a353a22616c746572223b623a313b7d, 'system', 0, 0, 0, 0, 0, 6, 0, 1, 8, 53, 1173, 5198, 5212, 0, 0, 0, 0),
('management', 5213, 5199, 'admin/structure/taxonomy/%/fields/%', 'admin/structure/taxonomy/%/fields/%', '', 0x613a313a7b733a353a22616c746572223b623a313b7d, 'system', 0, 0, 0, 0, 0, 6, 0, 1, 21, 57, 127, 5199, 5213, 0, 0, 0, 0),
('management', 5214, 5200, 'admin/config/people/accounts/fields/%', 'admin/config/people/accounts/fields/%', '', 0x613a313a7b733a353a22616c746572223b623a313b7d, 'system', 0, 0, 0, 0, 0, 6, 0, 1, 8, 48, 89, 5200, 5214, 0, 0, 0, 0),
('management', 5215, 138, 'admin/structure/types/manage/%/comment/dependencies', 'admin/structure/types/manage/%/comment/dependencies', 'Comment dependencies', 0x613a313a7b733a353a22616c746572223b623a313b7d, 'system', -1, 0, 0, 0, 4, 5, 0, 1, 21, 36, 138, 5215, 0, 0, 0, 0, 0),
('management', 5216, 5205, 'admin/structure/types/manage/%/display/default', 'admin/structure/types/manage/%/display/default', 'Default', 0x613a313a7b733a353a22616c746572223b623a313b7d, 'system', -1, 0, 0, 0, -10, 6, 0, 1, 21, 36, 138, 5205, 5216, 0, 0, 0, 0),
('management', 5217, 5205, 'admin/structure/types/manage/%/display/full', 'admin/structure/types/manage/%/display/full', 'Full content', 0x613a313a7b733a353a22616c746572223b623a313b7d, 'system', -1, 0, 0, 0, 0, 6, 0, 1, 21, 36, 138, 5205, 5217, 0, 0, 0, 0),
('management', 5218, 1452, 'admin/config/media/file-types/manage/%/dependencies', 'admin/config/media/file-types/manage/%/dependencies', 'Manage dependencies', 0x613a313a7b733a353a22616c746572223b623a313b7d, 'system', -1, 0, 0, 0, 2, 6, 0, 1, 8, 46, 1448, 1452, 5218, 0, 0, 0, 0),
('management', 5219, 1452, 'admin/config/media/file-types/manage/%/display', 'admin/config/media/file-types/manage/%/display', 'Manage display', 0x613a313a7b733a353a22616c746572223b623a313b7d, 'system', -1, 0, 0, 0, 2, 6, 0, 1, 8, 46, 1448, 1452, 5219, 0, 0, 0, 0),
('management', 5220, 1452, 'admin/config/media/file-types/manage/%/fields', 'admin/config/media/file-types/manage/%/fields', 'Manage fields', 0x613a313a7b733a353a22616c746572223b623a313b7d, 'system', -1, 0, 1, 0, 1, 6, 0, 1, 8, 46, 1448, 1452, 5220, 0, 0, 0, 0),
('management', 5221, 5205, 'admin/structure/types/manage/%/display/rss', 'admin/structure/types/manage/%/display/rss', 'RSS', 0x613a313a7b733a353a22616c746572223b623a313b7d, 'system', -1, 0, 0, 0, 2, 6, 0, 1, 21, 36, 138, 5205, 5221, 0, 0, 0, 0),
('management', 5222, 5205, 'admin/structure/types/manage/%/display/search_index', 'admin/structure/types/manage/%/display/search_index', 'Search index', 0x613a313a7b733a353a22616c746572223b623a313b7d, 'system', -1, 0, 0, 0, 3, 6, 0, 1, 21, 36, 138, 5205, 5222, 0, 0, 0, 0),
('management', 5223, 5205, 'admin/structure/types/manage/%/display/search_result', 'admin/structure/types/manage/%/display/search_result', 'Search result highlighting input', 0x613a313a7b733a353a22616c746572223b623a313b7d, 'system', -1, 0, 0, 0, 4, 6, 0, 1, 21, 36, 138, 5205, 5223, 0, 0, 0, 0),
('management', 5224, 5205, 'admin/structure/types/manage/%/display/teaser', 'admin/structure/types/manage/%/display/teaser', 'Teaser', 0x613a313a7b733a353a22616c746572223b623a313b7d, 'system', -1, 0, 0, 0, 1, 6, 0, 1, 21, 36, 138, 5205, 5224, 0, 0, 0, 0),
('management', 5225, 5205, 'admin/structure/types/manage/%/display/token', 'admin/structure/types/manage/%/display/token', 'Tokens', 0x613a313a7b733a353a22616c746572223b623a313b7d, 'system', -1, 0, 0, 0, 5, 6, 0, 1, 21, 36, 138, 5205, 5225, 0, 0, 0, 0),
('management', 5226, 5212, 'admin/config/search/metatags_quick/fields/%/delete', 'admin/config/search/metatags_quick/fields/%/delete', 'Delete', 0x613a313a7b733a353a22616c746572223b623a313b7d, 'system', -1, 0, 0, 0, 10, 7, 0, 1, 8, 53, 1173, 5198, 5212, 5226, 0, 0, 0),
('management', 5227, 5212, 'admin/config/search/metatags_quick/fields/%/edit', 'admin/config/search/metatags_quick/fields/%/edit', 'Edit', 0x613a313a7b733a353a22616c746572223b623a313b7d, 'system', -1, 0, 0, 0, 0, 7, 0, 1, 8, 53, 1173, 5198, 5212, 5227, 0, 0, 0),
('management', 5228, 5212, 'admin/config/search/metatags_quick/fields/%/field-settings', 'admin/config/search/metatags_quick/fields/%/field-settings', 'Field settings', 0x613a313a7b733a353a22616c746572223b623a313b7d, 'system', -1, 0, 0, 0, 0, 7, 0, 1, 8, 53, 1173, 5198, 5212, 5228, 0, 0, 0),
('management', 5229, 5212, 'admin/config/search/metatags_quick/fields/%/widget-type', 'admin/config/search/metatags_quick/fields/%/widget-type', 'Widget type', 0x613a313a7b733a353a22616c746572223b623a313b7d, 'system', -1, 0, 0, 0, 0, 7, 0, 1, 8, 53, 1173, 5198, 5212, 5229, 0, 0, 0),
('management', 5230, 5206, 'admin/structure/types/manage/%/fields/%', 'admin/structure/types/manage/%/fields/%', '', 0x613a313a7b733a353a22616c746572223b623a313b7d, 'system', 0, 0, 0, 0, 0, 6, 0, 1, 21, 36, 138, 5206, 5230, 0, 0, 0, 0),
('management', 5231, 5213, 'admin/structure/taxonomy/%/fields/%/delete', 'admin/structure/taxonomy/%/fields/%/delete', 'Delete', 0x613a313a7b733a353a22616c746572223b623a313b7d, 'system', -1, 0, 0, 0, 10, 7, 0, 1, 21, 57, 127, 5199, 5213, 5231, 0, 0, 0),
('management', 5232, 5213, 'admin/structure/taxonomy/%/fields/%/edit', 'admin/structure/taxonomy/%/fields/%/edit', 'Edit', 0x613a313a7b733a353a22616c746572223b623a313b7d, 'system', -1, 0, 0, 0, 0, 7, 0, 1, 21, 57, 127, 5199, 5213, 5232, 0, 0, 0),
('management', 5233, 5213, 'admin/structure/taxonomy/%/fields/%/field-settings', 'admin/structure/taxonomy/%/fields/%/field-settings', 'Field settings', 0x613a313a7b733a353a22616c746572223b623a313b7d, 'system', -1, 0, 0, 0, 0, 7, 0, 1, 21, 57, 127, 5199, 5213, 5233, 0, 0, 0),
('management', 5234, 5213, 'admin/structure/taxonomy/%/fields/%/widget-type', 'admin/structure/taxonomy/%/fields/%/widget-type', 'Widget type', 0x613a313a7b733a353a22616c746572223b623a313b7d, 'system', -1, 0, 0, 0, 0, 7, 0, 1, 21, 57, 127, 5199, 5213, 5234, 0, 0, 0),
('management', 5235, 5214, 'admin/config/people/accounts/fields/%/delete', 'admin/config/people/accounts/fields/%/delete', 'Delete', 0x613a313a7b733a353a22616c746572223b623a313b7d, 'system', -1, 0, 0, 0, 10, 7, 0, 1, 8, 48, 89, 5200, 5214, 5235, 0, 0, 0),
('management', 5236, 5214, 'admin/config/people/accounts/fields/%/edit', 'admin/config/people/accounts/fields/%/edit', 'Edit', 0x613a313a7b733a353a22616c746572223b623a313b7d, 'system', -1, 0, 0, 0, 0, 7, 0, 1, 8, 48, 89, 5200, 5214, 5236, 0, 0, 0),
('management', 5237, 5214, 'admin/config/people/accounts/fields/%/field-settings', 'admin/config/people/accounts/fields/%/field-settings', 'Field settings', 0x613a313a7b733a353a22616c746572223b623a313b7d, 'system', -1, 0, 0, 0, 0, 7, 0, 1, 8, 48, 89, 5200, 5214, 5237, 0, 0, 0),
('management', 5238, 5214, 'admin/config/people/accounts/fields/%/widget-type', 'admin/config/people/accounts/fields/%/widget-type', 'Widget type', 0x613a313a7b733a353a22616c746572223b623a313b7d, 'system', -1, 0, 0, 0, 0, 7, 0, 1, 8, 48, 89, 5200, 5214, 5238, 0, 0, 0),
('management', 5239, 1590, 'admin/structure/types/manage/%/comment/display/default', 'admin/structure/types/manage/%/comment/display/default', 'Default', 0x613a313a7b733a353a22616c746572223b623a313b7d, 'system', -1, 0, 0, 0, -10, 6, 0, 1, 21, 36, 138, 1590, 5239, 0, 0, 0, 0),
('management', 5240, 5219, 'admin/config/media/file-types/manage/%/display/default', 'admin/config/media/file-types/manage/%/display/default', 'Default', 0x613a313a7b733a353a22616c746572223b623a313b7d, 'system', -1, 0, 0, 0, -10, 7, 0, 1, 8, 46, 1448, 1452, 5219, 5240, 0, 0, 0),
('management', 5241, 1590, 'admin/structure/types/manage/%/comment/display/full', 'admin/structure/types/manage/%/comment/display/full', 'Full comment', 0x613a313a7b733a353a22616c746572223b623a313b7d, 'system', -1, 0, 0, 0, 0, 6, 0, 1, 21, 36, 138, 1590, 5241, 0, 0, 0, 0),
('management', 5242, 5219, 'admin/config/media/file-types/manage/%/display/media_large', 'admin/config/media/file-types/manage/%/display/media_large', 'Large', 0x613a313a7b733a353a22616c746572223b623a313b7d, 'system', -1, 0, 0, 0, 3, 7, 0, 1, 8, 46, 1448, 1452, 5219, 5242, 0, 0, 0),
('management', 5243, 5219, 'admin/config/media/file-types/manage/%/display/media_link', 'admin/config/media/file-types/manage/%/display/media_link', 'Link', 0x613a313a7b733a353a22616c746572223b623a313b7d, 'system', -1, 0, 0, 0, 0, 7, 0, 1, 8, 46, 1448, 1452, 5219, 5243, 0, 0, 0),
('management', 5244, 5219, 'admin/config/media/file-types/manage/%/display/media_original', 'admin/config/media/file-types/manage/%/display/media_original', 'Original', 0x613a313a7b733a353a22616c746572223b623a313b7d, 'system', -1, 0, 0, 0, 4, 7, 0, 1, 8, 46, 1448, 1452, 5219, 5244, 0, 0, 0),
('management', 5245, 5219, 'admin/config/media/file-types/manage/%/display/media_preview', 'admin/config/media/file-types/manage/%/display/media_preview', 'Preview', 0x613a313a7b733a353a22616c746572223b623a313b7d, 'system', -1, 0, 0, 0, 1, 7, 0, 1, 8, 46, 1448, 1452, 5219, 5245, 0, 0, 0),
('management', 5246, 5219, 'admin/config/media/file-types/manage/%/display/media_small', 'admin/config/media/file-types/manage/%/display/media_small', 'Small', 0x613a313a7b733a353a22616c746572223b623a313b7d, 'system', -1, 0, 0, 0, 2, 7, 0, 1, 8, 46, 1448, 1452, 5219, 5246, 0, 0, 0),
('management', 5247, 1590, 'admin/structure/types/manage/%/comment/display/token', 'admin/structure/types/manage/%/comment/display/token', 'Tokens', 0x613a313a7b733a353a22616c746572223b623a313b7d, 'system', -1, 0, 0, 0, 1, 6, 0, 1, 21, 36, 138, 1590, 5247, 0, 0, 0, 0),
('management', 5248, 5219, 'admin/config/media/file-types/manage/%/display/token', 'admin/config/media/file-types/manage/%/display/token', 'Tokens', 0x613a313a7b733a353a22616c746572223b623a313b7d, 'system', -1, 0, 0, 0, 5, 7, 0, 1, 8, 46, 1448, 1452, 5219, 5248, 0, 0, 0),
('management', 5249, 1591, 'admin/structure/types/manage/%/comment/fields/%', 'admin/structure/types/manage/%/comment/fields/%', '', 0x613a313a7b733a353a22616c746572223b623a313b7d, 'system', 0, 0, 0, 0, 0, 6, 0, 1, 21, 36, 138, 1591, 5249, 0, 0, 0, 0),
('management', 5250, 5220, 'admin/config/media/file-types/manage/%/fields/%', 'admin/config/media/file-types/manage/%/fields/%', '', 0x613a313a7b733a353a22616c746572223b623a313b7d, 'system', 0, 0, 0, 0, 0, 7, 0, 1, 8, 46, 1448, 1452, 5220, 5250, 0, 0, 0),
('management', 5251, 5230, 'admin/structure/types/manage/%/fields/%/delete', 'admin/structure/types/manage/%/fields/%/delete', 'Delete', 0x613a313a7b733a353a22616c746572223b623a313b7d, 'system', -1, 0, 0, 0, 10, 7, 0, 1, 21, 36, 138, 5206, 5230, 5251, 0, 0, 0),
('management', 5252, 5230, 'admin/structure/types/manage/%/fields/%/edit', 'admin/structure/types/manage/%/fields/%/edit', 'Edit', 0x613a313a7b733a353a22616c746572223b623a313b7d, 'system', -1, 0, 0, 0, 0, 7, 0, 1, 21, 36, 138, 5206, 5230, 5252, 0, 0, 0),
('management', 5253, 5230, 'admin/structure/types/manage/%/fields/%/field-settings', 'admin/structure/types/manage/%/fields/%/field-settings', 'Field settings', 0x613a313a7b733a353a22616c746572223b623a313b7d, 'system', -1, 0, 0, 0, 0, 7, 0, 1, 21, 36, 138, 5206, 5230, 5253, 0, 0, 0),
('management', 5254, 5230, 'admin/structure/types/manage/%/fields/%/widget-type', 'admin/structure/types/manage/%/fields/%/widget-type', 'Widget type', 0x613a313a7b733a353a22616c746572223b623a313b7d, 'system', -1, 0, 0, 0, 0, 7, 0, 1, 21, 36, 138, 5206, 5230, 5254, 0, 0, 0),
('management', 5255, 5249, 'admin/structure/types/manage/%/comment/fields/%/delete', 'admin/structure/types/manage/%/comment/fields/%/delete', 'Delete', 0x613a313a7b733a353a22616c746572223b623a313b7d, 'system', -1, 0, 0, 0, 10, 7, 0, 1, 21, 36, 138, 1591, 5249, 5255, 0, 0, 0),
('management', 5256, 5249, 'admin/structure/types/manage/%/comment/fields/%/edit', 'admin/structure/types/manage/%/comment/fields/%/edit', 'Edit', 0x613a313a7b733a353a22616c746572223b623a313b7d, 'system', -1, 0, 0, 0, 0, 7, 0, 1, 21, 36, 138, 1591, 5249, 5256, 0, 0, 0),
('management', 5257, 5249, 'admin/structure/types/manage/%/comment/fields/%/field-settings', 'admin/structure/types/manage/%/comment/fields/%/field-settings', 'Field settings', 0x613a313a7b733a353a22616c746572223b623a313b7d, 'system', -1, 0, 0, 0, 0, 7, 0, 1, 21, 36, 138, 1591, 5249, 5257, 0, 0, 0);
INSERT INTO `menu_links` (`menu_name`, `mlid`, `plid`, `link_path`, `router_path`, `link_title`, `options`, `module`, `hidden`, `external`, `has_children`, `expanded`, `weight`, `depth`, `customized`, `p1`, `p2`, `p3`, `p4`, `p5`, `p6`, `p7`, `p8`, `p9`, `updated`) VALUES
('management', 5258, 5249, 'admin/structure/types/manage/%/comment/fields/%/widget-type', 'admin/structure/types/manage/%/comment/fields/%/widget-type', 'Widget type', 0x613a313a7b733a353a22616c746572223b623a313b7d, 'system', -1, 0, 0, 0, 0, 7, 0, 1, 21, 36, 138, 1591, 5249, 5258, 0, 0, 0),
('management', 5259, 5250, 'admin/config/media/file-types/manage/%/fields/%/delete', 'admin/config/media/file-types/manage/%/fields/%/delete', 'Delete', 0x613a313a7b733a353a22616c746572223b623a313b7d, 'system', -1, 0, 0, 0, 10, 8, 0, 1, 8, 46, 1448, 1452, 5220, 5250, 5259, 0, 0),
('management', 5260, 5250, 'admin/config/media/file-types/manage/%/fields/%/edit', 'admin/config/media/file-types/manage/%/fields/%/edit', 'Edit', 0x613a313a7b733a353a22616c746572223b623a313b7d, 'system', -1, 0, 0, 0, 0, 8, 0, 1, 8, 46, 1448, 1452, 5220, 5250, 5260, 0, 0),
('management', 5261, 5250, 'admin/config/media/file-types/manage/%/fields/%/field-settings', 'admin/config/media/file-types/manage/%/fields/%/field-settings', 'Field settings', 0x613a313a7b733a353a22616c746572223b623a313b7d, 'system', -1, 0, 0, 0, 0, 8, 0, 1, 8, 46, 1448, 1452, 5220, 5250, 5261, 0, 0),
('management', 5262, 5250, 'admin/config/media/file-types/manage/%/fields/%/widget-type', 'admin/config/media/file-types/manage/%/fields/%/widget-type', 'Widget type', 0x613a313a7b733a353a22616c746572223b623a313b7d, 'system', -1, 0, 0, 0, 0, 8, 0, 1, 8, 46, 1448, 1452, 5220, 5250, 5262, 0, 0);

-- --------------------------------------------------------

--
